{"id":3224,"date":"2018-07-04T11:06:25","date_gmt":"2018-07-04T09:06:25","guid":{"rendered":"http:\/\/www.chasseurducentrevaldeloire.fr\/fdc45\/?page_id=3224"},"modified":"2025-08-05T07:15:13","modified_gmt":"2025-08-05T05:15:13","slug":"amenagements-des-milieux","status":"publish","type":"page","link":"https:\/\/www.save.chasseurducentrevaldeloire.fr\/fdc45\/amenagements-des-milieux\/","title":{"rendered":"Am\u00e9nagements des milieux"},"content":{"rendered":"<p>[vc_row][vc_column][vc_column_text]La chasse a un r\u00f4le important dans la gestion des esp\u00e8ces (gibier ou non) et des milieux naturels.<\/p>\n<p>Rappelons \u00e0 ce titre que les F\u00e9d\u00e9rations de Chasseurs sont des structures agr\u00e9\u00e9es au titre de la protection de l\u2019environnement et que les actions en faveur de la biodiversit\u00e9 sont de plus en plus d\u00e9velopp\u00e9es.[\/vc_column_text][vc_empty_space][vc_column_text]<strong>La gestion des \u00ab Bordures de champs \u00bb<\/strong>[\/vc_column_text][vc_empty_space][vc_column_text]R\u00e9servoirs d\u2019adventices, de ravageurs\u2026 les bordures de champs et de chemins sont souvent consid\u00e9r\u00e9es comme des surfaces probl\u00e9matiques d\u2019un point de vue agronomique, leurs int\u00e9r\u00eats \u00e9cologiques sont sous-estim\u00e9s et m\u00e9connus. Les partenaires Agrifaune et les agriculteurs engag\u00e9s \u00e0 leur c\u00f4t\u00e9 s&rsquo;attachent depuis 2019 \u00e0 d\u00e9montrer localement, suivis \u00e0 l\u2019appui, que des bordures bien g\u00e9r\u00e9es sont favorables \u00e0 la biodiversit\u00e9 et pr\u00e9sentent un atout agronomique en abritant de nombreux auxiliaires de cultures, carabes, pollinisateurs\u2026[\/vc_column_text][vc_empty_space][vc_column_text]T\u00e9l\u00e9charger les <span style=\"color: #e45410\"><strong><a style=\"color: #e45410\" href=\"http:\/\/www.chasseurducentrevaldeloire.fr\/fdc45\/wp-content\/uploads\/sites\/9\/2018\/07\/panneauxCOLLOQUEweb.pdf\" target=\"_blank\" rel=\"noopener noreferrer\">panneaux <\/a>\u00a0<\/strong><\/span>du colloque du 11 avril 2014[\/vc_column_text][vc_empty_space][vc_column_text]Pour en savoir plus sur les travaux AGRIFAUNE &gt;&gt; <span style=\"color: #e45410\"><strong><a style=\"color: #e45410\" href=\"http:\/\/www.agrifaune.fr\/\" target=\"_blank\" rel=\"noopener noreferrer\">http:\/\/www.agrifaune.fr\/<\/a><\/strong><\/span>[\/vc_column_text][vc_empty_space][vc_column_text]<strong>Les couverts favorables \u00e0 la faune sauvage :<\/strong><\/p>\n<ul>\n<li>T\u00e9l\u00e9charger le <a href=\"https:\/\/www.chasseurducentrevaldeloire.fr\/fdc45\/wp-content\/uploads\/sites\/9\/2025\/06\/CONTRAT-JEFS-2025-VF.pdf\" target=\"_blank\" rel=\"noopener\"><span style=\"color: #e45410\"><strong>contrat JEFS<\/strong><\/span><\/a> propos\u00e9 par la FDC45<\/li>\n<li>T\u00e9l\u00e9charger le contrat de <a href=\"https:\/\/www.chasseurducentrevaldeloire.fr\/fdc45\/wp-content\/uploads\/sites\/9\/2025\/08\/CONTRAT-CINE-ex-CIPAN-2025.pdf\" target=\"_blank\" rel=\"noopener\"><span style=\"color: #e45410\"><strong>Couverts d\u2019Intercultures Non Export\u00e9s<\/strong><\/span><\/a><\/li>\n<\/ul>\n<p>[\/vc_column_text][\/vc_column][\/vc_row]<\/p>\n","protected":false},"excerpt":{"rendered":"<p>[vc_row][vc_column][vc_column_text]La chasse a un r\u00f4le important dans la gestion des esp\u00e8ces (gibier ou non) et des milieux naturels. Rappelons \u00e0 ce titre que les F\u00e9d\u00e9rations de Chasseurs sont des structures agr\u00e9\u00e9es au titre de la protection de l\u2019environnement et que les actions en faveur de&#8230;<\/p>\n","protected":false},"author":6,"featured_media":0,"parent":0,"menu_order":0,"comment_status":"closed","ping_status":"closed","template":"","meta":{"_acf_changed":false,"inline_featured_image":false,"_exactmetrics_skip_tracking":false,"_exactmetrics_sitenote_active":false,"_exactmetrics_sitenote_note":"","_exactmetrics_sitenote_category":0,"footnotes":""},"class_list":["post-3224","page","type-page","status-publish","hentry"],"acf":[],"publishpress_future_action":{"enabled":false,"date":"2026-04-18 12:16:41","action":"change-status","newStatus":"draft","terms":[],"taxonomy":"","extraData":[]},"publishpress_future_workflow_manual_trigger":{"enabledWorkflows":[]},"_links":{"self":[{"href":"https:\/\/www.save.chasseurducentrevaldeloire.fr\/fdc45\/wp-json\/wp\/v2\/pages\/3224","targetHints":{"allow":["GET"]}}],"collection":[{"href":"https:\/\/www.save.chasseurducentrevaldeloire.fr\/fdc45\/wp-json\/wp\/v2\/pages"}],"about":[{"href":"https:\/\/www.save.chasseurducentrevaldeloire.fr\/fdc45\/wp-json\/wp\/v2\/types\/page"}],"author":[{"embeddable":true,"href":"https:\/\/www.save.chasseurducentrevaldeloire.fr\/fdc45\/wp-json\/wp\/v2\/users\/6"}],"replies":[{"embeddable":true,"href":"https:\/\/www.save.chasseurducentrevaldeloire.fr\/fdc45\/wp-json\/wp\/v2\/comments?post=3224"}],"version-history":[{"count":21,"href":"https:\/\/www.save.chasseurducentrevaldeloire.fr\/fdc45\/wp-json\/wp\/v2\/pages\/3224\/revisions"}],"predecessor-version":[{"id":6604,"href":"https:\/\/www.save.chasseurducentrevaldeloire.fr\/fdc45\/wp-json\/wp\/v2\/pages\/3224\/revisions\/6604"}],"wp:attachment":[{"href":"https:\/\/www.save.chasseurducentrevaldeloire.fr\/fdc45\/wp-json\/wp\/v2\/media?parent=3224"}],"curies":[{"name":"wp","href":"https:\/\/api.w.org\/{rel}","templated":true}]}}