{"id":3143,"date":"2018-06-08T14:27:54","date_gmt":"2018-06-08T12:27:54","guid":{"rendered":"http:\/\/www.chasseurducentrevaldeloire.fr\/fdc45\/?page_id=3143"},"modified":"2025-11-07T08:39:56","modified_gmt":"2025-11-07T07:39:56","slug":"le-personnel","status":"publish","type":"page","link":"https:\/\/www.save.chasseurducentrevaldeloire.fr\/fdc45\/le-personnel\/","title":{"rendered":"Le personnel"},"content":{"rendered":"<p>[vc_row][vc_column][vc_column_text]<\/p>\n<table>\n<thead>\n<tr>\n<td colspan=\"3\"><strong>La Direction<\/strong><\/td>\n<\/tr>\n<\/thead>\n<tbody>\n<tr>\n<td><img loading=\"lazy\" decoding=\"async\" class=\"size-full wp-image-3101 aligncenter\" src=\"http:\/\/www.chasseurducentrevaldeloire.fr\/fdc45\/wp-content\/uploads\/sites\/9\/2018\/06\/Sans_titre-5.jpg\" alt=\"\" width=\"100\" height=\"100\" \/><\/td>\n<td>C\u00e9line Lesage<br \/>\nDirectrice<\/td>\n<td>La Directrice est le lien entre le Conseil d\u2019Administration et les services administratifs et techniques. Elle est le chef du personnel et est responsable des relations externes et de la communication. Elle est aussi responsable des dossiers agri-environnementaux\/biodiversit\u00e9.<\/td>\n<\/tr>\n<\/tbody>\n<\/table>\n<p>[\/vc_column_text][vc_empty_space][vc_column_text]<\/p>\n<table>\n<thead>\n<tr>\n<td colspan=\"3\"><strong>Le service administratif<\/strong><\/td>\n<\/tr>\n<\/thead>\n<tbody>\n<tr>\n<td colspan=\"3\"><strong>Standard<\/strong>\u00a0: 02.38.69.76.20<\/td>\n<\/tr>\n<tr>\n<td><img loading=\"lazy\" decoding=\"async\" class=\"size-full wp-image-3102 aligncenter\" src=\"http:\/\/www.chasseurducentrevaldeloire.fr\/fdc45\/wp-content\/uploads\/sites\/9\/2018\/06\/Sans_titre-6.jpg\" alt=\"\" width=\"100\" height=\"100\" \/><\/td>\n<td>Isabelle Chatry<\/td>\n<td>Formations et Permis de chasser<br \/>\nT\u00e9l. 02 38 69 76 27<\/td>\n<\/tr>\n<tr>\n<td><img loading=\"lazy\" decoding=\"async\" class=\"size-full wp-image-3104 aligncenter\" src=\"http:\/\/www.chasseurducentrevaldeloire.fr\/fdc45\/wp-content\/uploads\/sites\/9\/2018\/06\/Sans_titre-10.jpg\" alt=\"\" width=\"100\" height=\"100\" \/><\/td>\n<td>C\u00e9line Adam<\/td>\n<td>Cartographie<\/p>\n<p>T\u00e9l. 02 38 69 76 39<\/td>\n<\/tr>\n<tr>\n<td><\/td>\n<td>Florence Boucher<\/td>\n<td>Plan de chasse grand gibier, D\u00e9g\u00e2ts de Gibier, r\u00e9seau de distributeurs de bracelets sanglier<\/p>\n<p>T\u00e9l. 02 38 69 76 21<\/td>\n<\/tr>\n<tr>\n<td><\/td>\n<td>Maxime Bourdain<\/td>\n<td>Suivi des adh\u00e9rents, d\u00e9g\u00e2t de gibier, zonage Sanglier, convention d&rsquo;agrainage, facturation et adh\u00e9sion<\/p>\n<p>T\u00e9l. 02 38 69 76 28<\/td>\n<\/tr>\n<tr>\n<td><\/td>\n<td><span data-olk-copy-source=\"MessageBody\">Marie Sabrina Arulappan<\/span><\/td>\n<td>Accueil, pr\u00e9dation<\/p>\n<p>T\u00e9l. 02 38 69 76 30<\/td>\n<\/tr>\n<tr>\n<td><img loading=\"lazy\" decoding=\"async\" class=\"alignnone wp-image-5378 size-full\" src=\"https:\/\/www.chasseurducentrevaldeloire.fr\/fdc45\/wp-content\/uploads\/sites\/9\/2022\/05\/Dodo45.jpg\" alt=\"\" width=\"100\" height=\"100\" \/><\/td>\n<td>Doroth\u00e9e Bodin<\/td>\n<td>Gestion financi\u00e8re<\/p>\n<p>T\u00e9l. 02 38 69 76 23<\/td>\n<\/tr>\n<tr>\n<td><\/td>\n<td>Maguy Samana<\/td>\n<td>Standard et Gestion du petit gibier<\/p>\n<p>T\u00e9l. 02 38 69 76 29<\/td>\n<\/tr>\n<\/tbody>\n<\/table>\n<p>[\/vc_column_text][vc_empty_space][vc_column_text]<\/p>\n<table>\n<thead>\n<tr>\n<td colspan=\"3\"><strong>Le service terrain<\/strong><\/td>\n<\/tr>\n<\/thead>\n<tbody>\n<tr>\n<td style=\"text-align: left;padding: 20px\" colspan=\"3\">&nbsp;<\/p>\n<p>&nbsp;<\/p>\n<p>&nbsp;<\/td>\n<\/tr>\n<tr>\n<td><img loading=\"lazy\" decoding=\"async\" class=\"size-full wp-image-3121 aligncenter\" src=\"http:\/\/www.chasseurducentrevaldeloire.fr\/fdc45\/wp-content\/uploads\/sites\/9\/2018\/06\/ag4.jpg\" alt=\"\" width=\"100\" height=\"100\" \/><\/td>\n<td>Olivier Lenormand<\/p>\n<p>R\u00e9f\u00e9rent police de la chasse<\/td>\n<td>\n<ul>\n<li style=\"text-align: left\">Dossier pr\u00e9dation<\/li>\n<\/ul>\n<p style=\"text-align: left\">T\u00e9l. : 06.20.41.74.12<\/p>\n<\/td>\n<\/tr>\n<tr>\n<td><img loading=\"lazy\" decoding=\"async\" class=\"size-full wp-image-3110 aligncenter\" src=\"http:\/\/www.chasseurducentrevaldeloire.fr\/fdc45\/wp-content\/uploads\/sites\/9\/2018\/06\/tech4.jpg\" alt=\"\" width=\"100\" height=\"100\" \/><\/td>\n<td>Sylvain Devillard<\/td>\n<td>\n<ul>\n<li style=\"text-align: left\">Partenariats<\/li>\n<li style=\"text-align: left\">Communication : interventions scolaires, f\u00eates, animations,<\/li>\n<li style=\"text-align: left\">Migrateurs.<\/li>\n<\/ul>\n<p style=\"text-align: left\">T\u00e9l. : 06.72.96.12.52 (portable)<\/p>\n<\/td>\n<\/tr>\n<tr>\n<td><img loading=\"lazy\" decoding=\"async\" class=\"size-full wp-image-3109 aligncenter\" src=\"http:\/\/www.chasseurducentrevaldeloire.fr\/fdc45\/wp-content\/uploads\/sites\/9\/2018\/06\/tech3.jpg\" alt=\"\" width=\"100\" height=\"100\" \/><\/td>\n<td>David Barbier<\/p>\n<p>Responsable<br \/>\ndu service technique<\/p>\n<p>&nbsp;<\/td>\n<td>\n<ul>\n<li style=\"text-align: left\">D\u00e9g\u00e2ts de grand gibier,<\/li>\n<\/ul>\n<p style=\"text-align: left\">T\u00e9l. : 06.15.11.65.04 (portable)<\/p>\n<\/td>\n<\/tr>\n<tr>\n<td><img loading=\"lazy\" decoding=\"async\" class=\"size-full wp-image-3120 aligncenter\" src=\"http:\/\/www.chasseurducentrevaldeloire.fr\/fdc45\/wp-content\/uploads\/sites\/9\/2018\/06\/ag3.jpg\" alt=\"\" width=\"100\" height=\"100\" \/><\/td>\n<td>Julien Gr\u00e9netier<\/td>\n<td>\n<ul>\n<li style=\"text-align: left\">Formations<\/li>\n<\/ul>\n<p style=\"text-align: left\">T\u00e9l.\u00a0: 06.20.41.74.11 (portable)<\/p>\n<\/td>\n<\/tr>\n<tr>\n<td><img loading=\"lazy\" decoding=\"async\" class=\"size-full wp-image-3111 aligncenter\" src=\"http:\/\/www.chasseurducentrevaldeloire.fr\/fdc45\/wp-content\/uploads\/sites\/9\/2018\/06\/tech5.jpg\" alt=\"\" width=\"100\" height=\"100\" \/><\/td>\n<td>Etienne Joubert<\/td>\n<td>\n<ul>\n<li style=\"text-align: left\">Grand gibier.<\/li>\n<\/ul>\n<p style=\"text-align: left\">T\u00e9l. : 06.72.96.12.50 (portable)<\/p>\n<\/td>\n<\/tr>\n<tr>\n<td><img loading=\"lazy\" decoding=\"async\" class=\"size-full wp-image-3112 aligncenter\" src=\"http:\/\/www.chasseurducentrevaldeloire.fr\/fdc45\/wp-content\/uploads\/sites\/9\/2018\/06\/tech6.jpg\" alt=\"\" width=\"100\" height=\"100\" \/><\/td>\n<td>Luc V\u00e9ran<\/td>\n<td>\n<ul>\n<li style=\"text-align: left\">Suivi des cl\u00f4tures \u00e9lectriques,<\/li>\n<li style=\"text-align: left\">Maladies et mortalit\u00e9 animale (SAGIR).<\/li>\n<\/ul>\n<p style=\"text-align: left\">T\u00e9l. : 06.11.98.81.63 (portable)<\/p>\n<\/td>\n<\/tr>\n<tr>\n<td><img loading=\"lazy\" decoding=\"async\" class=\"size-full wp-image-3113 aligncenter\" src=\"http:\/\/www.chasseurducentrevaldeloire.fr\/fdc45\/wp-content\/uploads\/sites\/9\/2018\/06\/tech7.jpg\" alt=\"\" width=\"100\" height=\"100\" \/><\/td>\n<td>Lionel Vigouroux<\/td>\n<td>\n<ul>\n<li style=\"text-align: left\">Petit gibier,<\/li>\n<li style=\"text-align: left\">Am\u00e9nagement des territoires<\/li>\n<\/ul>\n<p style=\"text-align: left\">T\u00e9l. : 06.11.98.81.62 (portable)<\/p>\n<\/td>\n<\/tr>\n<tr>\n<td><img loading=\"lazy\" decoding=\"async\" class=\"alignnone size-full wp-image-3122\" src=\"https:\/\/www.chasseurducentrevaldeloire.fr\/fdc45\/wp-content\/uploads\/sites\/9\/2018\/06\/ag5.jpg\" alt=\"\" width=\"100\" height=\"100\" \/><\/td>\n<td>Pauline Baratte<\/td>\n<td>\n<ul>\n<li style=\"text-align: left\">Charg\u00e9e de communication,<\/li>\n<li style=\"text-align: left\">Animations scolaires et grand public.<\/li>\n<\/ul>\n<p style=\"text-align: left\">T\u00e9l. : 07 72 51 02 72 (portable)<\/p>\n<p style=\"text-align: center\"><strong>Remplac\u00e9e provisoirement par Claire DELCOURT<\/strong><\/p>\n<p style=\"text-align: center\"><strong>T\u00e9l. : 06 72 96 12 48 (portable)<\/strong><\/p>\n<\/td>\n<\/tr>\n<tr>\n<td><img loading=\"lazy\" decoding=\"async\" class=\"size-full wp-image-3108 aligncenter\" src=\"http:\/\/www.chasseurducentrevaldeloire.fr\/fdc45\/wp-content\/uploads\/sites\/9\/2018\/06\/Tech.jpg\" alt=\"\" width=\"100\" height=\"100\" \/><\/td>\n<td>Eric Baboin<\/td>\n<td style=\"text-align: left\">T\u00e9l.\u00a0: 06.72.96.12.51 (portable)<\/td>\n<\/tr>\n<tr>\n<td><img loading=\"lazy\" decoding=\"async\" class=\"size-full wp-image-3119 aligncenter\" src=\"http:\/\/www.chasseurducentrevaldeloire.fr\/fdc45\/wp-content\/uploads\/sites\/9\/2018\/06\/ag2.jpg\" alt=\"\" width=\"100\" height=\"100\" \/><\/td>\n<td>Florent Tardif<\/td>\n<td style=\"text-align: left\">T\u00e9l.\u00a0: 06.20.41.74.10 (portable)<\/td>\n<\/tr>\n<tr>\n<td><\/td>\n<td>Louis DESNOUES<\/td>\n<td style=\"text-align: left\">T\u00e9l. : 06 72 96 12 53 (portable)<\/td>\n<\/tr>\n<tr>\n<td><\/td>\n<td>Yannick MENU<\/td>\n<td style=\"text-align: left\">T\u00e9l. : 06 80 70 67 18 (portable)<\/td>\n<\/tr>\n<\/tbody>\n<\/table>\n<p>[\/vc_column_text][vc_empty_space][vc_empty_space][vc_column_text][\/vc_column_text][vc_single_image image=\u00a0\u00bb6446&Prime; img_size=\u00a0\u00bbfull\u00a0\u00bb][\/vc_column][\/vc_row]<\/p>\n","protected":false},"excerpt":{"rendered":"<p>[vc_row][vc_column][vc_column_text] La Direction C\u00e9line Lesage Directrice La Directrice est le lien entre le Conseil d\u2019Administration et les services administratifs et techniques. Elle est le chef du personnel et est responsable des relations externes et de la communication. Elle est aussi responsable des dossiers agri-environnementaux\/biodiversit\u00e9. [\/vc_column_text][vc_empty_space][vc_column_text]&#8230;<\/p>\n","protected":false},"author":2,"featured_media":0,"parent":0,"menu_order":0,"comment_status":"closed","ping_status":"closed","template":"","meta":{"_acf_changed":false,"inline_featured_image":false,"_exactmetrics_skip_tracking":false,"_exactmetrics_sitenote_active":false,"_exactmetrics_sitenote_note":"","_exactmetrics_sitenote_category":0,"footnotes":""},"class_list":["post-3143","page","type-page","status-publish","hentry"],"acf":[],"publishpress_future_action":{"enabled":false,"date":"2026-04-18 12:23:34","action":"change-status","newStatus":"draft","terms":[],"taxonomy":"","extraData":[]},"publishpress_future_workflow_manual_trigger":{"enabledWorkflows":[]},"_links":{"self":[{"href":"https:\/\/www.save.chasseurducentrevaldeloire.fr\/fdc45\/wp-json\/wp\/v2\/pages\/3143","targetHints":{"allow":["GET"]}}],"collection":[{"href":"https:\/\/www.save.chasseurducentrevaldeloire.fr\/fdc45\/wp-json\/wp\/v2\/pages"}],"about":[{"href":"https:\/\/www.save.chasseurducentrevaldeloire.fr\/fdc45\/wp-json\/wp\/v2\/types\/page"}],"author":[{"embeddable":true,"href":"https:\/\/www.save.chasseurducentrevaldeloire.fr\/fdc45\/wp-json\/wp\/v2\/users\/2"}],"replies":[{"embeddable":true,"href":"https:\/\/www.save.chasseurducentrevaldeloire.fr\/fdc45\/wp-json\/wp\/v2\/comments?post=3143"}],"version-history":[{"count":52,"href":"https:\/\/www.save.chasseurducentrevaldeloire.fr\/fdc45\/wp-json\/wp\/v2\/pages\/3143\/revisions"}],"predecessor-version":[{"id":6661,"href":"https:\/\/www.save.chasseurducentrevaldeloire.fr\/fdc45\/wp-json\/wp\/v2\/pages\/3143\/revisions\/6661"}],"wp:attachment":[{"href":"https:\/\/www.save.chasseurducentrevaldeloire.fr\/fdc45\/wp-json\/wp\/v2\/media?parent=3143"}],"curies":[{"name":"wp","href":"https:\/\/api.w.org\/{rel}","templated":true}]}}