{"id":3004,"date":"2018-05-25T15:17:11","date_gmt":"2018-05-25T13:17:11","guid":{"rendered":"http:\/\/www.chasseurducentrevaldeloire.fr\/fdc45\/?page_id=3004"},"modified":"2022-06-21T14:10:27","modified_gmt":"2022-06-21T12:10:27","slug":"garde-chasse-particulier","status":"publish","type":"page","link":"https:\/\/www.save.chasseurducentrevaldeloire.fr\/fdc45\/garde-chasse-particulier\/","title":{"rendered":"Garde-chasse Particulier"},"content":{"rendered":"<p>[vc_row][vc_column width=\u00a0\u00bb2\/3&Prime;][vc_column_text]La formation des futurs Gardes-Chasse Particuliers (GCP) est devenue obligatoire par le \u00ab\u00a0d\u00e9cret n\u00b0\u00a02006-1100 du 30 ao\u00fbt 2006 relatif \u00e0 l\u2019agr\u00e9ment et \u00e0 l\u2019assermentation des gardes particuliers\u00a0\u00bb, et est pr\u00e9vue et organis\u00e9e dans \u00ab\u00a0l\u2019arr\u00eat\u00e9 du 30 ao\u00fbt 2006 relatif \u00e0 la formation des gardes particuliers et \u00e0 la carte d\u2019agr\u00e9ment\u00a0\u00bb.<\/p>\n<p>&nbsp;<\/p>\n<p>Pour devenir garde particulier pour une ou plusieurs cat\u00e9gories, chasse, p\u00eache ou for\u00eat, la personne concern\u00e9e doit suivre le module n\u00b0\u00a01 commun \u00e0 ces diff\u00e9rentes cat\u00e9gories. Suivant la cat\u00e9gorie vis\u00e9e, la personne concern\u00e9e devra suivre le module compl\u00e9mentaire suivant\u00a0:<\/p>\n<ul>\n<li>le module n\u00b0\u00a02 pour devenir Garde-Chasse Particulier\u00a0: \u00ab\u00a0police de la chasse\u00a0\u00bb.<\/li>\n<li>le module n\u00b0\u00a03 pour devenir Garde-P\u00eache Particulier\u00a0: \u00ab\u00a0police de la p\u00eache en eau douce\u00a0\u00bb.<\/li>\n<li>le module n\u00b0\u00a04 pour devenir Garde-Forestier Particulier\u00a0: \u00ab\u00a0police foresti\u00e8re\u00a0\u00bb.<\/li>\n<\/ul>\n<p>&nbsp;<\/p>\n<p>Pour devenir Garde-Chasse Particulier, la F\u00e9d\u00e9ration des Chasseurs du Loiret (FDC45) vous dispense les modules 1 et 2.<br \/>\nLa formation a lieu \u00e0 \u00ab\u00a0La Motte\u00a0\u00bb, sur la propri\u00e9t\u00e9 de la FDC45, \u00e0 M\u00e9nestreau en Villette. Elle dure 18 heures r\u00e9parties sur 3 journ\u00e9es successives.<\/p>\n<p>&nbsp;<\/p>\n<p>Les personnes dispens\u00e9es de suivre le module 1 sont\u00a0:<\/p>\n<ul>\n<li>les fonctionnaires retrait\u00e9s de la Police Nationale,<\/li>\n<li>les fonctionnaires retrait\u00e9s de la Gendarmerie Nationale,<\/li>\n<li>les agents retrait\u00e9s de police municipale.<\/li>\n<\/ul>\n<p>&nbsp;<\/p>\n<p>Le module 1 comprend trois grands chapitres\u00a0:<\/p>\n<ul>\n<li>Notions juridiques de base\u00a0: les bases g\u00e9n\u00e9rales du droit p\u00e9nal fran\u00e7ais et les institutions judiciaires, la police judiciaire et ses agents, la proc\u00e9dure p\u00e9nale (r\u00e8gles de proc\u00e9dure et r\u00e9daction des PV), l\u2019infraction p\u00e9nale (notion d\u2019infraction, responsabilit\u00e9 p\u00e9nale, les diff\u00e9rentes cat\u00e9gories d\u2019infractions et les peines).<\/li>\n<li>Droits et devoirs du garde particulier\u00a0: place du GP au sein de la police judiciaire, devoirs, pr\u00e9rogatives et limites de comp\u00e9tence du GP, contr\u00f4le des contrevenants dans le respect des libert\u00e9s individuelles et du droit de propri\u00e9t\u00e9.<\/li>\n<li>D\u00e9ontologie et techniques d\u2019intervention\u00a0: comportement du garde dans l\u2019exercice de ses fonctions, communication et pr\u00e9sentation. Ce dernier point fait l\u2019objet, au cours du 2\u00e8me apr\u00e8s-midi, de \u00ab\u00a0jeux de r\u00f4les\u00a0\u00bb avec mise en situations concr\u00e8tes de contr\u00f4les et de cas d\u2019infractions \u00e0 la police de la chasse. Une r\u00e9daction de PV est ensuite \u00e9tudi\u00e9e en salle \u00e0 partir d\u2019un cas v\u00e9cu sur le terrain. Diff\u00e9rents documents pouvant aider ensuite les gardes au cours de leurs activit\u00e9s, sont remis sous forme informatique \u00e0 ceux qui sont \u00e9quip\u00e9s de ce type de mat\u00e9riel.<\/li>\n<\/ul>\n<p>&nbsp;<\/p>\n<p>Olivier LENORMAND et Florent TARDIF sont charg\u00e9s du programme du module 2 qui est dispens\u00e9 au cours de trois apr\u00e8s-midi successifs. Le module 2 comprend : des notions d\u2019\u00e9cologie appliqu\u00e9es \u00e0 la protection et \u00e0 la gestion du patrimoine faunique et des ses habitats, la r\u00e9glementation de la chasse, les connaissances cyn\u00e9g\u00e9tiques n\u00e9cessaires \u00e0 l\u2019exercice des fonctions de Garde-Chasse Particulier, les conditions de r\u00e9gulation des esp\u00e8ces susceptibles d\u2019occasionner des d\u00e9g\u00e2ts. Les modules 1 et 2 sont pr\u00e9sent\u00e9s \u00e0 l\u2019aide de montages de diapositives informatiques avec vid\u00e9o-projecteur.<\/p>\n<p>&nbsp;<\/p>\n<p>A l\u2019issue de la formation\u00a0:<\/p>\n<ul>\n<li>les documents n\u00e9cessaires \u00e0 l\u2019obtention du commissionnement, de l\u2019agr\u00e9ment pr\u00e9fectoral et de l\u2019assermentation sont remis \u00e0 chaque participant,<\/li>\n<li>nous communiquons les noms des personnes int\u00e9ress\u00e9es de suivre le module 3 \u00e0 la F\u00e9d\u00e9ration des P\u00eacheurs du Loiret qui dispense ce module,<\/li>\n<li>nous communiquons les noms des personnes int\u00e9ress\u00e9es de suivre le module 4 au Centre R\u00e9gional de la Propri\u00e9t\u00e9 Foresti\u00e8re (CRPF), qui dispense ce module \u00e9galement \u00e0 \u00ab\u00a0La Motte\u00a0\u00bb, sur la propri\u00e9t\u00e9 de la FDC45.<\/li>\n<\/ul>\n<p>&nbsp;<\/p>\n<p>L\u2019inscription \u00e0 la formation de garde-chasse particulier se fait sur papier libre.<\/p>\n<p>&nbsp;<\/p>\n<p>Elle est \u00e0 adresser \u00e0\u00a0:<\/p>\n<p>F\u00e9d\u00e9ration D\u00e9partementale des Chasseurs du Loiret<br \/>\n11 Rue Paul Langevin<br \/>\n45100 ORLEANS LA SOURCE<\/p>\n<p>&nbsp;<\/p>\n<p>&nbsp;<\/p>\n<p><em>Contacts FDC45\u00a0:<\/em><\/p>\n<p><strong>Service administratif\u00a0:\u00a0Isabelle CHATRY tel : \u00a0\u00a0\u00a0\u00a0<i class=\"fa fa-mobile\"><\/i> <span style=\"color: #e45410\"><a style=\"color: #e45410\" href=\"tel:+33238697629\">02 38 69 76 29<\/a><\/span><\/strong><br \/>\n<strong>Service technique\u00a0:\u00a0Olivier LENORMAND tel : \u00a0\u00a0\u00a0\u00a0<i class=\"fa fa-mobile\"><\/i> <span style=\"color: #e45410\"><a style=\"color: #e45410\" href=\"tel:+33620417412\">06 20 41 74 12<\/a><\/span><\/strong>[\/vc_column_text][\/vc_column][vc_column css_animation=\u00a0\u00bbfadeInRight\u00a0\u00bb width=\u00a0\u00bb1\/3&Prime;][vc_single_image image=\u00a0\u00bb3006&Prime; img_size=\u00a0\u00bbfull\u00a0\u00bb style=\u00a0\u00bbvc_box_shadow_border\u00a0\u00bb][vc_empty_space][vc_single_image image=\u00a0\u00bb3008&Prime; img_size=\u00a0\u00bbfull\u00a0\u00bb style=\u00a0\u00bbvc_box_shadow_border\u00a0\u00bb el_class=\u00a0\u00bbmirrorImg\u00a0\u00bb][\/vc_column][\/vc_row]<\/p>\n","protected":false},"excerpt":{"rendered":"<p>[vc_row][vc_column width=\u00a0\u00bb2\/3&Prime;][vc_column_text]La formation des futurs Gardes-Chasse Particuliers (GCP) est devenue obligatoire par le \u00ab\u00a0d\u00e9cret n\u00b0\u00a02006-1100 du 30 ao\u00fbt 2006 relatif \u00e0 l\u2019agr\u00e9ment et \u00e0 l\u2019assermentation des gardes particuliers\u00a0\u00bb, et est pr\u00e9vue et organis\u00e9e dans \u00ab\u00a0l\u2019arr\u00eat\u00e9 du 30 ao\u00fbt 2006 relatif \u00e0 la formation des gardes&#8230;<\/p>\n","protected":false},"author":2,"featured_media":0,"parent":0,"menu_order":0,"comment_status":"closed","ping_status":"closed","template":"","meta":{"_acf_changed":false,"inline_featured_image":false,"_exactmetrics_skip_tracking":false,"_exactmetrics_sitenote_active":false,"_exactmetrics_sitenote_note":"","_exactmetrics_sitenote_category":0,"footnotes":""},"class_list":["post-3004","page","type-page","status-publish","hentry"],"acf":[],"publishpress_future_action":{"enabled":false,"date":"2026-04-18 12:16:34","action":"change-status","newStatus":"draft","terms":[],"taxonomy":"","extraData":[]},"publishpress_future_workflow_manual_trigger":{"enabledWorkflows":[]},"_links":{"self":[{"href":"https:\/\/www.save.chasseurducentrevaldeloire.fr\/fdc45\/wp-json\/wp\/v2\/pages\/3004","targetHints":{"allow":["GET"]}}],"collection":[{"href":"https:\/\/www.save.chasseurducentrevaldeloire.fr\/fdc45\/wp-json\/wp\/v2\/pages"}],"about":[{"href":"https:\/\/www.save.chasseurducentrevaldeloire.fr\/fdc45\/wp-json\/wp\/v2\/types\/page"}],"author":[{"embeddable":true,"href":"https:\/\/www.save.chasseurducentrevaldeloire.fr\/fdc45\/wp-json\/wp\/v2\/users\/2"}],"replies":[{"embeddable":true,"href":"https:\/\/www.save.chasseurducentrevaldeloire.fr\/fdc45\/wp-json\/wp\/v2\/comments?post=3004"}],"version-history":[{"count":8,"href":"https:\/\/www.save.chasseurducentrevaldeloire.fr\/fdc45\/wp-json\/wp\/v2\/pages\/3004\/revisions"}],"predecessor-version":[{"id":5450,"href":"https:\/\/www.save.chasseurducentrevaldeloire.fr\/fdc45\/wp-json\/wp\/v2\/pages\/3004\/revisions\/5450"}],"wp:attachment":[{"href":"https:\/\/www.save.chasseurducentrevaldeloire.fr\/fdc45\/wp-json\/wp\/v2\/media?parent=3004"}],"curies":[{"name":"wp","href":"https:\/\/api.w.org\/{rel}","templated":true}]}}