{"id":2996,"date":"2018-05-25T15:10:24","date_gmt":"2018-05-25T13:10:24","guid":{"rendered":"http:\/\/www.chasseurducentrevaldeloire.fr\/fdc45\/?page_id=2996"},"modified":"2025-01-13T15:56:57","modified_gmt":"2025-01-13T14:56:57","slug":"calendrier-des-formations","status":"publish","type":"page","link":"https:\/\/www.save.chasseurducentrevaldeloire.fr\/fdc45\/calendrier-des-formations\/","title":{"rendered":"Calendrier des formations"},"content":{"rendered":"<p>[vc_row][vc_column][vc_column_text]<strong>L<\/strong><strong>es dates du calendrier sont donn\u00e9es \u00e0 titre indicatif et peuvent \u00eatre soumises \u00e0 modifications.\u00a0<\/strong><\/p>\n<p>&nbsp;<\/p>\n<p>Il est obligatoire de s\u2019inscrire pour participer \u00e0 une formation.<br \/>\nConcernant les formations du Permis de Chasser, l\u2019attribution d\u2019une session aux participants est donn\u00e9e en fonction de l\u2019ordre d\u2019arriv\u00e9e des dossiers de candidatures.<\/p>\n<p>&nbsp;<\/p>\n<p>&nbsp;<\/p>\n<p>&nbsp;<\/p>\n<table width=\"671\">\n<tbody>\n<tr>\n<td width=\"84\"><strong>N\u00b0 session<\/strong><\/td>\n<td width=\"180\"><strong>Formation<\/strong><\/p>\n<p><strong>INITIALE THEORIQUE<\/strong><\/td>\n<td width=\"217\"><strong>Formations<\/strong><\/p>\n<p><strong>PRATIQUE + AUDIO<\/strong><\/td>\n<td width=\"189\"><strong>EXAMEN<\/strong><\/td>\n<\/tr>\n<tr>\n<td width=\"84\"><strong>\u00a0<\/strong><\/td>\n<td width=\"180\"><strong>Journ\u00e9e enti\u00e8re 8h-18h00<\/strong><\/td>\n<td width=\"217\"><strong>\u00bd journ\u00e9e 8h-12h ou 14h-18h<\/strong><\/td>\n<td width=\"189\"><strong>Dur\u00e9e 30 min matin ou apr\u00e8s midi<\/strong><\/td>\n<\/tr>\n<tr>\n<td width=\"84\">1<\/td>\n<td width=\"180\">4 d\u00e9cembre 2024<\/td>\n<td width=\"217\">Du 15 au 17 janvier<\/td>\n<td width=\"189\">Du 20 au 23 janvier<\/td>\n<\/tr>\n<tr>\n<td width=\"84\">2<\/td>\n<td width=\"180\">24 janvier<\/td>\n<td width=\"217\">Du 12 au 14 f\u00e9vrier<\/td>\n<td width=\"189\">Du 17 au 20 f\u00e9vrier<\/td>\n<\/tr>\n<tr>\n<td width=\"84\">3<\/td>\n<td width=\"180\">3 f\u00e9vrier<\/td>\n<td width=\"217\">Du 19 au 21 mars<\/td>\n<td width=\"189\">Du 24 au 27 mars<\/td>\n<\/tr>\n<tr>\n<td width=\"84\">4<\/td>\n<td width=\"180\">2 avril<\/td>\n<td width=\"217\">Du 16 au 18 avril<\/td>\n<td width=\"189\">Du 22 au 25 avril<\/td>\n<\/tr>\n<tr>\n<td width=\"84\">5<\/td>\n<td width=\"180\">30 avril<\/td>\n<td width=\"217\">Du 14 au 16 mai<\/td>\n<td width=\"189\">Du 19 au 22 mai<\/td>\n<\/tr>\n<tr>\n<td width=\"84\">6<\/td>\n<td width=\"180\">28 mai<\/td>\n<td width=\"217\">Du 11 au 13 juin<\/td>\n<td width=\"189\">Du 16 au 19 juin<\/td>\n<\/tr>\n<tr>\n<td width=\"84\">7<\/td>\n<td width=\"180\">25 juin<\/td>\n<td width=\"217\">Du 9 au 11 juillet<\/td>\n<td width=\"189\">Du 15 au 18 juillet<\/td>\n<\/tr>\n<tr>\n<td width=\"84\">8<\/td>\n<td width=\"180\">13 ao\u00fbt<\/td>\n<td width=\"217\">Du 3 au 5 septembre<\/td>\n<td width=\"189\">Du 8 au 11 septembre<\/td>\n<\/tr>\n<tr>\n<td width=\"84\">9<\/td>\n<td width=\"180\">17 septembre<\/td>\n<td width=\"217\">Du 1er au 3 octobre<\/td>\n<td width=\"189\">Du 6 au 9 octobre<\/td>\n<\/tr>\n<tr>\n<td width=\"84\">10<\/td>\n<td width=\"180\">15 Octobre<\/td>\n<td width=\"217\">Du 12 au 14 novembre<\/td>\n<td width=\"189\">Du 17 au 20 novembre<\/td>\n<\/tr>\n<tr>\n<td width=\"84\">11<\/td>\n<td width=\"180\">26 novembre<\/td>\n<td width=\"217\">Du 10 au 12 d\u00e9cembre<\/td>\n<td width=\"189\">Du 15 au 18 d\u00e9cembre<\/td>\n<\/tr>\n<\/tbody>\n<\/table>\n<p>&nbsp;<\/p>\n<p>&nbsp;<\/p>\n<table>\n<tbody>\n<tr>\n<td style=\"text-align: left\"><strong><u>Chasse accompagn\u00e9e<br \/>\n<\/u><\/strong><\/td>\n<td><em>Consulter votre F\u00e9d\u00e9ration<\/em><\/td>\n<\/tr>\n<tr>\n<td style=\"text-align: left\"><strong><u>Pi\u00e9geage<\/u><\/strong><\/td>\n<td>\n<p style=\"text-align: left\">&#8211; les 11 et 12 mars 2025<\/p>\n<p style=\"text-align: left\">&#8211; les 2 et 4 juin 2025<\/p>\n<p style=\"text-align: left\">&#8211; les 23 et 24 septembre 2025<\/p>\n<\/td>\n<\/tr>\n<tr>\n<td><strong><u>Remise \u00e0 niveau Garde particulier<\/u><\/strong><\/td>\n<td style=\"text-align: left\"><\/td>\n<\/tr>\n<tr>\n<td><strong><u>Garde particulier<\/u><\/strong><\/td>\n<td>\n<p style=\"text-align: left\">&#8211; les 17, 18 et 19 juin<\/p>\n<p style=\"text-align: left\">&#8211; les 18, 19 et 20 novembre<\/p>\n<\/td>\n<\/tr>\n<tr>\n<td><strong><u>Venaison<\/u><\/strong><\/td>\n<td>\n<p style=\"text-align: left\">&#8211; le 13 mars 2025<\/p>\n<p style=\"text-align: left\">&#8211; le 5 juin 2025<\/p>\n<p style=\"text-align: left\">&#8211; le 2 octobre 2025<\/p>\n<p style=\"text-align: left\">&#8211; le 4 d\u00e9cembre 2025<\/p>\n<\/td>\n<\/tr>\n<tr>\n<td><strong><u>Chasse \u00e0 l&rsquo;arc<br \/>\n<\/u><\/strong><\/td>\n<td>\n<p style=\"text-align: left\">&#8211; le 29 mars 2025<\/p>\n<p style=\"text-align: left\">&#8211; le 7 juin 2025<\/p>\n<p>&#8211; le 20 septembre 2025<\/td>\n<\/tr>\n<tr>\n<td style=\"text-align: left\"><strong><u>S\u00e9curit\u00e9<\/u><\/strong><\/td>\n<td>\n<p style=\"text-align: left\">\n<\/td>\n<\/tr>\n<tr>\n<td style=\"text-align: left\"><strong><u>Lecture d&rsquo;ailes de canards et b\u00e9casses<br \/>\n<\/u><\/strong><\/td>\n<td><\/td>\n<\/tr>\n<tr>\n<td style=\"text-align: left\"><strong><u>Connaissance et chasse du pigeon<br \/>\n<\/u><\/strong><\/td>\n<td><\/td>\n<\/tr>\n<tr>\n<td style=\"text-align: left\"><strong><u>Connaissance et chasse du gibier d&rsquo;eau<br \/>\n<\/u><\/strong><\/td>\n<td><\/td>\n<\/tr>\n<\/tbody>\n<\/table>\n<p>[\/vc_column_text][\/vc_column][\/vc_row]<\/p>\n","protected":false},"excerpt":{"rendered":"<p>[vc_row][vc_column][vc_column_text]Les dates du calendrier sont donn\u00e9es \u00e0 titre indicatif et peuvent \u00eatre soumises \u00e0 modifications.\u00a0 &nbsp; Il est obligatoire de s\u2019inscrire pour participer \u00e0 une formation. Concernant les formations du Permis de Chasser, l\u2019attribution d\u2019une session aux participants est donn\u00e9e en fonction de l\u2019ordre d\u2019arriv\u00e9e&#8230;<\/p>\n","protected":false},"author":2,"featured_media":0,"parent":0,"menu_order":0,"comment_status":"closed","ping_status":"closed","template":"","meta":{"_acf_changed":false,"inline_featured_image":false,"_exactmetrics_skip_tracking":false,"_exactmetrics_sitenote_active":false,"_exactmetrics_sitenote_note":"","_exactmetrics_sitenote_category":0,"footnotes":""},"class_list":["post-2996","page","type-page","status-publish","hentry"],"acf":[],"publishpress_future_action":{"enabled":false,"date":"2026-04-18 12:41:01","action":"change-status","newStatus":"draft","terms":[],"taxonomy":"","extraData":[]},"publishpress_future_workflow_manual_trigger":{"enabledWorkflows":[]},"_links":{"self":[{"href":"https:\/\/www.save.chasseurducentrevaldeloire.fr\/fdc45\/wp-json\/wp\/v2\/pages\/2996","targetHints":{"allow":["GET"]}}],"collection":[{"href":"https:\/\/www.save.chasseurducentrevaldeloire.fr\/fdc45\/wp-json\/wp\/v2\/pages"}],"about":[{"href":"https:\/\/www.save.chasseurducentrevaldeloire.fr\/fdc45\/wp-json\/wp\/v2\/types\/page"}],"author":[{"embeddable":true,"href":"https:\/\/www.save.chasseurducentrevaldeloire.fr\/fdc45\/wp-json\/wp\/v2\/users\/2"}],"replies":[{"embeddable":true,"href":"https:\/\/www.save.chasseurducentrevaldeloire.fr\/fdc45\/wp-json\/wp\/v2\/comments?post=2996"}],"version-history":[{"count":42,"href":"https:\/\/www.save.chasseurducentrevaldeloire.fr\/fdc45\/wp-json\/wp\/v2\/pages\/2996\/revisions"}],"predecessor-version":[{"id":6315,"href":"https:\/\/www.save.chasseurducentrevaldeloire.fr\/fdc45\/wp-json\/wp\/v2\/pages\/2996\/revisions\/6315"}],"wp:attachment":[{"href":"https:\/\/www.save.chasseurducentrevaldeloire.fr\/fdc45\/wp-json\/wp\/v2\/media?parent=2996"}],"curies":[{"name":"wp","href":"https:\/\/api.w.org\/{rel}","templated":true}]}}