{"id":4990,"date":"2021-10-07T08:29:15","date_gmt":"2021-10-07T06:29:15","guid":{"rendered":"https:\/\/www.chasseurducentrevaldeloire.fr\/fdc41\/?page_id=4990"},"modified":"2021-10-07T08:29:15","modified_gmt":"2021-10-07T06:29:15","slug":"chasse-en-temps-de-neige","status":"publish","type":"page","link":"https:\/\/www.save.chasseurducentrevaldeloire.fr\/fdc41\/chasse-en-temps-de-neige\/","title":{"rendered":"Chasse en temps de neige"},"content":{"rendered":"<p><img loading=\"lazy\" decoding=\"async\" class=\"size-medium wp-image-4991 aligncenter\" src=\"https:\/\/www.chasseurducentrevaldeloire.fr\/fdc41\/wp-content\/uploads\/sites\/8\/2021\/10\/TpsNeige-300x153.png\" alt=\"\" width=\"300\" height=\"153\" srcset=\"https:\/\/www.save.chasseurducentrevaldeloire.fr\/fdc41\/wp-content\/uploads\/sites\/8\/2021\/10\/TpsNeige-300x153.png 300w, https:\/\/www.save.chasseurducentrevaldeloire.fr\/fdc41\/wp-content\/uploads\/sites\/8\/2021\/10\/TpsNeige.png 436w\" sizes=\"auto, (max-width: 300px) 100vw, 300px\" \/><\/p>\n<p>&nbsp;<\/p>\n<p>Le code de l\u2019environnement <strong>interdit par principe la chasse en temps de neige<\/strong>, et ce dans un souci de protection du gibier rendu vuln\u00e9rable par une plus grande facilit\u00e9 de capture. Il permet toutefois au pr\u00e9fet d\u2019autoriser la chasse en temps de neige dans un certain nombre de cas. En France, la chasse en temps de neige est donc r\u00e9glement\u00e9e par l\u2019article R. 424-2 du code de l\u2019environnement.<\/p>\n<p>&nbsp;<\/p>\n<p><strong><u>La chasse est interdite en temps de neige sauf<\/u><\/strong><strong>\u00a0: <\/strong><\/p>\n<p>&nbsp;<\/p>\n<ul>\n<li>Pour la chasse du gibier d\u2019eau sur les fleuves, rivi\u00e8res, canaux, r\u00e9servoirs, lacs, \u00e9tangs et dans les marais non ass\u00e9ch\u00e9s, le tir au-dessus de la nappe d\u2019eau \u00e9tant seul autoris\u00e9,<\/li>\n<li>Pour l\u2019application du plan de chasse l\u00e9gal pour le grand gibier,<\/li>\n<li>Pour la chasse \u00e0 courre et la v\u00e9nerie sous terre,<\/li>\n<li>Pour la chasse du Sanglier, du Renard et du Lapin de garenne,<\/li>\n<li>Pour la chasse du Pigeon ramier,<\/li>\n<li>Pour la chasse du Ragondin et du Rat musqu\u00e9.<\/li>\n<\/ul>\n","protected":false},"excerpt":{"rendered":"<p>&nbsp; Le code de l\u2019environnement interdit par principe la chasse en temps de neige, et ce dans un souci de protection du gibier rendu vuln\u00e9rable par une plus grande facilit\u00e9 de capture. Il permet toutefois au pr\u00e9fet d\u2019autoriser la chasse en temps de neige dans&#8230;<\/p>\n","protected":false},"author":6,"featured_media":0,"parent":0,"menu_order":0,"comment_status":"closed","ping_status":"closed","template":"","meta":{"_acf_changed":false,"inline_featured_image":false,"_exactmetrics_skip_tracking":false,"_exactmetrics_sitenote_active":false,"_exactmetrics_sitenote_note":"","_exactmetrics_sitenote_category":0,"footnotes":""},"class_list":["post-4990","page","type-page","status-publish","hentry"],"acf":[],"publishpress_future_action":{"enabled":false,"date":"2026-04-18 12:24:35","action":"change-status","newStatus":"draft","terms":[],"taxonomy":"","extraData":[]},"publishpress_future_workflow_manual_trigger":{"enabledWorkflows":[]},"_links":{"self":[{"href":"https:\/\/www.save.chasseurducentrevaldeloire.fr\/fdc41\/wp-json\/wp\/v2\/pages\/4990","targetHints":{"allow":["GET"]}}],"collection":[{"href":"https:\/\/www.save.chasseurducentrevaldeloire.fr\/fdc41\/wp-json\/wp\/v2\/pages"}],"about":[{"href":"https:\/\/www.save.chasseurducentrevaldeloire.fr\/fdc41\/wp-json\/wp\/v2\/types\/page"}],"author":[{"embeddable":true,"href":"https:\/\/www.save.chasseurducentrevaldeloire.fr\/fdc41\/wp-json\/wp\/v2\/users\/6"}],"replies":[{"embeddable":true,"href":"https:\/\/www.save.chasseurducentrevaldeloire.fr\/fdc41\/wp-json\/wp\/v2\/comments?post=4990"}],"version-history":[{"count":1,"href":"https:\/\/www.save.chasseurducentrevaldeloire.fr\/fdc41\/wp-json\/wp\/v2\/pages\/4990\/revisions"}],"predecessor-version":[{"id":4992,"href":"https:\/\/www.save.chasseurducentrevaldeloire.fr\/fdc41\/wp-json\/wp\/v2\/pages\/4990\/revisions\/4992"}],"wp:attachment":[{"href":"https:\/\/www.save.chasseurducentrevaldeloire.fr\/fdc41\/wp-json\/wp\/v2\/media?parent=4990"}],"curies":[{"name":"wp","href":"https:\/\/api.w.org\/{rel}","templated":true}]}}