{"id":4962,"date":"2021-10-07T07:58:45","date_gmt":"2021-10-07T05:58:45","guid":{"rendered":"https:\/\/www.chasseurducentrevaldeloire.fr\/fdc41\/?page_id=4962"},"modified":"2022-06-23T15:32:47","modified_gmt":"2022-06-23T13:32:47","slug":"direction-departementale-des-territoires-de-loir-et-cher","status":"publish","type":"page","link":"https:\/\/www.save.chasseurducentrevaldeloire.fr\/fdc41\/direction-departementale-des-territoires-de-loir-et-cher\/","title":{"rendered":"Direction D\u00e9partementale des Territoires de Loir-et-Cher"},"content":{"rendered":"<p>La DDT\u00a0est l&rsquo;\u00e9chelon d\u00e9partemental de suivi et de gestion de la chasse, sous l&rsquo;autorit\u00e9 du pr\u00e9fet de d\u00e9partement, pour le minist\u00e8re de l&rsquo;environnement, de l&rsquo;\u00e9nergie et de la mer.<\/p>\n<p>&nbsp;<\/p>\n<p>Elle pr\u00e9pare et anime la commission d\u00e9partementale de la chasse et de la faune sauvage, commission regroupant des repr\u00e9sentants des int\u00e9r\u00eats cyn\u00e9g\u00e9tiques, agricoles, forestiers, des associations de protection de la nature, de l&rsquo;administration et de la louveterie, pr\u00e9sid\u00e9e par le Pr\u00e9fet. Cette commission est charg\u00e9e de donner un avis sur toutes les questions li\u00e9es \u00e0 la chasse et \u00e0 la faune sauvage, notamment les dates d&rsquo;ouverture et de fermeture, les attributions en mati\u00e8re de plan de chasse, la liste des nuisibles et les modalit\u00e9s de destruction des nuisibles.<\/p>\n<p>&nbsp;<\/p>\n<p><strong>Co<\/strong><strong>ntact\u00a0:<\/strong><\/p>\n<ul>\n<li>T\u00e9l\u00e9phone\u00a0: 02 54 55 73 50<\/li>\n<li>Adresse postale\u00a0: 31 Mail Pierre Charlot, 41000 BLOIS<\/li>\n<li>Adresse mail\u00a0: <a href=\"mailto:ddt@loir-et-cher.gouv.fr\" target=\"_blank\" rel=\"noopener\"><span style=\"color: #2f5496\"><strong>ddt@loir-et-cher.gouv.fr<\/strong><\/span><\/a><\/li>\n<\/ul>\n","protected":false},"excerpt":{"rendered":"<p>La DDT\u00a0est l&rsquo;\u00e9chelon d\u00e9partemental de suivi et de gestion de la chasse, sous l&rsquo;autorit\u00e9 du pr\u00e9fet de d\u00e9partement, pour le minist\u00e8re de l&rsquo;environnement, de l&rsquo;\u00e9nergie et de la mer. &nbsp; Elle pr\u00e9pare et anime la commission d\u00e9partementale de la chasse et de la faune sauvage,&#8230;<\/p>\n","protected":false},"author":6,"featured_media":0,"parent":0,"menu_order":0,"comment_status":"closed","ping_status":"closed","template":"","meta":{"_acf_changed":false,"inline_featured_image":false,"_exactmetrics_skip_tracking":false,"_exactmetrics_sitenote_active":false,"_exactmetrics_sitenote_note":"","_exactmetrics_sitenote_category":0,"footnotes":""},"class_list":["post-4962","page","type-page","status-publish","hentry"],"acf":[],"publishpress_future_action":{"enabled":false,"date":"2026-04-18 12:24:35","action":"change-status","newStatus":"draft","terms":[],"taxonomy":"","extraData":[]},"publishpress_future_workflow_manual_trigger":{"enabledWorkflows":[]},"_links":{"self":[{"href":"https:\/\/www.save.chasseurducentrevaldeloire.fr\/fdc41\/wp-json\/wp\/v2\/pages\/4962","targetHints":{"allow":["GET"]}}],"collection":[{"href":"https:\/\/www.save.chasseurducentrevaldeloire.fr\/fdc41\/wp-json\/wp\/v2\/pages"}],"about":[{"href":"https:\/\/www.save.chasseurducentrevaldeloire.fr\/fdc41\/wp-json\/wp\/v2\/types\/page"}],"author":[{"embeddable":true,"href":"https:\/\/www.save.chasseurducentrevaldeloire.fr\/fdc41\/wp-json\/wp\/v2\/users\/6"}],"replies":[{"embeddable":true,"href":"https:\/\/www.save.chasseurducentrevaldeloire.fr\/fdc41\/wp-json\/wp\/v2\/comments?post=4962"}],"version-history":[{"count":2,"href":"https:\/\/www.save.chasseurducentrevaldeloire.fr\/fdc41\/wp-json\/wp\/v2\/pages\/4962\/revisions"}],"predecessor-version":[{"id":5446,"href":"https:\/\/www.save.chasseurducentrevaldeloire.fr\/fdc41\/wp-json\/wp\/v2\/pages\/4962\/revisions\/5446"}],"wp:attachment":[{"href":"https:\/\/www.save.chasseurducentrevaldeloire.fr\/fdc41\/wp-json\/wp\/v2\/media?parent=4962"}],"curies":[{"name":"wp","href":"https:\/\/api.w.org\/{rel}","templated":true}]}}