{"id":3518,"date":"2019-06-25T13:39:39","date_gmt":"2019-06-25T11:39:39","guid":{"rendered":"https:\/\/www.chasseurducentrevaldeloire.fr\/fdc41\/?page_id=3518"},"modified":"2022-06-23T15:32:24","modified_gmt":"2022-06-23T13:32:24","slug":"decouverte-de-la-recherche-au-sang","status":"publish","type":"page","link":"https:\/\/www.save.chasseurducentrevaldeloire.fr\/fdc41\/decouverte-de-la-recherche-au-sang\/","title":{"rendered":"D\u00e9couverte de la recherche au sang"},"content":{"rendered":"<p>[vc_row][vc_column width=\u00a0\u00bb2\/3&Prime;][vc_column_text]D\u00e8s lors qu\u2019un animal est bless\u00e9, il est du devoir \u00e9thique et moral du chasseur de grand gibier de tout mettre en \u0153uvre pour le rechercher. Entre ateliers pratiques et th\u00e9oriques, vous d\u00e9couvrirez le travail des conducteurs de chien de sang agr\u00e9\u00e9s et apprendrez les bons gestes pour faciliter les recherches.<\/p>\n<p>Organisateur\u00a0: UNUCR, Union Nationale pour l\u2019Utilisation de Chiens de Rouge, d\u00e9l\u00e9gation 41<\/p>\n<p>&nbsp;<\/p>\n<p><strong>Date\u00a0:<\/strong> <em>A d\u00e9finir<\/em><\/p>\n<p><strong>Lieu\u00a0:<\/strong> F\u00e9d\u00e9ration D\u00e9partementale des Chasseurs de Loir-et-Cher, Vineuil<\/p>\n<p><strong>Public\u00a0:<\/strong> Tout chasseur de grand gibier<\/p>\n<p><strong>Tarif\u00a0:<\/strong> 5\u20ac<\/p>\n<p><strong>Programme\u00a0: <\/strong><\/p>\n<ul>\n<li>DVD de pr\u00e9sentation de la recherche au sang<\/li>\n<li>La recherche dans le Loir-et-Cher et les conducteurs agr\u00e9\u00e9s<\/li>\n<li>Comportement au coup de feu<\/li>\n<li>Contr\u00f4le de tir, recherche d\u2019indices et balisage<\/li>\n<li>Les diff\u00e9rentes races de chiens utilis\u00e9es<\/li>\n<li>Travail du chien sur piste artificielle<\/li>\n<li>Echanges avec les participants<\/li>\n<\/ul>\n<p>&nbsp;<\/p>\n<p><strong>Renseignements et inscriptions\u00a0:<\/strong> Herv\u00e9 de la Fert\u00e9 06.89.85.87.85 \/ <a href=\"mailto:herve.de-la-ferte@equensworldline.com\"><span style=\"color: #2f5496\"><strong>herve.de-la-ferte@equensworldline.com<\/strong><\/span><\/a>[\/vc_column_text][\/vc_column][vc_column width=\u00a0\u00bb1\/3&Prime;][vc_single_image image=\u00a0\u00bb3519&Prime; img_size=\u00a0\u00bbfull\u00a0\u00bb][\/vc_column][\/vc_row]<\/p>\n","protected":false},"excerpt":{"rendered":"<p>[vc_row][vc_column width=\u00a0\u00bb2\/3&Prime;][vc_column_text]D\u00e8s lors qu\u2019un animal est bless\u00e9, il est du devoir \u00e9thique et moral du chasseur de grand gibier de tout mettre en \u0153uvre pour le rechercher. Entre ateliers pratiques et th\u00e9oriques, vous d\u00e9couvrirez le travail des conducteurs de chien de sang agr\u00e9\u00e9s et apprendrez&#8230;<\/p>\n","protected":false},"author":6,"featured_media":0,"parent":0,"menu_order":0,"comment_status":"closed","ping_status":"closed","template":"","meta":{"_acf_changed":false,"inline_featured_image":false,"_exactmetrics_skip_tracking":false,"_exactmetrics_sitenote_active":false,"_exactmetrics_sitenote_note":"","_exactmetrics_sitenote_category":0,"footnotes":""},"class_list":["post-3518","page","type-page","status-publish","hentry"],"acf":[],"publishpress_future_action":{"enabled":false,"date":"2026-04-15 03:10:02","action":"change-status","newStatus":"draft","terms":[],"taxonomy":"","extraData":[]},"publishpress_future_workflow_manual_trigger":{"enabledWorkflows":[]},"_links":{"self":[{"href":"https:\/\/www.save.chasseurducentrevaldeloire.fr\/fdc41\/wp-json\/wp\/v2\/pages\/3518","targetHints":{"allow":["GET"]}}],"collection":[{"href":"https:\/\/www.save.chasseurducentrevaldeloire.fr\/fdc41\/wp-json\/wp\/v2\/pages"}],"about":[{"href":"https:\/\/www.save.chasseurducentrevaldeloire.fr\/fdc41\/wp-json\/wp\/v2\/types\/page"}],"author":[{"embeddable":true,"href":"https:\/\/www.save.chasseurducentrevaldeloire.fr\/fdc41\/wp-json\/wp\/v2\/users\/6"}],"replies":[{"embeddable":true,"href":"https:\/\/www.save.chasseurducentrevaldeloire.fr\/fdc41\/wp-json\/wp\/v2\/comments?post=3518"}],"version-history":[{"count":4,"href":"https:\/\/www.save.chasseurducentrevaldeloire.fr\/fdc41\/wp-json\/wp\/v2\/pages\/3518\/revisions"}],"predecessor-version":[{"id":5445,"href":"https:\/\/www.save.chasseurducentrevaldeloire.fr\/fdc41\/wp-json\/wp\/v2\/pages\/3518\/revisions\/5445"}],"wp:attachment":[{"href":"https:\/\/www.save.chasseurducentrevaldeloire.fr\/fdc41\/wp-json\/wp\/v2\/media?parent=3518"}],"curies":[{"name":"wp","href":"https:\/\/api.w.org\/{rel}","templated":true}]}}