{"id":3248,"date":"2018-12-10T16:35:44","date_gmt":"2018-12-10T15:35:44","guid":{"rendered":"http:\/\/www.chasseurducentrevaldeloire.fr\/fdc41\/?page_id=3248"},"modified":"2022-06-23T15:50:56","modified_gmt":"2022-06-23T13:50:56","slug":"reserve-de-malzone","status":"publish","type":"page","link":"https:\/\/www.save.chasseurducentrevaldeloire.fr\/fdc41\/reserve-de-malzone\/","title":{"rendered":"R\u00e9serve de Malzon\u00e9"},"content":{"rendered":"<p>[vc_row][vc_column width=\u00a0\u00bb1\/2&Prime;][vc_single_image image=\u00a0\u00bb3434&Prime; img_size=\u00a0\u00bbfull\u00a0\u00bb add_caption=\u00a0\u00bbyes\u00a0\u00bb alignment=\u00a0\u00bbcenter\u00a0\u00bb][\/vc_column][vc_column width=\u00a0\u00bb1\/2&Prime;][vc_single_image image=\u00a0\u00bb3435&Prime; img_size=\u00a0\u00bbfull\u00a0\u00bb alignment=\u00a0\u00bbcenter\u00a0\u00bb][\/vc_column][\/vc_row][vc_row][vc_column][vc_empty_space][vc_column_text]<span style=\"color: #ff6600\"><b>INFORMATION IMPORTANTE\u00a0: En raison de la mise en assec de l\u2019\u00e9tang et des travaux d\u2019am\u00e9nagement \u00e0 venir, le sentier du Souchet restera ferm\u00e9 cette ann\u00e9e. Rendez-vous au printemps 2023 ou sur le sentier de la Tour qui est ouvert. Merci de votre compr\u00e9hension et du respect de cette information.<\/b><\/span><\/p>\n<p>&nbsp;<\/p>\n<p>La r\u00e9serve de chasse et de faune sauvage de Malzon\u00e9 a \u00e9t\u00e9 <strong>acquise en 1977<\/strong> par la F\u00e9d\u00e9ration D\u00e9partementale des Chasseurs de Loir-et-Cher.\u00a0 Se situant au c\u0153ur de la <strong>Sologne des \u00c9tangs<\/strong> (r\u00e9gion naturelle o\u00f9 se concentrent la plupart des plans d\u2019eau), c\u2019est un <strong>refuge exceptionnel pour l\u2019avifaune migratrice<\/strong>. Cette zone de qui\u00e9tude prot\u00e9g\u00e9e pour les animaux est consacr\u00e9e \u00e0 la conservation et \u00e0 l\u2019\u00e9tude du patrimoine naturel. \u00a0Il n\u2019est pas rare d\u2019ailleurs de compter en hiver, plus d\u2019un millier de canards d\u2019esp\u00e8ces vari\u00e9es.<\/p>\n<p>&nbsp;<\/p>\n<p>Site d\u2019une superficie de <strong>77 hectares<\/strong> dont 32 d\u2019eau, il est dot\u00e9 de deux observatoires vous permettant d\u2019\u00eatre au c\u0153ur de la nature. Le sentier de \u00ab\u00a0La Tour\u00a0\u00bb est ouvert toute l\u2019ann\u00e9e et le sentier du \u00ab\u00a0Souchet\u00a0\u00bb quant \u00e0 lui, est ouvert du <strong>1<sup>er<\/sup> avril au 30 septembre<\/strong> afin de pr\u00e9server la tranquillit\u00e9 des oiseaux pendant la p\u00e9riode de chasse.[\/vc_column_text][\/vc_column][\/vc_row][vc_row][vc_column][vc_empty_space][vc_empty_space][vc_column_text]<strong><em><u>Les 3 r\u00f4les majeurs d\u2019une r\u00e9serve de chasse et de faune sauvage<\/u><\/em><\/strong><strong><u>\u00a0: <\/u><\/strong><\/p>\n<ul>\n<li>Participer \u00e0 la pr\u00e9servation de la biodiversit\u00e9<\/li>\n<li>Mener des \u00e9tudes et recherches sur la faune sauvage et ses habitats<\/li>\n<li>Valoriser les actions r\u00e9alis\u00e9es aupr\u00e8s des professionnels et du grand public<\/li>\n<\/ul>\n<p>&nbsp;<\/p>\n<p><strong>Passionn\u00e9s ou curieux, venez d\u00e9couvrir et observer les oiseaux d\u2019eaux\u00a0au c\u0153ur de ce site harmonieux\u00a0d\u2019un grand int\u00e9r\u00eat biologique\u00a0!<\/strong><\/p>\n<p>&nbsp;<\/p>\n<p><strong>Malzon\u00e9 regorge de tr\u00e9sors<\/strong>. Pour les d\u00e9couvrir tout en pr\u00e9servant la faune et la flore, diff\u00e9rents am\u00e9nagements sont mis \u00e0 votre disposition.[\/vc_column_text][vc_empty_space][\/vc_column][\/vc_row][vc_row][vc_column][vc_single_image image=\u00a0\u00bb3437&Prime; img_size=\u00a0\u00bblarge\u00a0\u00bb alignment=\u00a0\u00bbcenter\u00a0\u00bb][vc_empty_space][\/vc_column][\/vc_row][vc_row][vc_column][vc_column_text]T\u00e9l\u00e9charger la <a href=\"https:\/\/www.chasseurducentrevaldeloire.fr\/fdc41\/wp-content\/uploads\/sites\/8\/2019\/03\/plaquetteMALZONEweb-compressed.pdf\" target=\"_blank\" rel=\"noopener noreferrer\"><strong><u>brochure<\/u><\/strong><\/a><\/p>\n<p>&nbsp;<\/p>\n<p><a href=\"https:\/\/www.chasseurducentrevaldeloire.fr\/fdc41\/wp-content\/uploads\/sites\/8\/2019\/03\/plaquetteMALZONEweb-compressed.pdf\" target=\"_blank\" rel=\"noopener noreferrer\"><img loading=\"lazy\" decoding=\"async\" class=\" wp-image-3439 aligncenter\" src=\"https:\/\/www.chasseurducentrevaldeloire.fr\/fdc41\/wp-content\/uploads\/sites\/8\/2019\/03\/PlaquetteMalzone-300x125.png\" alt=\"\" width=\"583\" height=\"243\" srcset=\"https:\/\/www.save.chasseurducentrevaldeloire.fr\/fdc41\/wp-content\/uploads\/sites\/8\/2019\/03\/PlaquetteMalzone-300x125.png 300w, https:\/\/www.save.chasseurducentrevaldeloire.fr\/fdc41\/wp-content\/uploads\/sites\/8\/2019\/03\/PlaquetteMalzone-768x319.png 768w, https:\/\/www.save.chasseurducentrevaldeloire.fr\/fdc41\/wp-content\/uploads\/sites\/8\/2019\/03\/PlaquetteMalzone-1024x425.png 1024w, https:\/\/www.save.chasseurducentrevaldeloire.fr\/fdc41\/wp-content\/uploads\/sites\/8\/2019\/03\/PlaquetteMalzone.png 1510w\" sizes=\"auto, (max-width: 583px) 100vw, 583px\" \/><\/a><\/p>\n<p>&nbsp;<\/p>\n<p>&nbsp;<\/p>\n<p>&nbsp;<\/p>\n<p>[\/vc_column_text][\/vc_column][\/vc_row][vc_row][vc_column][vc_column_text]<strong>Vous souhaitez venir vous balader \u00e0 la R\u00e9serve de Chasse et de Faune sauvage de Malzon\u00e9\u00a0?<\/strong><\/p>\n<p>&nbsp;<\/p>\n<p>D\u00e9couvrez l\u2019application \u00ab\u00a0Cirkwi\u00a0\u00bb qui vous permet de parcourir des itin\u00e9raires et lieux d&rsquo;int\u00e9r\u00eat comme la R\u00e9serve de Malzon\u00e9 puis de les embarquer (cartes, textes, photos&#8230;) sur votre smartphone ou tablette afin de les utiliser sans connexion.<\/p>\n<p>&nbsp;<\/p>\n<ul>\n<li><a href=\"https:\/\/www.cirkwi.com\/fr\/circuit\/127284-reserve-de-chasse-et-de-faune-sauvage-de-malzone\"><span style=\"color: #2f5496\"><strong>https:\/\/www.cirkwi.com\/fr\/circuit\/127284-reserve-de-chasse-et-de-faune-sauvage-de-malzone<\/strong><\/span><\/a><\/li>\n<\/ul>\n<p>&nbsp;<\/p>\n<p>Le point fort du parcours repose sur la dimension naturelle et \u00e9cologique du site. La r\u00e9serve constitue un espace dont le potentiel animal et v\u00e9g\u00e9tal est pr\u00e9serv\u00e9 et valoris\u00e9. Le circuit offre la possibilit\u00e9 de cheminer en immersion sur deux sentiers, dont l&rsquo;un est accessible toute l&rsquo;ann\u00e9e. Le parcours est jalonn\u00e9 de points d\u2019observation et de deux observatoires \u00e9quip\u00e9s de panneaux p\u00e9dagogiques illustr\u00e9s.<\/p>\n<p>&nbsp;<\/p>\n<p>&nbsp;<\/p>\n<p><em>\u00a0<\/em><\/p>\n<p><em>Quelques photographies\u2026<\/em><\/p>\n<p>[\/vc_column_text][\/vc_column][\/vc_row][vc_row][vc_column width=\u00a0\u00bb1\/2&Prime;][vc_single_image image=\u00a0\u00bb3443&Prime; img_size=\u00a0\u00bbmedium\u00a0\u00bb alignment=\u00a0\u00bbcenter\u00a0\u00bb][\/vc_column][vc_column width=\u00a0\u00bb1\/2&Prime;][vc_single_image image=\u00a0\u00bb3444&Prime; img_size=\u00a0\u00bbmedium\u00a0\u00bb alignment=\u00a0\u00bbcenter\u00a0\u00bb][\/vc_column][\/vc_row][vc_row][vc_column][vc_empty_space][\/vc_column][\/vc_row][vc_row][vc_column][vc_single_image image=\u00a0\u00bb3446&Prime; img_size=\u00a0\u00bbmedium\u00a0\u00bb add_caption=\u00a0\u00bbyes\u00a0\u00bb alignment=\u00a0\u00bbcenter\u00a0\u00bb][\/vc_column][\/vc_row][vc_row][vc_column][vc_empty_space][\/vc_column][\/vc_row][vc_row][vc_column][vc_column_text]<\/p>\n<p>L\u2019\u00e9tang est vite rentr\u00e9 dans le <strong>top 5 des Espaces Naturels Sensibles<\/strong> du d\u00e9partement (ENS 41), parmi les 28 que compte le Loir-et-Cher. Gr\u00e2ce au Conseil D\u00e9partemental, l\u2019installation d\u2019un \u00e9co-compteur a permis d\u2019enregistrer 5 000 visiteurs entre le 1<sup>er<\/sup> juillet et le 31 d\u00e9cembre 2019, sur le sentier de la Tour.<\/p>\n<p>Depuis, un deuxi\u00e8me \u00e9co-compteur a pris place sur le sentier du Souchet et r\u00e9v\u00e8le une fr\u00e9quentation importante\u00a0!<\/p>\n<p>&nbsp;<\/p>\n<p><img loading=\"lazy\" decoding=\"async\" class=\"wp-image-4384 aligncenter\" src=\"https:\/\/www.chasseurducentrevaldeloire.fr\/fdc41\/wp-content\/uploads\/sites\/8\/2020\/12\/EncartMalzone-221x300.png\" alt=\"\" width=\"320\" height=\"434\" srcset=\"https:\/\/www.save.chasseurducentrevaldeloire.fr\/fdc41\/wp-content\/uploads\/sites\/8\/2020\/12\/EncartMalzone-221x300.png 221w, https:\/\/www.save.chasseurducentrevaldeloire.fr\/fdc41\/wp-content\/uploads\/sites\/8\/2020\/12\/EncartMalzone.png 298w\" sizes=\"auto, (max-width: 320px) 100vw, 320px\" \/>[\/vc_column_text][vc_empty_space][\/vc_column][\/vc_row][vc_row][vc_column width=\u00a0\u00bb1\/3&Prime;][vc_column_text]<\/p>\n<p style=\"text-align: center\"><strong>Laissez nous votre avis sur la r\u00e9serve<\/strong><\/p>\n<p>[\/vc_column_text][\/vc_column][vc_column width=\u00a0\u00bb1\/3&Prime;][vc_raw_html]JTNDZGl2JTIwaWQlM0QlMjJmaWxlQ29udGVudF8zODYyNzElMjIlM0UlM0NhJTIwaHJlZiUzRCUyMmh0dHBzJTNBJTJGJTJGd3d3LnBldGl0ZnV0ZS5jb20lMjIlMjB0aXRsZSUzRCUyMlBldGl0JTIwRnV0JUMzJUE5JTIyJTNFJTNDaW1nJTIwc3JjJTNEJTIyaHR0cHMlM0ElMkYlMkZ3d3cucGV0aXRmdXRlLmNvbSUyRmltZyUyRndpZGdldCUyRmxvZ28uanBnJTIyJTIwd2lkdGglM0QlMjIxMDAlMjIlMjBoZWlnaHQlM0QlMjIxMDAlMjIlMjBib3JkZXIlM0QlMjIwJTIyJTIwYWx0JTNEJTIyUGV0aXQlMjBGdXQlQzMlQTklMjIlMjAlMkYlM0UlM0MlMkZhJTNFJTNDJTJGZGl2JTNFJTBBJTBBJTNDc2NyaXB0JTIwbGFuZ3VhZ2UlM0QlMjJqYXZhc2NyaXB0JTIyJTIwdHlwZSUzRCUyMnRleHQlMkZqYXZhc2NyaXB0JTIyJTIwc3JjJTNEJTIyaHR0cHMlM0ElMkYlMkZwcm8ucGV0aXRmdXRlLmNvbSUyRmNvbXB0ZSUyRndpZGdldCUyRmV0YWJsaXNzZW1lbnQlMkYzODYyNzElMkZzcmMlMkYxJTJGJTIyJTNFJTNDJTJGc2NyaXB0JTNF[\/vc_raw_html][\/vc_column][vc_column width=\u00a0\u00bb1\/3&Prime;][\/vc_column][\/vc_row][vc_row][\/vc_row]<\/p>\n","protected":false},"excerpt":{"rendered":"<p>[vc_row][vc_column width=\u00a0\u00bb1\/2&Prime;][vc_single_image image=\u00a0\u00bb3434&Prime; img_size=\u00a0\u00bbfull\u00a0\u00bb add_caption=\u00a0\u00bbyes\u00a0\u00bb alignment=\u00a0\u00bbcenter\u00a0\u00bb][\/vc_column][vc_column width=\u00a0\u00bb1\/2&Prime;][vc_single_image image=\u00a0\u00bb3435&Prime; img_size=\u00a0\u00bbfull\u00a0\u00bb alignment=\u00a0\u00bbcenter\u00a0\u00bb][\/vc_column][\/vc_row][vc_row][vc_column][vc_empty_space][vc_column_text]INFORMATION IMPORTANTE\u00a0: En raison de la mise en assec de l\u2019\u00e9tang et des travaux d\u2019am\u00e9nagement \u00e0 venir, le sentier du Souchet restera ferm\u00e9 cette ann\u00e9e. Rendez-vous au printemps 2023 ou sur le sentier de la Tour&#8230;<\/p>\n","protected":false},"author":6,"featured_media":0,"parent":0,"menu_order":0,"comment_status":"closed","ping_status":"closed","template":"","meta":{"_acf_changed":false,"inline_featured_image":false,"_exactmetrics_skip_tracking":false,"_exactmetrics_sitenote_active":false,"_exactmetrics_sitenote_note":"","_exactmetrics_sitenote_category":0,"footnotes":""},"class_list":["post-3248","page","type-page","status-publish","hentry"],"acf":[],"publishpress_future_action":{"enabled":false,"date":"2026-04-18 12:24:41","action":"change-status","newStatus":"draft","terms":[],"taxonomy":"","extraData":[]},"publishpress_future_workflow_manual_trigger":{"enabledWorkflows":[]},"_links":{"self":[{"href":"https:\/\/www.save.chasseurducentrevaldeloire.fr\/fdc41\/wp-json\/wp\/v2\/pages\/3248","targetHints":{"allow":["GET"]}}],"collection":[{"href":"https:\/\/www.save.chasseurducentrevaldeloire.fr\/fdc41\/wp-json\/wp\/v2\/pages"}],"about":[{"href":"https:\/\/www.save.chasseurducentrevaldeloire.fr\/fdc41\/wp-json\/wp\/v2\/types\/page"}],"author":[{"embeddable":true,"href":"https:\/\/www.save.chasseurducentrevaldeloire.fr\/fdc41\/wp-json\/wp\/v2\/users\/6"}],"replies":[{"embeddable":true,"href":"https:\/\/www.save.chasseurducentrevaldeloire.fr\/fdc41\/wp-json\/wp\/v2\/comments?post=3248"}],"version-history":[{"count":20,"href":"https:\/\/www.save.chasseurducentrevaldeloire.fr\/fdc41\/wp-json\/wp\/v2\/pages\/3248\/revisions"}],"predecessor-version":[{"id":5460,"href":"https:\/\/www.save.chasseurducentrevaldeloire.fr\/fdc41\/wp-json\/wp\/v2\/pages\/3248\/revisions\/5460"}],"wp:attachment":[{"href":"https:\/\/www.save.chasseurducentrevaldeloire.fr\/fdc41\/wp-json\/wp\/v2\/media?parent=3248"}],"curies":[{"name":"wp","href":"https:\/\/api.w.org\/{rel}","templated":true}]}}