{"id":3016,"date":"2018-06-05T11:28:47","date_gmt":"2018-06-05T09:28:47","guid":{"rendered":"http:\/\/www.chasseurducentrevaldeloire.fr\/fdc41\/?page_id=3016"},"modified":"2025-01-31T11:49:38","modified_gmt":"2025-01-31T10:49:38","slug":"maison-de-la-chasse-et-de-la-nature","status":"publish","type":"page","link":"https:\/\/www.save.chasseurducentrevaldeloire.fr\/fdc41\/maison-de-la-chasse-et-de-la-nature\/","title":{"rendered":"Maison de la Chasse et de la Nature"},"content":{"rendered":"<p>[vc_row][vc_column][vc_column_text]<img loading=\"lazy\" decoding=\"async\" class=\"wp-image-3237 aligncenter\" src=\"http:\/\/www.chasseurducentrevaldeloire.fr\/fdc41\/wp-content\/uploads\/sites\/8\/2018\/12\/maisonchasse-300x225.jpg\" alt=\"\" width=\"368\" height=\"276\" srcset=\"https:\/\/www.save.chasseurducentrevaldeloire.fr\/fdc41\/wp-content\/uploads\/sites\/8\/2018\/12\/maisonchasse-300x225.jpg 300w, https:\/\/www.save.chasseurducentrevaldeloire.fr\/fdc41\/wp-content\/uploads\/sites\/8\/2018\/12\/maisonchasse-768x576.jpg 768w, https:\/\/www.save.chasseurducentrevaldeloire.fr\/fdc41\/wp-content\/uploads\/sites\/8\/2018\/12\/maisonchasse-800x600.jpg 800w, https:\/\/www.save.chasseurducentrevaldeloire.fr\/fdc41\/wp-content\/uploads\/sites\/8\/2018\/12\/maisonchasse.jpg 971w\" sizes=\"auto, (max-width: 368px) 100vw, 368px\" \/><\/p>\n<p>&nbsp;<\/p>\n<p>&nbsp;<\/p>\n<p>&nbsp;<\/p>\n<p>Le site de formation \u00ab\u00a0<strong>le March\u00e9 Coutant<\/strong>\u00a0\u00bb, situ\u00e9 \u00e0 35 Km au sud-est de Blois, \u00e0 Montrieux en Sologne a \u00e9t\u00e9 inaugur\u00e9 en avril 2004. Ce lieu privil\u00e9gi\u00e9 d\u2019une \u00e9tendue de 14 ha, accueille les diff\u00e9rentes formations propos\u00e9es par la F\u00e9d\u00e9ration d\u00e9partementale des Chasseurs de Loir-et-Cher.<br \/>\nUne salle de r\u00e9union y est mise \u00e0 la disposition des diff\u00e9rentes associations.<\/p>\n<p>&nbsp;<\/p>\n<p><u>Ce site comprend :<\/u><\/p>\n<p>&nbsp;<\/p>\n<ul>\n<li><strong>Le parcours de formation pratique au permis de chasser<\/strong><\/li>\n<\/ul>\n<p>&nbsp;<\/p>\n<p><img loading=\"lazy\" decoding=\"async\" class=\"size-medium wp-image-3238 alignleft\" src=\"http:\/\/www.chasseurducentrevaldeloire.fr\/fdc41\/wp-content\/uploads\/sites\/8\/2018\/12\/maisonchasseformation-300x200.jpg\" alt=\"\" width=\"300\" height=\"200\" srcset=\"https:\/\/www.save.chasseurducentrevaldeloire.fr\/fdc41\/wp-content\/uploads\/sites\/8\/2018\/12\/maisonchasseformation-300x200.jpg 300w, https:\/\/www.save.chasseurducentrevaldeloire.fr\/fdc41\/wp-content\/uploads\/sites\/8\/2018\/12\/maisonchasseformation.jpg 682w\" sizes=\"auto, (max-width: 300px) 100vw, 300px\" \/>Il comprend <strong>7 ateliers<\/strong> permettant aux candidats de s\u2019initier au maniement de l\u2019arme en toute s\u00e9curit\u00e9.<\/p>\n<p>Taux de r\u00e9ussite de l\u2019\u00e9preuve pratique\u00a0: <strong>95\u00a0%<\/strong> contre 93\u00a0% au niveau national<\/p>\n<p>Taux de r\u00e9ussite de l\u2019\u00e9preuve th\u00e9orique\u00a0: <strong>80\u00a0%<\/strong> contre 73\u00a0% au niveau national<\/p>\n<p>&nbsp;<\/p>\n<p>(Plus d\u2019infos dans le 3<sup>e<\/sup> onglet \u00ab\u00a0<a href=\"http:\/\/www.chasseurducentrevaldeloire.fr\/fdc41\/permis-de-chasser-et-chasse-accompagnee\/\" target=\"_blank\" rel=\"noopener\"><span style=\"color: #2f5496\"><strong>Permis &amp; Formations<\/strong><\/span>\u00a0<\/a>\u00bb)<\/p>\n<p><strong>\u00a0<\/strong><\/p>\n<p><strong>\u00a0<\/strong>[\/vc_column_text][vc_empty_space height=\u00a0\u00bb100px\u00a0\u00bb][vc_column_text]<\/p>\n<ul>\n<li><strong>Le sentier de pi\u00e9geage<\/strong><\/li>\n<\/ul>\n<p>&nbsp;<\/p>\n<p>Cr\u00e9\u00e9 au printemps 2004, en partenariat avec l\u2019Association D\u00e9partementale des Pi\u00e9geurs de Loir-et-Cher (A.D.P.L.C.), cet outil de formation a \u00e9t\u00e9 inaugur\u00e9 en Septembre 2004 lors de l\u2019assembl\u00e9e g\u00e9n\u00e9rale de l\u2019A.D.P.L.C.<\/p>\n<p>&nbsp;<\/p>\n<p>Aujourd\u2019hui, <strong>35 techniques de pi\u00e9geage et 80 pi\u00e8ges<\/strong> avec panneaux \u00e9ducatifs composent ce sentier d\u00e9di\u00e9 \u00e0 la formation des futurs pi\u00e9geurs.<\/p>\n<p>&nbsp;<\/p>\n<ol>\n<li><img loading=\"lazy\" decoding=\"async\" class=\"size-full wp-image-3239 alignright\" src=\"http:\/\/www.chasseurducentrevaldeloire.fr\/fdc41\/wp-content\/uploads\/sites\/8\/2018\/12\/sentier.jpg\" alt=\"\" width=\"250\" height=\"240\" \/>\u00a0Pi\u00e9geage au tas de fumier<\/li>\n<li>\u00a0Pi\u00e9geage en gueule de terrier<\/li>\n<li>\u00a0Pi\u00e9geage au tas de paille<\/li>\n<li>\u00a0Corbeauti\u00e8re<\/li>\n<li>\u00a0Pi\u00e9geage au tas de bois<\/li>\n<li>\u00a0Pi\u00e9geage en jardinet<\/li>\n<li>\u00a0Pi\u00e9geage en sentier<\/li>\n<li>\u00a0Assommoir<\/li>\n<li>\u00a0Pi\u00e9geage en voli\u00e8re<\/li>\n<\/ol>\n<p>&nbsp;<\/p>\n<p>&nbsp;<\/p>\n<p>&nbsp;<\/p>\n<p>Il est pr\u00e9vu au minimum trois sessions de formation (en octobre, f\u00e9vrier et juin) pour accueillir les 150 personnes inscrites annuellement. Cette installation p\u00e9dagogique est \u00e9galement utilis\u00e9e dans le cadre de journ\u00e9es de formation compl\u00e9mentaires destin\u00e9es aux pi\u00e9geurs d\u00e9j\u00e0 agr\u00e9\u00e9s.<\/p>\n<p>[\/vc_column_text][vc_empty_space height=\u00a0\u00bb100px\u00a0\u00bb][vc_column_text]<img loading=\"lazy\" decoding=\"async\" class=\"aligncenter wp-image-2986 size-full\" src=\"http:\/\/www.chasseurducentrevaldeloire.fr\/fdc41\/wp-content\/uploads\/sites\/8\/2018\/06\/LogoDomaine41-83ccb.gif\" alt=\"\" width=\"70\" height=\"72\" \/><\/p>\n<p>&nbsp;<\/p>\n<p>&nbsp;<\/p>\n<p style=\"text-align: center\">Pour plus d\u2019informations, vous pouvez nous contacter au : T\u00e9l. : 02.54.50.01.60 &#8211; Contact : <u><a href=\"mailto:fdc41@wanadoo.fr\"><span style=\"color: #2f5496\"><strong>fdc41@wanadoo.fr<\/strong><\/span><\/a><\/u><\/p>\n<p>[\/vc_column_text][\/vc_column][\/vc_row][vc_row][vc_column][\/vc_column][\/vc_row]<\/p>\n","protected":false},"excerpt":{"rendered":"<p>[vc_row][vc_column][vc_column_text] &nbsp; &nbsp; &nbsp; Le site de formation \u00ab\u00a0le March\u00e9 Coutant\u00a0\u00bb, situ\u00e9 \u00e0 35 Km au sud-est de Blois, \u00e0 Montrieux en Sologne a \u00e9t\u00e9 inaugur\u00e9 en avril 2004. Ce lieu privil\u00e9gi\u00e9 d\u2019une \u00e9tendue de 14 ha, accueille les diff\u00e9rentes formations propos\u00e9es par la F\u00e9d\u00e9ration&#8230;<\/p>\n","protected":false},"author":2,"featured_media":0,"parent":0,"menu_order":0,"comment_status":"closed","ping_status":"closed","template":"","meta":{"_acf_changed":false,"inline_featured_image":false,"_exactmetrics_skip_tracking":false,"_exactmetrics_sitenote_active":false,"_exactmetrics_sitenote_note":"","_exactmetrics_sitenote_category":0,"footnotes":""},"class_list":["post-3016","page","type-page","status-publish","hentry"],"acf":[],"publishpress_future_action":{"enabled":false,"date":"2026-04-18 12:16:39","action":"change-status","newStatus":"draft","terms":[],"taxonomy":"","extraData":[]},"publishpress_future_workflow_manual_trigger":{"enabledWorkflows":[]},"_links":{"self":[{"href":"https:\/\/www.save.chasseurducentrevaldeloire.fr\/fdc41\/wp-json\/wp\/v2\/pages\/3016","targetHints":{"allow":["GET"]}}],"collection":[{"href":"https:\/\/www.save.chasseurducentrevaldeloire.fr\/fdc41\/wp-json\/wp\/v2\/pages"}],"about":[{"href":"https:\/\/www.save.chasseurducentrevaldeloire.fr\/fdc41\/wp-json\/wp\/v2\/types\/page"}],"author":[{"embeddable":true,"href":"https:\/\/www.save.chasseurducentrevaldeloire.fr\/fdc41\/wp-json\/wp\/v2\/users\/2"}],"replies":[{"embeddable":true,"href":"https:\/\/www.save.chasseurducentrevaldeloire.fr\/fdc41\/wp-json\/wp\/v2\/comments?post=3016"}],"version-history":[{"count":10,"href":"https:\/\/www.save.chasseurducentrevaldeloire.fr\/fdc41\/wp-json\/wp\/v2\/pages\/3016\/revisions"}],"predecessor-version":[{"id":6410,"href":"https:\/\/www.save.chasseurducentrevaldeloire.fr\/fdc41\/wp-json\/wp\/v2\/pages\/3016\/revisions\/6410"}],"wp:attachment":[{"href":"https:\/\/www.save.chasseurducentrevaldeloire.fr\/fdc41\/wp-json\/wp\/v2\/media?parent=3016"}],"curies":[{"name":"wp","href":"https:\/\/api.w.org\/{rel}","templated":true}]}}