{"id":2915,"date":"2018-05-22T17:01:10","date_gmt":"2018-05-22T15:01:10","guid":{"rendered":"http:\/\/www.chasseurducentrevaldeloire.fr\/fdc41\/?page_id=2915"},"modified":"2025-01-31T11:51:11","modified_gmt":"2025-01-31T10:51:11","slug":"animations-scolaires","status":"publish","type":"page","link":"https:\/\/www.save.chasseurducentrevaldeloire.fr\/fdc41\/animations-scolaires\/","title":{"rendered":"Animations scolaires"},"content":{"rendered":"<p>[vc_row][vc_column][vc_column_text]<\/p>\n<h2 style=\"text-align: center\"><strong>Animations enfants<\/strong><\/h2>\n<p>&nbsp;<\/p>\n<p>&nbsp;<\/p>\n<p><strong>DECOUVERTE DE LA NATURE &#8211; \u00c9DUCATION A L\u2019ENVIRONNEMENT<\/strong><\/p>\n<p>&nbsp;<\/p>\n<p>Nos activit\u00e9s d\u2019\u00e9ducation \u00e0 l\u2019environnement sont adapt\u00e9es \u00e0 diff\u00e9rents publics\u00a0:<\/p>\n<ul>\n<li>Ecoles maternelles &amp; primaires<\/li>\n<li>Coll\u00e8ges<\/li>\n<li>Lyc\u00e9es<\/li>\n<li>Centres d\u2019accueil<\/li>\n<li>IME, ITEP\u2026<\/li>\n<\/ul>\n<p>&nbsp;<\/p>\n<p>Les th\u00e8mes d\u2019\u00e9tude de nos activit\u00e9s p\u00e9dagogiques sont tr\u00e8s vari\u00e9s. Ils respectent les grands cycles d\u2019apprentissage de l\u2019Education Nationale et s\u2019int\u00e8grent \u00e9galement aux projets \u00e9ducatifs des structures.<br \/>\nNos actions \u00e9ducatives reposent sur une d\u00e9marche p\u00e9dagogique diversifi\u00e9e. Nous privil\u00e9gions les situations concr\u00e8tes et l\u2019approche participative pour d\u00e9velopper chez l\u2019\u00e9l\u00e8ve la sensibilit\u00e9, l\u2019initiative, la cr\u00e9ativit\u00e9, le sens des responsabilit\u00e9s et de l\u2019action.<\/p>\n<p>&nbsp;<\/p>\n<h3><strong><u>Th\u00e9matiques naturalistes<\/u>\u00a0:<\/strong><\/h3>\n<p>&nbsp;<\/p>\n<p><em>Sur le terrain<\/em>\u00a0: Les animations sur le terrain favorisent le contact direct avec la nature \u00e0 travers plusieurs phases\u00a0: l\u2019observation, la d\u00e9couverte, la compr\u00e9hension. La mise en situation et la participation active du public lui permettent de s\u2019impr\u00e9gner de son environnement et de vivre pleinement la nature.<br \/>\n<em>Th\u00e8mes<\/em>\u00a0: traces &amp; indices de pr\u00e9sence, les oiseaux, l\u2019arbre et la for\u00eat, les insectes, la rivi\u00e8re, l\u2019\u00e9tang, sur les traces du blaireau, la haie, les p\u2019tites b\u00eates de l\u2019eau, etc.<\/p>\n<p><em>Objectifs\u00a0<strong>:<\/strong><\/em><\/p>\n<ul>\n<li>Prendre conscience de la diversit\u00e9 du vivant<\/li>\n<li>Observer et d\u00e9couvrir son environnement pour apprendre \u00e0 le conna\u00eetre et \u00e0 le comprendre<\/li>\n<li>Savoir appr\u00e9cier la nature et la respecter<\/li>\n<\/ul>\n<p>&nbsp;<\/p>\n<p><strong><em>En ateliers<\/em>\u00a0:<\/strong> Les ateliers propos\u00e9s en salle sont compl\u00e9mentaires des activit\u00e9s de terrain, notamment des animations sur les oiseaux et sur les traces.\u00a0Pattes, ailes, becs, des outils sur mesures\u00a0! Les rapaces et leurs pelotes. Nichoirs &amp; mangeoires. Moulages &amp; empreintes\u2026<\/p>\n<p>&nbsp;<\/p>\n<p>&nbsp;<\/p>\n<h3><strong><u>Th\u00e9matiques environnementales<\/u>\u00a0:<\/strong><\/h3>\n<p>&nbsp;<\/p>\n<p>Ces animations se d\u00e9clinent le plus souvent sous forme d\u2019ateliers en salle, \u00e0 l\u2019aide de diff\u00e9rents supports p\u00e9dagogiques.\u00a0Th\u00e8mes\u00a0: les d\u00e9chets, l\u2019eau, le d\u00e9veloppement durable, \u00e9cocitoyennet\u00e9 et gestes au quotidien, l\u2019empreinte \u00e9cologique, etc.<\/p>\n<p>&nbsp;<\/p>\n<p>Objectifs\u00a0:<\/p>\n<ul>\n<li>Prendre conscience des liens qui unissent l\u2019homme \u00e0 la terre<\/li>\n<li>R\u00e9fl\u00e9chir aux cons\u00e9quences des activit\u00e9s humaines sur l\u2019environnement<\/li>\n<li>Acqu\u00e9rir un comportement responsable et respectueux envers la nature et l\u2019environnement<\/li>\n<\/ul>\n<p>&nbsp;<\/p>\n<p>&nbsp;<\/p>\n<h3><strong><u>Les sites privil\u00e9gi\u00e9s de la f\u00e9d\u00e9ration des chasseurs de Loir-et-Cher<\/u>\u00a0:<\/strong><\/h3>\n<p>&nbsp;<\/p>\n<p><em>L\u2019Etang de Malzon\u00e9,\u00a0Espace Naturel Sensible (ENS)\u00a0<\/em>:<br \/>\nLa R\u00e9serve de Malzon\u00e9 se situe \u00e0 Millan\u00e7ay, au c\u0153ur de la Sologne des Etangs. Elle pr\u00e9sente un int\u00e9r\u00eat majeur pour l\u2019avifaune migratrice. Dot\u00e9e d\u2019un observatoire et de panneaux p\u00e9dagogiques, c\u2019est un excellent support de sensibilisation et d\u2019\u00e9ducation \u00e0 l\u2019environnement qui contribue \u00e0 \u00e9veiller le sens de responsabilit\u00e9 de chacun. Cadre id\u00e9al d\u2019observation, l\u2019Etang de Malzon\u00e9 se pr\u00eate \u00e0 des th\u00e9matiques vari\u00e9es\u00a0: histoire et fonctionnement de l\u2019\u00e9tang, les canards et autres oiseaux d\u2019eau, le ph\u00e9nom\u00e8ne de migration, etc.<\/p>\n<p>&nbsp;<\/p>\n<p><em>La Maison de la Chasse et de la Nature\u00a0:\u00a0<\/em><br \/>\nSitu\u00e9e \u00e0 Montrieux en Sologne, la Maison de la Chasse et de la Nature offre des conditions d\u2019accueil tr\u00e8s favorables aux groupes. Un b\u00e2timent p\u00e9dagogique \u00e9quip\u00e9 d&rsquo;une baie vitr\u00e9e plongeant sous l&rsquo;eau, permet d\u2019\u00e9tudier de pr\u00e8s le monde aquatique et d&rsquo;animer des ateliers (cf. ateliers propos\u00e9s plus haut). Le site, est un excellent support d\u2019animation gr\u00e2ce \u00e0 ses 14 hectares et \u00e0 son \u00e9tang qui offrent un potentiel non n\u00e9gligeable pour d\u00e9couvrir la nature. Sur place \u00e9galement, un parc p\u00e9dagogique \u00e0 ciel ouvert accueille une vingtaine d&rsquo;esp\u00e8ces locales d&rsquo;oiseaux d&rsquo;eau qui peuvent \u00eatre observ\u00e9s \u00e0 proximit\u00e9 directe. Ainsi peuvent \u00eatre abord\u00e9es les th\u00e9matiques suivantes\u00a0: l\u2019\u00e9tang, traces et indices de pr\u00e9sence, l\u2019arbre, la vie du sol, d\u00e9couverte des oiseaux d&rsquo;eau, petites b\u00eates de l&rsquo;eau, etc.<\/p>\n<p>&nbsp;<\/p>\n<p>&nbsp;<\/p>\n<h3><strong><u>Modalit\u00e9s d\u2019intervention, informations pratiques<\/u>\u00a0:<\/strong><\/h3>\n<p>&nbsp;<\/p>\n<p><em>Qualit\u00e9s et comp\u00e9tences<\/em>\u00a0:<\/p>\n<p>&nbsp;<\/p>\n<p><u>Agr\u00e9ments\u00a0:<\/u> La F\u00e9d\u00e9ration D\u00e9partementale des Chasseurs de Loir-et-Cher est agr\u00e9\u00e9e\u00a0:<\/p>\n<ul>\n<li>au titre de la Protection de la Nature et de l\u2019Environnement,<\/li>\n<li>en qualit\u00e9 d\u2019Association Educative Compl\u00e9mentaire de l\u2019Enseignement Public dans le d\u00e9partement de Loir-et-Cher.<\/li>\n<\/ul>\n<p>&nbsp;<\/p>\n<p>La F\u00e9d\u00e9ration des Chasseurs de Loir-et-Cher peut vous accompagner tout au long de l\u2019ann\u00e9e scolaire dans diff\u00e9rents projets d\u2019\u00e9ducation \u00e0 l\u2019environnement pour un d\u00e9veloppement durable. Notre animatrice est titulaire de plusieurs dipl\u00f4mes, l\u2019un est agr\u00e9\u00e9 par le Minist\u00e8re de la Jeunesse &amp; des Sports.<br \/>\nSelon vos besoins et vos attentes, nous \u00e9tudions ensemble le projet qui vous convient le mieux. Le contenu de nos animations est \u00e9galement adapt\u00e9 au niveau scolaire et au lieu d\u2019intervention. Une documentation p\u00e9dagogique vous sera remise apr\u00e8s chaque intervention pour que vous puissiez r\u00e9utiliser au mieux son contenu et approfondir la th\u00e9matique.<\/p>\n<p>&nbsp;<\/p>\n<p><em>Les interventions<\/em>\u00a0:<\/p>\n<ul>\n<li>Ponctuelles, en compl\u00e9ment d\u2019actions que vous menez en autonomie avec votre classe. Il s\u2019agit alors plus d\u2019une sensibilisation ou d\u2019une d\u00e9couverte sur \u00bd journ\u00e9e ou 1 journ\u00e9e.<\/li>\n<li>Sur l\u2019ensemble de l\u2019ann\u00e9e scolaire, pour mener de v\u00e9ritables actions d\u2019\u00e9ducation \u00e0 l\u2019environnement autour d\u2019un programme plus complet de 4 \u00e0 5 interventions.<\/li>\n<\/ul>\n<p>&nbsp;<\/p>\n<p><em>Les lieux<\/em>\u00a0:<\/p>\n<ul>\n<li>Nous vous accueillons sur nos deux sites\u00a0: la Maison de la Chasse et de la Nature \u00e0 Montrieux en Sologne et l\u2019Etang de Malzon\u00e9, R\u00e9serve de Faune Sauvage, \u00e0 Millan\u00e7ay.<\/li>\n<li>Nous intervenons \u00e9galement sur l\u2019ensemble du d\u00e9partement de Loir-et-Cher et nous nous d\u00e9pla\u00e7ons dans votre \u00e9tablissement pour des ateliers ou \u00e0 proximit\u00e9 de celui-ci pour les d\u00e9couvertes de terrain en utilisant au mieux les potentialit\u00e9s des sites qui s\u2019offrent \u00e0 nous et en fonction des th\u00e9matiques que vous souhaitez aborder.<\/li>\n<\/ul>\n<p>&nbsp;<\/p>\n<p><em>Le mat\u00e9riel<\/em>\u00a0:<\/p>\n<ul>\n<li>Pr\u00eat \u00e0 titre gracieux\u00a0: jumelles, longue-vue, bo\u00eetes loupes, troubles-eau, mallettes p\u00e9dagogiques, etc.<\/li>\n<li>Surco\u00fbt\u00a0: pour les ateliers tels fabrication de nichoirs ou de mangeoires<\/li>\n<\/ul>\n<p><u><br \/>\n<\/u><br \/>\nUn devis \u00e9crit sera \u00e9tabli pour chaque demande et reprendra les modalit\u00e9s de l\u2019intervention (lieu, th\u00e8mes, date, tarif, etc.)<\/p>\n<p>&nbsp;<\/p>\n<p>&nbsp;<\/p>\n<h3><strong><u>Inscriptions &amp; renseignements<\/u>\u00a0<\/strong>:<\/h3>\n<p>&nbsp;<\/p>\n<p>Marie Schricke-Doyen, Educatrice \u00e0 l\u2019environnement<br \/>\nF\u00e9d\u00e9ration des Chasseurs de Loir-et-Cher<br \/>\n36 rue des Laudi\u00e8res \u2013 BP 30068<br \/>\n41353 Vineuil Cedex<br \/>\nT\u00e9l. 02 54 50 01 60<br \/>\nPort. 06 81 66 56 09<br \/>\nCourriel\u00a0:\u00a0 <strong><span style=\"color: #2f5496\"><a style=\"color: #2f5496\" href=\"mailto:animation.environnement.fdc41@orange.fr\">animation.environnement.fdc41@orange.fr<\/a><\/span><\/strong><\/p>\n<p>&nbsp;<\/p>\n<p>&nbsp;<\/p>\n<p><strong>Documents \u00e0 t\u00e9l\u00e9charger\u00a0:<\/strong><\/p>\n<ul>\n<li><strong><span style=\"color: #2f5496\"><a style=\"color: #2f5496\" href=\"http:\/\/www.chasseurducentrevaldeloire.fr\/fdc41\/wp-content\/uploads\/sites\/8\/2018\/05\/Thematiquesanim.pdf\" target=\"_blank\" rel=\"noopener noreferrer\">D\u00e9tail des animations<\/a><\/span><\/strong><\/li>\n<li><span style=\"color: #2f5496\"><strong><a style=\"color: #2f5496\" href=\"http:\/\/www.chasseurducentrevaldeloire.fr\/fdc41\/wp-content\/uploads\/sites\/8\/2018\/05\/Ficherenseignementsanim.pdf\" target=\"_blank\" rel=\"noopener noreferrer\">Fiche technique<\/a><\/strong><\/span><\/li>\n<li><span style=\"color: #2f5496\"><strong><a style=\"color: #2f5496\" href=\"http:\/\/www.chasseurducentrevaldeloire.fr\/fdc41\/wp-content\/uploads\/sites\/8\/2018\/05\/Ficheevaluationanim.pdf\">Fiche d\u2019\u00e9valuation<\/a><\/strong><\/span><\/li>\n<\/ul>\n<p>&nbsp;<\/p>\n<p><iframe loading=\"lazy\" title=\"Stage Chasse P\u00eache Nature FDC 41\" width=\"1100\" height=\"619\" src=\"https:\/\/www.youtube.com\/embed\/ATn8TfI9ORA?feature=oembed\" frameborder=\"0\" allow=\"accelerometer; autoplay; clipboard-write; encrypted-media; gyroscope; picture-in-picture; web-share\" referrerpolicy=\"strict-origin-when-cross-origin\" allowfullscreen><\/iframe><\/p>\n<p>[\/vc_column_text][\/vc_column][\/vc_row]<\/p>\n","protected":false},"excerpt":{"rendered":"<p>[vc_row][vc_column][vc_column_text] Animations enfants &nbsp; &nbsp; DECOUVERTE DE LA NATURE &#8211; \u00c9DUCATION A L\u2019ENVIRONNEMENT &nbsp; Nos activit\u00e9s d\u2019\u00e9ducation \u00e0 l\u2019environnement sont adapt\u00e9es \u00e0 diff\u00e9rents publics\u00a0: Ecoles maternelles &amp; primaires Coll\u00e8ges Lyc\u00e9es Centres d\u2019accueil IME, ITEP\u2026 &nbsp; Les th\u00e8mes d\u2019\u00e9tude de nos activit\u00e9s p\u00e9dagogiques sont tr\u00e8s vari\u00e9s&#8230;.<\/p>\n","protected":false},"author":2,"featured_media":0,"parent":0,"menu_order":0,"comment_status":"closed","ping_status":"closed","template":"","meta":{"_acf_changed":false,"inline_featured_image":false,"_exactmetrics_skip_tracking":false,"_exactmetrics_sitenote_active":false,"_exactmetrics_sitenote_note":"","_exactmetrics_sitenote_category":0,"footnotes":""},"class_list":["post-2915","page","type-page","status-publish","hentry"],"acf":[],"publishpress_future_action":{"enabled":false,"date":"2026-04-18 12:16:39","action":"change-status","newStatus":"draft","terms":[],"taxonomy":"","extraData":[]},"publishpress_future_workflow_manual_trigger":{"enabledWorkflows":[]},"_links":{"self":[{"href":"https:\/\/www.save.chasseurducentrevaldeloire.fr\/fdc41\/wp-json\/wp\/v2\/pages\/2915","targetHints":{"allow":["GET"]}}],"collection":[{"href":"https:\/\/www.save.chasseurducentrevaldeloire.fr\/fdc41\/wp-json\/wp\/v2\/pages"}],"about":[{"href":"https:\/\/www.save.chasseurducentrevaldeloire.fr\/fdc41\/wp-json\/wp\/v2\/types\/page"}],"author":[{"embeddable":true,"href":"https:\/\/www.save.chasseurducentrevaldeloire.fr\/fdc41\/wp-json\/wp\/v2\/users\/2"}],"replies":[{"embeddable":true,"href":"https:\/\/www.save.chasseurducentrevaldeloire.fr\/fdc41\/wp-json\/wp\/v2\/comments?post=2915"}],"version-history":[{"count":10,"href":"https:\/\/www.save.chasseurducentrevaldeloire.fr\/fdc41\/wp-json\/wp\/v2\/pages\/2915\/revisions"}],"predecessor-version":[{"id":6412,"href":"https:\/\/www.save.chasseurducentrevaldeloire.fr\/fdc41\/wp-json\/wp\/v2\/pages\/2915\/revisions\/6412"}],"wp:attachment":[{"href":"https:\/\/www.save.chasseurducentrevaldeloire.fr\/fdc41\/wp-json\/wp\/v2\/media?parent=2915"}],"curies":[{"name":"wp","href":"https:\/\/api.w.org\/{rel}","templated":true}]}}