{"id":3468,"date":"2019-01-08T14:43:27","date_gmt":"2019-01-08T13:43:27","guid":{"rendered":"https:\/\/www.chasseurducentrevaldeloire.fr\/fdc37\/?page_id=3468"},"modified":"2025-01-09T12:04:49","modified_gmt":"2025-01-09T11:04:49","slug":"lieutenants-de-louveterie-2","status":"publish","type":"page","link":"https:\/\/www.save.chasseurducentrevaldeloire.fr\/fdc37\/lieutenants-de-louveterie-2\/","title":{"rendered":"Lieutenants de louveterie"},"content":{"rendered":"<p>[vc_row][vc_column][vc_column_text]<\/p>\n<h2 style=\"text-align: center\">LIEUTENANTS DE LOUVETERIE 2025-2029<\/h2>\n<p>&nbsp;<\/p>\n<table width=\"820\">\n<tbody>\n<tr>\n<td width=\"42\">N\u00b0<\/td>\n<td width=\"279\">Circonscription<\/td>\n<td width=\"171\">Nom<\/td>\n<td width=\"134\">T\u00e9l\u00e9phone<\/td>\n<td width=\"194\">Courriel<\/td>\n<\/tr>\n<tr>\n<td>1<\/td>\n<td width=\"279\">REGULATION URBAINE ET PERIURBAINE<\/td>\n<td width=\"171\">BESNARD J\u00e9r\u00e9my<\/td>\n<td width=\"134\">06.13.70.28.07<\/td>\n<td width=\"194\">besnard.jerem@gmail.com<\/td>\n<\/tr>\n<tr>\n<td>2<\/td>\n<td width=\"279\">BOURGUEIL- FONDETTTES<\/td>\n<td width=\"171\">FONTENY Nicolas<\/td>\n<td width=\"134\">06.62.28.05.12<\/td>\n<td width=\"194\">nicolas.fonteny@aol.com<\/td>\n<\/tr>\n<tr>\n<td>3<\/td>\n<td width=\"279\">SAINT PATERNE RACAN- CHATEAU RENAULT<\/td>\n<td width=\"171\">BAUDRIER Antoine<\/td>\n<td width=\"134\">06.22.66.29.61<\/td>\n<td width=\"194\"><a href=\"mailto:antoine.baudrier@orange.fr\">antoine.baudrier@orange.fr<\/a><\/td>\n<\/tr>\n<tr>\n<td>4<\/td>\n<td width=\"279\">CH\u00c2TEAU LA VALLIERE- MONNAIE<\/td>\n<td width=\"171\">BOIVINET Dominique<\/td>\n<td width=\"134\">02.47.56.58.80<br \/>\n06.80.90.74.35<\/td>\n<td width=\"194\"><a href=\"mailto:dominique.boivinet@laposte.net\">dominique.boivinet@laposte.net<\/a><\/td>\n<\/tr>\n<tr>\n<td>5<\/td>\n<td width=\"279\">AMBOISE \u2013 BALLAN MIR\u00c9<\/td>\n<td width=\"171\">BERTEAU Cl\u00e9ment<\/td>\n<td width=\"134\">06.69.34.69.42<\/td>\n<td width=\"194\"><a href=\"mailto:clementberteau@laposte.net\">clementberteau@laposte.net<\/a><\/td>\n<\/tr>\n<tr>\n<td>6<\/td>\n<td width=\"279\">LOCHES-ORBIGNY<\/td>\n<td width=\"171\">DUBOIS Eric<\/td>\n<td width=\"134\">02.47.59.55.64<br \/>\n06.88.99.98.23<\/td>\n<td width=\"194\">ericalex@orange.fr<\/td>\n<\/tr>\n<tr>\n<td>7<\/td>\n<td width=\"279\">DESCARTES -PREUILLY SUR CLAISE<\/td>\n<td width=\"171\">VENAULT Gu\u00e9na\u00ebl<\/td>\n<td width=\"134\">05.49.86.36.78<br \/>\n06.76.95.33.27<\/td>\n<td width=\"194\">Guenael.venault@orange.fr<\/td>\n<\/tr>\n<tr>\n<td>8<\/td>\n<td width=\"279\">RICHELIEU &#8211; MONTS<\/td>\n<td width=\"171\">ARCHAMBAULT G\u00e9rald<\/td>\n<td width=\"134\">02.47.58.79.00<br \/>\n06.08.06.31.47<\/td>\n<td width=\"194\"><a href=\"mailto:daniel.beauvais0333@orange.fr\">g.cohs@orange.fr<\/a><\/td>\n<\/tr>\n<tr>\n<td>9<\/td>\n<td width=\"279\">CHINON \u2013 AZAY LE RIDEAU<\/td>\n<td width=\"171\">LEFIEF Fr\u00e9d\u00e9ric<\/td>\n<td width=\"134\">02.47.95.29.65<br \/>\n06.08.85.17.53<\/td>\n<td width=\"194\"><a href=\"mailto:ericalex@orange.fr\">sarl.lefief@orange.fr<\/a><\/td>\n<\/tr>\n<\/tbody>\n<\/table>\n<p>[\/vc_column_text][\/vc_column][\/vc_row][vc_row][vc_column][vc_empty_space height=\u00a0\u00bb80px\u00a0\u00bb][vc_column_text]<\/p>\n<h3 style=\"text-align: center\"><a href=\"https:\/\/www.chasseurducentrevaldeloire.fr\/fdc37\/wp-content\/uploads\/sites\/7\/2025\/01\/20250107-Arretes-de-nomination-2025-2029signes.pdf\" target=\"_blank\" rel=\"noopener noreferrer\"><span style=\"color: #a04696\"><strong>Arr\u00eat\u00e9 portant nomination des lieutenants de louveterie<\/strong><\/span><\/a><\/h3>\n<h3 style=\"text-align: center\">et<\/h3>\n<h3 style=\"text-align: center\"><a href=\"https:\/\/www.chasseurducentrevaldeloire.fr\/fdc37\/wp-content\/uploads\/sites\/7\/2025\/01\/20250107-Arretes-de-circonscription-signes.pdf\" target=\"_blank\" rel=\"noopener noreferrer\"><span style=\"color: #a04696\"><strong>Arr\u00eat\u00e9 fixant le nombre et portant d\u00e9signation des circonscriptions de louveterie (2025-2029)<\/strong><\/span><\/a><\/h3>\n<p>[\/vc_column_text][\/vc_column][\/vc_row][vc_row][vc_column][\/vc_column][\/vc_row]<\/p>\n","protected":false},"excerpt":{"rendered":"<p>[vc_row][vc_column][vc_column_text] LIEUTENANTS DE LOUVETERIE 2025-2029 &nbsp; N\u00b0 Circonscription Nom T\u00e9l\u00e9phone Courriel 1 REGULATION URBAINE ET PERIURBAINE BESNARD J\u00e9r\u00e9my 06.13.70.28.07 besnard.jerem@gmail.com 2 BOURGUEIL- FONDETTTES FONTENY Nicolas 06.62.28.05.12 nicolas.fonteny@aol.com 3 SAINT PATERNE RACAN- CHATEAU RENAULT BAUDRIER Antoine 06.22.66.29.61 antoine.baudrier@orange.fr 4 CH\u00c2TEAU LA VALLIERE- MONNAIE BOIVINET Dominique 02.47.56.58.80&#8230;<\/p>\n","protected":false},"author":6,"featured_media":0,"parent":0,"menu_order":0,"comment_status":"closed","ping_status":"closed","template":"","meta":{"_acf_changed":false,"inline_featured_image":false,"_exactmetrics_skip_tracking":false,"_exactmetrics_sitenote_active":false,"_exactmetrics_sitenote_note":"","_exactmetrics_sitenote_category":0,"footnotes":""},"class_list":["post-3468","page","type-page","status-publish","hentry"],"acf":[],"publishpress_future_action":{"enabled":false,"date":"2026-04-18 12:23:22","action":"change-status","newStatus":"draft","terms":[],"taxonomy":"","extraData":[]},"publishpress_future_workflow_manual_trigger":{"enabledWorkflows":[]},"_links":{"self":[{"href":"https:\/\/www.save.chasseurducentrevaldeloire.fr\/fdc37\/wp-json\/wp\/v2\/pages\/3468","targetHints":{"allow":["GET"]}}],"collection":[{"href":"https:\/\/www.save.chasseurducentrevaldeloire.fr\/fdc37\/wp-json\/wp\/v2\/pages"}],"about":[{"href":"https:\/\/www.save.chasseurducentrevaldeloire.fr\/fdc37\/wp-json\/wp\/v2\/types\/page"}],"author":[{"embeddable":true,"href":"https:\/\/www.save.chasseurducentrevaldeloire.fr\/fdc37\/wp-json\/wp\/v2\/users\/6"}],"replies":[{"embeddable":true,"href":"https:\/\/www.save.chasseurducentrevaldeloire.fr\/fdc37\/wp-json\/wp\/v2\/comments?post=3468"}],"version-history":[{"count":25,"href":"https:\/\/www.save.chasseurducentrevaldeloire.fr\/fdc37\/wp-json\/wp\/v2\/pages\/3468\/revisions"}],"predecessor-version":[{"id":5179,"href":"https:\/\/www.save.chasseurducentrevaldeloire.fr\/fdc37\/wp-json\/wp\/v2\/pages\/3468\/revisions\/5179"}],"wp:attachment":[{"href":"https:\/\/www.save.chasseurducentrevaldeloire.fr\/fdc37\/wp-json\/wp\/v2\/media?parent=3468"}],"curies":[{"name":"wp","href":"https:\/\/api.w.org\/{rel}","templated":true}]}}