{"id":3060,"date":"2018-06-04T10:19:24","date_gmt":"2018-06-04T08:19:24","guid":{"rendered":"http:\/\/www.chasseurducentrevaldeloire.fr\/fdc37\/?page_id=3060"},"modified":"2023-11-14T11:38:10","modified_gmt":"2023-11-14T10:38:10","slug":"conseil-dadministration","status":"publish","type":"page","link":"https:\/\/www.save.chasseurducentrevaldeloire.fr\/fdc37\/conseil-dadministration\/","title":{"rendered":"Conseil d\u2019Administration"},"content":{"rendered":"<p>[vc_row][vc_column][vc_column_text]<\/p>\n<table width=\"0\">\n<tbody>\n<tr>\n<td width=\"35\"><strong>N\u00b0<\/strong><\/td>\n<td width=\"192\"><strong>NOM &#8211; PRENOM<\/strong><\/td>\n<td width=\"230\"><strong>ADRESSE MAIL<\/strong><\/td>\n<td width=\"87\"><strong>TYPE<br \/>\nCHASSE<\/strong><\/td>\n<\/tr>\n<tr>\n<td width=\"35\">1<\/td>\n<td width=\"192\"><strong>BELLOY Alain<br \/>\nPr\u00e9sident<\/strong><\/td>\n<td width=\"230\"><u><a href=\"mailto:belloy.fdc37@wanadoo.fr\">belloy.fdc37@wanadoo.fr<\/a><\/u><\/td>\n<td width=\"87\">NORD<br \/>\nPRIVEE<\/td>\n<\/tr>\n<tr>\n<td width=\"35\">2<\/td>\n<td width=\"192\"><strong>LABRUNIE Fabien<br \/>\n1er Vice-Pr\u00e9sident<\/strong><\/td>\n<td width=\"230\"><u><a href=\"mailto:fabien.labrunie@wanadoo.fr\">fabien.labrunie@wanadoo.fr<\/a><\/u><\/td>\n<td width=\"87\">SUD EST<br \/>\nCOMMUNALE<\/td>\n<\/tr>\n<tr>\n<td width=\"35\">3<\/td>\n<td width=\"192\"><strong>BAUMARD Jean-Fran\u00e7ois<br \/>\n2\u00e8me Vice-Pr\u00e9sident<\/strong><\/td>\n<td width=\"230\"><u><a href=\"mailto:jeanfrancoisbaumard@orange.fr\">jeanfrancoisbaumard@orange.fr<\/a><\/u><\/td>\n<td width=\"87\">SUD EST<br \/>\nPRIVEE<\/td>\n<\/tr>\n<tr>\n<td width=\"35\">4<\/td>\n<td width=\"192\"><strong>CAILLER St\u00e9phane<br \/>\n3\u00e8me Vice-Pr\u00e9sident<\/strong><\/td>\n<td width=\"230\"><u><a href=\"mailto:sjcailler@orange.fr\">sjcailler@orange.fr<\/a><\/u><\/td>\n<td width=\"87\">SUD OUEST<br \/>\nCOMMUNALE<\/td>\n<\/tr>\n<tr>\n<td width=\"35\">5<\/td>\n<td width=\"192\"><strong>MAINGAULT Jean-Marc<br \/>\nSecr\u00e9taire G\u00e9n\u00e9ral<\/strong><\/td>\n<td width=\"230\"><u><a href=\"mailto:jmmaingault@orange.fr\">jmmaingault@orange.fr<\/a><\/u><\/td>\n<td width=\"87\">SUD EST PRIVEE<\/td>\n<\/tr>\n<tr>\n<td width=\"35\">6<\/td>\n<td width=\"192\"><strong>BENOIST Thierry<br \/>\nSecr\u00e9taire G\u00e9n\u00e9ral Adjoint<\/strong><\/td>\n<td width=\"230\"><u><a href=\"mailto:thierry.benoist37@neuf.fr\">thierry.benoist37@neuf.fr <\/a><\/u><\/td>\n<td width=\"87\">SUD OUEST<br \/>\nCOMMUNALE<\/td>\n<\/tr>\n<tr>\n<td width=\"35\">7<\/td>\n<td width=\"192\"><strong>JEHANNIN Pascal<br \/>\nTr\u00e9sorier<\/strong><\/td>\n<td width=\"230\"><u><a href=\"mailto:pjehannin.chassenoizay@yahoo.fr\">pjehannin.chassenoizay@yahoo.fr<\/a><\/u><\/td>\n<td width=\"87\">NORD<br \/>\nCOMMUNALE<\/td>\n<\/tr>\n<tr>\n<td width=\"35\">8<\/td>\n<td width=\"192\"><strong>BRIZIOU Francis,<br \/>\nTr\u00e9sorier adjoint<\/strong><\/td>\n<td width=\"230\"><u><a href=\"mailto:francis.briziou@gmail.com\">francis.briziou@gmail.com<\/a><\/u><\/td>\n<td width=\"87\">SUD EST<br \/>\nCOMMUNALE<\/td>\n<\/tr>\n<tr>\n<td width=\"35\">9<\/td>\n<td width=\"192\"><strong>BIZARD Erasme<br \/>\nAdministrateur<\/strong><\/td>\n<td width=\"230\"><u><a href=\"mailto:ebizard@adx-groupe.com\">ebizard@adx-groupe.com<\/a><\/u><\/td>\n<td width=\"87\">NORD<br \/>\nPRIVEE<\/td>\n<\/tr>\n<tr>\n<td width=\"35\">10<\/td>\n<td width=\"192\"><strong>DERUY Julien,<br \/>\nAdministrateur<\/strong><\/td>\n<td width=\"230\"><u><a href=\"mailto:carpist2000@yahoo.fr\">carpist2000@yahoo.fr<\/a><\/u><\/td>\n<td width=\"87\">NORD<br \/>\nCOMMUNALE<\/td>\n<\/tr>\n<tr>\n<td width=\"35\">11<\/td>\n<td width=\"192\"><strong>JARNAC Ludovic,<br \/>\nAdministrateur<\/strong><\/td>\n<td width=\"230\"><u><a href=\"mailto:ludovic.jarnac@rathscheck.fr\">ludovic.jarnac@rathscheck.fr<\/a><\/u><\/td>\n<td width=\"87\">SUD OUEST PRIVEE<\/td>\n<\/tr>\n<tr>\n<td width=\"35\">12<\/td>\n<td width=\"192\"><strong>MARCHESSEAU Patrice,<br \/>\nAdministrateur<\/strong><\/td>\n<td width=\"230\"><u><a href=\"mailto:patrice.marchesseau@wanadoo.fr\">patrice.marchesseau@wanadoo.fr<\/a><\/u><\/td>\n<td width=\"87\">NORD<br \/>\nPRIVEE<\/td>\n<\/tr>\n<tr>\n<td width=\"35\">13<\/td>\n<td width=\"192\"><strong>MOUHSINE Caroline<br \/>\nAdministratrice<\/strong><\/td>\n<td width=\"230\"><u><a href=\"mailto:caroline.mouhsine@laposte.net\">caroline.mouhsine@laposte.net<\/a><\/u><\/td>\n<td width=\"87\">SECTEUR NORD PRIVEE<\/td>\n<\/tr>\n<\/tbody>\n<\/table>\n<p>[\/vc_column_text][\/vc_column][\/vc_row]<\/p>\n","protected":false},"excerpt":{"rendered":"<p>[vc_row][vc_column][vc_column_text] N\u00b0 NOM &#8211; PRENOM ADRESSE MAIL TYPE CHASSE 1 BELLOY Alain Pr\u00e9sident belloy.fdc37@wanadoo.fr NORD PRIVEE 2 LABRUNIE Fabien 1er Vice-Pr\u00e9sident fabien.labrunie@wanadoo.fr SUD EST COMMUNALE 3 BAUMARD Jean-Fran\u00e7ois 2\u00e8me Vice-Pr\u00e9sident jeanfrancoisbaumard@orange.fr SUD EST PRIVEE 4 CAILLER St\u00e9phane 3\u00e8me Vice-Pr\u00e9sident sjcailler@orange.fr SUD OUEST COMMUNALE 5 MAINGAULT&#8230;<\/p>\n","protected":false},"author":2,"featured_media":0,"parent":0,"menu_order":0,"comment_status":"closed","ping_status":"closed","template":"","meta":{"_acf_changed":false,"inline_featured_image":false,"_exactmetrics_skip_tracking":false,"_exactmetrics_sitenote_active":false,"_exactmetrics_sitenote_note":"","_exactmetrics_sitenote_category":0,"footnotes":""},"class_list":["post-3060","page","type-page","status-publish","hentry"],"acf":[],"publishpress_future_action":{"enabled":false,"date":"2026-04-15 03:06:01","action":"change-status","newStatus":"draft","terms":[],"taxonomy":"","extraData":[]},"publishpress_future_workflow_manual_trigger":{"enabledWorkflows":[]},"_links":{"self":[{"href":"https:\/\/www.save.chasseurducentrevaldeloire.fr\/fdc37\/wp-json\/wp\/v2\/pages\/3060","targetHints":{"allow":["GET"]}}],"collection":[{"href":"https:\/\/www.save.chasseurducentrevaldeloire.fr\/fdc37\/wp-json\/wp\/v2\/pages"}],"about":[{"href":"https:\/\/www.save.chasseurducentrevaldeloire.fr\/fdc37\/wp-json\/wp\/v2\/types\/page"}],"author":[{"embeddable":true,"href":"https:\/\/www.save.chasseurducentrevaldeloire.fr\/fdc37\/wp-json\/wp\/v2\/users\/2"}],"replies":[{"embeddable":true,"href":"https:\/\/www.save.chasseurducentrevaldeloire.fr\/fdc37\/wp-json\/wp\/v2\/comments?post=3060"}],"version-history":[{"count":14,"href":"https:\/\/www.save.chasseurducentrevaldeloire.fr\/fdc37\/wp-json\/wp\/v2\/pages\/3060\/revisions"}],"predecessor-version":[{"id":4903,"href":"https:\/\/www.save.chasseurducentrevaldeloire.fr\/fdc37\/wp-json\/wp\/v2\/pages\/3060\/revisions\/4903"}],"wp:attachment":[{"href":"https:\/\/www.save.chasseurducentrevaldeloire.fr\/fdc37\/wp-json\/wp\/v2\/media?parent=3060"}],"curies":[{"name":"wp","href":"https:\/\/api.w.org\/{rel}","templated":true}]}}