{"id":2899,"date":"2018-05-22T09:48:09","date_gmt":"2018-05-22T07:48:09","guid":{"rendered":"http:\/\/www.chasseurducentrevaldeloire.fr\/fdc37\/?page_id=2899"},"modified":"2022-06-28T15:10:55","modified_gmt":"2022-06-28T13:10:55","slug":"parcours-pedagogiques","status":"publish","type":"page","link":"https:\/\/www.save.chasseurducentrevaldeloire.fr\/fdc37\/parcours-pedagogiques\/","title":{"rendered":"Parcours p\u00e9dagogiques"},"content":{"rendered":"<p>[vc_row][vc_column width=\u00a0\u00bb2\/3&Prime;][vc_column_text]<\/p>\n<h2 style=\"text-align: center\"><strong>Domaine de Thilouze<\/strong><\/h2>\n<p>&nbsp;<\/p>\n<p>&nbsp;<\/p>\n<p>MAISON DE LA CHASSE DE THILOUZE\u00a0:<\/p>\n<p>Lieu incontournable de la chasse en Indre et Loire, la maison de la chasse permet \u00e0 la f\u00e9d\u00e9ration de stocker, exp\u00e9rimenter mais aussi de cr\u00e9er, d\u00e9velopper, animer et organiser toutes les manifestations ayant attrait \u00e0 la chasse.<\/p>\n<p>&nbsp;<\/p>\n<p><u>Thilouze\u00a0: centre de formation<\/u><\/p>\n<p>Le d\u00e9veloppement d\u2019une activit\u00e9 passe par la formation des hommes.<\/p>\n<p>Le d\u00e9veloppement de la chasse et son adaptation aux mutations passe par la formation des chasseurs et de ses auxiliaires, tant au point de vue technique que moral. Thilouze est donc le centre de formation o\u00f9 se d\u00e9roulent toutes les formations dispens\u00e9es par les techniciens de la f\u00e9d\u00e9ration. C\u2019est d\u2019ailleurs sur ce site qu\u2019a lieu toute la formation et l\u2019examen du permis de chasser.<\/p>\n<p>&nbsp;<\/p>\n<p>&nbsp;<\/p>\n<p><u>Thilouze\u00a0: centre exp\u00e9rimental<\/u><\/p>\n<p>Afin de proposer aux responsables de chasses un ensemble de mesures et d\u2019outils pour la gestion des esp\u00e8ces et des espaces, Thilouze et aussi le centre exp\u00e9rimental de la f\u00e9d\u00e9ration des chasseurs. De la plantation des haies en passant par la voli\u00e8re \u00e0 ciel ouvert ou par les parcours p\u00e9dagogiques, tous les outils sont test\u00e9s afin d\u2019affiner le plus pr\u00e9cis\u00e9ment possible les techniques propos\u00e9es aux chasseurs. Ces outils servent ensuite \u00e0 d\u00e9crire les techniques pour lancer des op\u00e9rations dans le d\u00e9partement.[\/vc_column_text][\/vc_column][vc_column css_animation=\u00a0\u00bbfadeInRight\u00a0\u00bb width=\u00a0\u00bb1\/3&Prime;][vc_single_image image=\u00a0\u00bb2900&Prime; img_size=\u00a0\u00bbfull\u00a0\u00bb style=\u00a0\u00bbvc_box_shadow_border\u00a0\u00bb el_class=\u00a0\u00bbmirrorImg\u00a0\u00bb][\/vc_column][\/vc_row][vc_row][vc_column width=\u00a0\u00bb2\/3&Prime;][vc_empty_space][vc_column_text]<u>Thilouze\u00a0: lieu d\u2019accueil et de convivialit\u00e9<\/u><\/p>\n<p>&nbsp;<\/p>\n<p>La maison de la chasse permet aussi aux nombreuses associations sp\u00e9cialis\u00e9es du d\u00e9partement de se r\u00e9unir et de trouver un lieu fonctionnel r\u00e9pondant \u00e0 leur besoins. Ses infrastructures sont disponibles \u00e0 toutes les associations qui la demandent sur r\u00e9servations au si\u00e8ge de la f\u00e9d\u00e9ration.<\/p>\n<p>&nbsp;<\/p>\n<p>C\u2019est aussi le lieu d\u2019accueil des \u00e9tablissements scolaires qui souhaitent d\u00e9couvrir la chasse, sa pratique, sa gestion, son d\u00e9veloppement\u2026<\/p>\n<p>&nbsp;<\/p>\n<p>&nbsp;<\/p>\n<p><u>Thilouze\u00a0: site de manifestation et de F\u00eate<\/u><\/p>\n<p>&nbsp;<\/p>\n<p>Thilouze et aussi un site o\u00f9 se d\u00e9roulent de nombreuses manifestations. La plus importante est bien s\u00fbr la f\u00eate de la Chasse &amp; Nature<\/p>\n<p>&nbsp;<\/p>\n<p><a href=\"http:\/\/www.chasseurducentrevaldeloire.fr\/fdc37\/wp-content\/uploads\/sites\/7\/2018\/05\/Plan_daccys_Thilouze.pdf\" target=\"_blank\" rel=\"noopener\"><i class=\"fa fa-map-marker\"><\/i><span style=\"color: #a04696\"><strong> Plan d\u2019acc\u00e8s<\/strong><\/span><\/a>[\/vc_column_text][\/vc_column][vc_column css_animation=\u00a0\u00bbfadeInRight\u00a0\u00bb width=\u00a0\u00bb1\/3&Prime;][vc_single_image image=\u00a0\u00bb2902&Prime; img_size=\u00a0\u00bbfull\u00a0\u00bb style=\u00a0\u00bbvc_box_shadow_border\u00a0\u00bb el_class=\u00a0\u00bbmirrorImg\u00a0\u00bb][\/vc_column][\/vc_row]<\/p>\n","protected":false},"excerpt":{"rendered":"<p>[vc_row][vc_column width=\u00a0\u00bb2\/3&Prime;][vc_column_text] Domaine de Thilouze &nbsp; &nbsp; MAISON DE LA CHASSE DE THILOUZE\u00a0: Lieu incontournable de la chasse en Indre et Loire, la maison de la chasse permet \u00e0 la f\u00e9d\u00e9ration de stocker, exp\u00e9rimenter mais aussi de cr\u00e9er, d\u00e9velopper, animer et organiser toutes les manifestations&#8230;<\/p>\n","protected":false},"author":2,"featured_media":0,"parent":0,"menu_order":0,"comment_status":"closed","ping_status":"closed","template":"","meta":{"_acf_changed":false,"inline_featured_image":false,"_exactmetrics_skip_tracking":false,"_exactmetrics_sitenote_active":false,"_exactmetrics_sitenote_note":"","_exactmetrics_sitenote_category":0,"footnotes":""},"class_list":["post-2899","page","type-page","status-publish","hentry"],"acf":[],"publishpress_future_action":{"enabled":false,"date":"2026-04-18 13:03:21","action":"change-status","newStatus":"draft","terms":[],"taxonomy":"","extraData":[]},"publishpress_future_workflow_manual_trigger":{"enabledWorkflows":[]},"_links":{"self":[{"href":"https:\/\/www.save.chasseurducentrevaldeloire.fr\/fdc37\/wp-json\/wp\/v2\/pages\/2899","targetHints":{"allow":["GET"]}}],"collection":[{"href":"https:\/\/www.save.chasseurducentrevaldeloire.fr\/fdc37\/wp-json\/wp\/v2\/pages"}],"about":[{"href":"https:\/\/www.save.chasseurducentrevaldeloire.fr\/fdc37\/wp-json\/wp\/v2\/types\/page"}],"author":[{"embeddable":true,"href":"https:\/\/www.save.chasseurducentrevaldeloire.fr\/fdc37\/wp-json\/wp\/v2\/users\/2"}],"replies":[{"embeddable":true,"href":"https:\/\/www.save.chasseurducentrevaldeloire.fr\/fdc37\/wp-json\/wp\/v2\/comments?post=2899"}],"version-history":[{"count":3,"href":"https:\/\/www.save.chasseurducentrevaldeloire.fr\/fdc37\/wp-json\/wp\/v2\/pages\/2899\/revisions"}],"predecessor-version":[{"id":4567,"href":"https:\/\/www.save.chasseurducentrevaldeloire.fr\/fdc37\/wp-json\/wp\/v2\/pages\/2899\/revisions\/4567"}],"wp:attachment":[{"href":"https:\/\/www.save.chasseurducentrevaldeloire.fr\/fdc37\/wp-json\/wp\/v2\/media?parent=2899"}],"curies":[{"name":"wp","href":"https:\/\/api.w.org\/{rel}","templated":true}]}}