{"id":5007,"date":"2022-04-28T12:05:04","date_gmt":"2022-04-28T10:05:04","guid":{"rendered":"https:\/\/www.chasseurducentrevaldeloire.fr\/fdc36\/?page_id=5007"},"modified":"2025-07-31T10:03:43","modified_gmt":"2025-07-31T08:03:43","slug":"securite-decennale","status":"publish","type":"page","link":"https:\/\/www.save.chasseurducentrevaldeloire.fr\/fdc36\/securite-decennale\/","title":{"rendered":"S\u00e9curit\u00e9 d\u00e9cennale"},"content":{"rendered":"<p>L\u2019article L424-15 du Code de l\u2019environnement d\u00e9finit les r\u00e8gles garantissant la s\u00e9curit\u00e9 des chasseurs et des tiers dans le d\u00e9roulement de toute action de chasse ou de destruction d\u2019animaux d\u2019esp\u00e8ces non domestiques, particuli\u00e8rement lorsqu\u2019il est recouru au tir \u00e0 balles. Cet article pr\u00e9voit notamment une <strong>remise \u00e0 niveau d\u00e9cennale obligatoire<\/strong> portant sur les r\u00e8gles \u00e9l\u00e9mentaires de s\u00e9curit\u00e9 pour les chasseurs.<\/p>\n<p>&nbsp;<\/p>\n<p>Cette formation n\u2019est pas un examen et est identique pour toute la France. Tout chasseur doit suivre cette formation avant octobre 2030. Apr\u00e8s cette date, les chasseurs qui ne l\u2019auront pas suivi ne pourront plus valider leur permis. Nous vous recommandons de ne pas attendre le dernier moment sans pour autant vous pr\u00e9cipiter pour ce qui concerne le pr\u00e9sentiel. Une fois r\u00e9alis\u00e9, le suivi de cette formation sera indiqu\u00e9 sur votre titre de validation.<\/p>\n<p>&nbsp;<\/p>\n<p>Dans ce cadre, la F\u00e9d\u00e9ration d\u00e9partementale des chasseurs de l\u2019Indre propose \u00e0 ses adh\u00e9rents une formation en distanciel (en cliquant sur le lien ci-dessous).<\/p>\n<p>&nbsp;<\/p>\n<p>En indiquant <strong>votre identifiant<\/strong> (num\u00e9ro de 14 chiffres situ\u00e9 sur votre volet de validation), <strong>votre date de naissance et votre adresse mail<\/strong>, vous recevrez sur l\u2019adresse que vous aurez indiqu\u00e9e un lien pour acc\u00e9der \u00e0 votre formation (ce lien sera valable trois mois).<\/p>\n<p>&nbsp;<\/p>\n<p><strong>Lien pour acc\u00e9der \u00e0 la demande de formation en ligne\u00a0:<\/strong> <span style=\"color: #c1246d\"><a style=\"color: #c1246d\" href=\"https:\/\/fdc36.retriever-ea.fr\/html\/Connexion.aspx\" target=\"_blank\" rel=\"noopener\"><strong>https:\/\/fdc36.retriever-ea.fr\/html\/Connexion.aspx<\/strong><\/a><\/span><\/p>\n<p>&nbsp;<\/p>\n<p>&nbsp;<\/p>\n<p>Quant \u00e0 ceux qui pr\u00e9f\u00e8rent le pr\u00e9sentiel, techniciens et b\u00e9n\u00e9voles sont \u00e0 votre disposition pour convenir des dates pour des groupes de chasseurs ayant valid\u00e9 leur permis dans l\u2019Indre.<\/p>\n<p>&nbsp;<\/p>\n<p>La F\u00e9d\u00e9ration vous propose de vous inscrire pour une formation aux dates suivantes\u00a0:<\/p>\n<p>&nbsp;<\/p>\n<p><span data-olk-copy-source=\"MessageBody\">Lundi 8 septembre et le vendredi 3 octobre \u00e0 16h \u00e0 la F\u00e9d\u00e9ration des chasseurs \u00e0 Ch\u00e2teauroux et le lundi 3 novembre \u00e0 16h au Domaine du Plessis \u00e0 Mign\u00e9.<\/span><\/p>\n<p>&nbsp;<\/p>\n<p>Ces formations auront lieu si un nombre de 25 candidats minimum est atteint.<\/p>\n<p>&nbsp;<\/p>\n<p>&nbsp;<\/p>\n<p>&nbsp;<\/p>\n","protected":false},"excerpt":{"rendered":"<p>L\u2019article L424-15 du Code de l\u2019environnement d\u00e9finit les r\u00e8gles garantissant la s\u00e9curit\u00e9 des chasseurs et des tiers dans le d\u00e9roulement de toute action de chasse ou de destruction d\u2019animaux d\u2019esp\u00e8ces non domestiques, particuli\u00e8rement lorsqu\u2019il est recouru au tir \u00e0 balles. Cet article pr\u00e9voit notamment une&#8230;<\/p>\n","protected":false},"author":6,"featured_media":0,"parent":0,"menu_order":0,"comment_status":"closed","ping_status":"closed","template":"","meta":{"_acf_changed":false,"inline_featured_image":false,"_exactmetrics_skip_tracking":false,"_exactmetrics_sitenote_active":false,"_exactmetrics_sitenote_note":"","_exactmetrics_sitenote_category":0,"footnotes":""},"class_list":["post-5007","page","type-page","status-publish","hentry"],"acf":[],"publishpress_future_action":{"enabled":false,"date":"2026-04-18 12:23:36","action":"change-status","newStatus":"draft","terms":[],"taxonomy":"","extraData":[]},"publishpress_future_workflow_manual_trigger":{"enabledWorkflows":[]},"_links":{"self":[{"href":"https:\/\/www.save.chasseurducentrevaldeloire.fr\/fdc36\/wp-json\/wp\/v2\/pages\/5007","targetHints":{"allow":["GET"]}}],"collection":[{"href":"https:\/\/www.save.chasseurducentrevaldeloire.fr\/fdc36\/wp-json\/wp\/v2\/pages"}],"about":[{"href":"https:\/\/www.save.chasseurducentrevaldeloire.fr\/fdc36\/wp-json\/wp\/v2\/types\/page"}],"author":[{"embeddable":true,"href":"https:\/\/www.save.chasseurducentrevaldeloire.fr\/fdc36\/wp-json\/wp\/v2\/users\/6"}],"replies":[{"embeddable":true,"href":"https:\/\/www.save.chasseurducentrevaldeloire.fr\/fdc36\/wp-json\/wp\/v2\/comments?post=5007"}],"version-history":[{"count":7,"href":"https:\/\/www.save.chasseurducentrevaldeloire.fr\/fdc36\/wp-json\/wp\/v2\/pages\/5007\/revisions"}],"predecessor-version":[{"id":7411,"href":"https:\/\/www.save.chasseurducentrevaldeloire.fr\/fdc36\/wp-json\/wp\/v2\/pages\/5007\/revisions\/7411"}],"wp:attachment":[{"href":"https:\/\/www.save.chasseurducentrevaldeloire.fr\/fdc36\/wp-json\/wp\/v2\/media?parent=5007"}],"curies":[{"name":"wp","href":"https:\/\/api.w.org\/{rel}","templated":true}]}}