{"id":4436,"date":"2021-05-07T16:33:10","date_gmt":"2021-05-07T14:33:10","guid":{"rendered":"https:\/\/www.chasseurducentrevaldeloire.fr\/fdc36\/?page_id=4436"},"modified":"2025-10-13T11:31:53","modified_gmt":"2025-10-13T09:31:53","slug":"chasse-accompagnee","status":"publish","type":"page","link":"https:\/\/www.save.chasseurducentrevaldeloire.fr\/fdc36\/chasse-accompagnee\/","title":{"rendered":"Chasse accompagn\u00e9e"},"content":{"rendered":"<p>[vc_row][vc_column][vc_column_text]<strong>Chasse accompagn\u00e9e<\/strong><\/p>\n<p>&nbsp;<\/p>\n<p><strong>Condition<\/strong> : \u00eatre \u00e2g\u00e9 de 14 ans \u00bd minimum\u00a0 pour \u00ab participer \u00e0 la formation (l\u2019autorisation ne sera d\u00e9livr\u00e9e qu\u2019\u00e0 partir des 15 ans r\u00e9volus) \u00bb<\/p>\n<ul>\n<li>Plusieurs sessions sont organis\u00e9es en fonction du nombre de candidats et se d\u00e9roulent au Plessis. Leur dur\u00e9e est d\u2019environ 2 heures, en pr\u00e9sence du ou des parrains.<\/li>\n<li>Co\u00fbt\u00a0: GRATUIT.<\/li>\n<\/ul>\n<p>&nbsp;<\/p>\n<ul>\n<li><span style=\"color: #c1246d\"><strong><a style=\"color: #c1246d\" href=\"https:\/\/www.chasseurducentrevaldeloire.fr\/fdc36\/wp-content\/uploads\/sites\/4\/2024\/01\/Note-chasse-accompagnee.pdf\" target=\"_blank\" rel=\"noopener noreferrer\">Note aux candidats<\/a><\/strong><\/span><\/li>\n<li><span style=\"color: #c1246d\"><strong><a style=\"color: #c1246d\" href=\"https:\/\/www.chasseurducentrevaldeloire.fr\/fdc36\/wp-content\/uploads\/sites\/4\/2025\/10\/Demande-autorisation-chasser-accompagne-V-2025.pdf\" target=\"_blank\" rel=\"noopener noreferrer\">Demande d\u2019autorisation<\/a><\/strong><\/span><\/li>\n<li><strong><span style=\"color: #c1246d\"><a style=\"color: #c1246d\" href=\"https:\/\/www.chasseurducentrevaldeloire.fr\/fdc36\/wp-content\/uploads\/sites\/4\/2020\/09\/AUTORISATION-PARENTALE.doc\" target=\"_blank\" rel=\"noopener noreferrer\">Autorisation parentale<\/a><\/span><\/strong><\/li>\n<\/ul>\n<p>[\/vc_column_text][\/vc_column][\/vc_row]<\/p>\n","protected":false},"excerpt":{"rendered":"<p>[vc_row][vc_column][vc_column_text]Chasse accompagn\u00e9e &nbsp; Condition : \u00eatre \u00e2g\u00e9 de 14 ans \u00bd minimum\u00a0 pour \u00ab participer \u00e0 la formation (l\u2019autorisation ne sera d\u00e9livr\u00e9e qu\u2019\u00e0 partir des 15 ans r\u00e9volus) \u00bb Plusieurs sessions sont organis\u00e9es en fonction du nombre de candidats et se d\u00e9roulent au Plessis. Leur&#8230;<\/p>\n","protected":false},"author":6,"featured_media":0,"parent":0,"menu_order":0,"comment_status":"closed","ping_status":"closed","template":"","meta":{"_acf_changed":false,"inline_featured_image":false,"_exactmetrics_skip_tracking":false,"_exactmetrics_sitenote_active":false,"_exactmetrics_sitenote_note":"","_exactmetrics_sitenote_category":0,"footnotes":""},"class_list":["post-4436","page","type-page","status-publish","hentry"],"acf":[],"publishpress_future_action":{"enabled":false,"date":"2026-04-21 19:00:33","action":"change-status","newStatus":"draft","terms":[],"taxonomy":"","extraData":[]},"publishpress_future_workflow_manual_trigger":{"enabledWorkflows":[]},"_links":{"self":[{"href":"https:\/\/www.save.chasseurducentrevaldeloire.fr\/fdc36\/wp-json\/wp\/v2\/pages\/4436","targetHints":{"allow":["GET"]}}],"collection":[{"href":"https:\/\/www.save.chasseurducentrevaldeloire.fr\/fdc36\/wp-json\/wp\/v2\/pages"}],"about":[{"href":"https:\/\/www.save.chasseurducentrevaldeloire.fr\/fdc36\/wp-json\/wp\/v2\/types\/page"}],"author":[{"embeddable":true,"href":"https:\/\/www.save.chasseurducentrevaldeloire.fr\/fdc36\/wp-json\/wp\/v2\/users\/6"}],"replies":[{"embeddable":true,"href":"https:\/\/www.save.chasseurducentrevaldeloire.fr\/fdc36\/wp-json\/wp\/v2\/comments?post=4436"}],"version-history":[{"count":4,"href":"https:\/\/www.save.chasseurducentrevaldeloire.fr\/fdc36\/wp-json\/wp\/v2\/pages\/4436\/revisions"}],"predecessor-version":[{"id":7748,"href":"https:\/\/www.save.chasseurducentrevaldeloire.fr\/fdc36\/wp-json\/wp\/v2\/pages\/4436\/revisions\/7748"}],"wp:attachment":[{"href":"https:\/\/www.save.chasseurducentrevaldeloire.fr\/fdc36\/wp-json\/wp\/v2\/media?parent=4436"}],"curies":[{"name":"wp","href":"https:\/\/api.w.org\/{rel}","templated":true}]}}