{"id":3104,"date":"2018-06-25T10:50:05","date_gmt":"2018-06-25T08:50:05","guid":{"rendered":"http:\/\/www.chasseurducentrevaldeloire.fr\/fdc36\/?page_id=3104"},"modified":"2025-08-25T10:37:26","modified_gmt":"2025-08-25T08:37:26","slug":"migrateur","status":"publish","type":"page","link":"https:\/\/www.save.chasseurducentrevaldeloire.fr\/fdc36\/migrateur\/","title":{"rendered":"Migrateur"},"content":{"rendered":"<p>[vc_row][vc_column][vc_column_text]La connaissance des mouvements des esp\u00e8ces migratrices repose entre autres sur le baguage. Si vous tirez ou trouvez un oiseau bagu\u00e9\u00a0:<\/p>\n<ul>\n<li>S\u2019il est mort, faites parvenir la bague d\u00e9roul\u00e9e et aplatie \u00e0 la FDC 36, fix\u00e9e avec du ruban adh\u00e9sif sur une feuille de papier, en indiquant esp\u00e8ce, date et lieu de d\u00e9couverte, ainsi que les circonstances de la mort (chasse, pr\u00e9dation, collision\u2026)\u00a0;<\/li>\n<li>S\u2019il est vivant, notez sur une feuille les indications port\u00e9es par la bague (lettres et chiffres), indiquez esp\u00e8ce, date et lieu de d\u00e9couverte, et transmettez \u00e0 la FDC 36. Bien s\u00fbr, rel\u00e2chez l\u2019oiseau le plus rapidement possible\u00a0! S\u2019il est bless\u00e9, contactez-nous pour qu\u2019il soit remis \u00e0 un centre de soins pour la faune sauvage.<\/li>\n<\/ul>\n<p>Et dans tous les cas, n\u2019oubliez pas de noter vos coordonn\u00e9es, afin que nous puissions vous retourner les informations relatives \u00e0 cet oiseau\u00a0!<\/p>\n<p>&nbsp;<\/p>\n<p>T\u00e9l\u00e9charger l&rsquo;<a href=\"https:\/\/www.chasseurducentrevaldeloire.fr\/fdc36\/wp-content\/uploads\/sites\/4\/2025\/08\/Ouvertures-migrateurs-2025-2026.pdf\" target=\"_blank\" rel=\"noopener\"><span style=\"color: #c1246d\"><strong>arr\u00eat\u00e9 d&rsquo;ouverture des migrateurs<\/strong><\/span><\/a><\/p>\n<p>&nbsp;<\/p>\n<p>[\/vc_column_text]<div class=\"qodef-accordion-holder clearfix qodef-toggle qodef-boxed \">\n\t<h4 class=\"clearfix qodef-title-holder\" >\n\t<span class=\"qodef-accordion-mark qodef-left-mark\">\n\t\t<span class=\"qodef-accordion-mark-icon\">\n\t\t\t<span class=\"icon_plus\"><\/span>\n\t\t\t<span class=\"icon_minus-06\"><\/span>\n\t\t<\/span>\n\t<\/span>\n\t<span class=\"qodef-tab-title\">\n\t\t<span class=\"qodef-tab-title-inner\">\n\t\t\tGibier d&#039;eau\t\t<\/span>\n\t<\/span>\n<\/h4>\n<div class=\"qodef-accordion-content\">\n\t<div class=\"qodef-accordion-content-inner\">\n\t\t[vc_column_text]T\u00e9l\u00e9charger :<\/p>\n<ul>\n<li><span style=\"color: #c1246d\"><strong><a style=\"color: #c1246d\" href=\"https:\/\/www.chasseurducentrevaldeloire.fr\/fdc36\/wp-content\/uploads\/sites\/4\/2025\/08\/Formulaire-Detenteur-app-GE-FDC36.xlsx\" target=\"_blank\" rel=\"noopener\">Formulaire d\u00e9tenteur d&rsquo;appelants<\/a><\/strong><\/span><\/li>\n<\/ul>\n<p>&nbsp;<\/p>\n<p>&nbsp;<\/p>\n<p>R\u00e9colte d\u2019ailes canards, vanneaux, b\u00e9cassines<\/p>\n<p>&nbsp;<\/p>\n<p>La collecte des ailes et leur analyse permet de mieux conna\u00eetre les populations d\u2019oiseaux d\u2019eau en migration et en hivernage. Si on peut en principe assez facilement distinguer les m\u00e2les des femelles par l\u2019examen du plumage des ailes, la distinction jeunes\/adultes requiert souvent une observation plus pouss\u00e9e. Cette \u00e9tude permet d\u2019avoir une id\u00e9e de diff\u00e9rences de comportement et de r\u00e9partition des oiseaux selon leur sexe et leur \u00e2ge, et accessoirement du succ\u00e8s de la reproduction.<\/p>\n<p>&nbsp;<\/p>\n<p>Les esp\u00e8ces concern\u00e9es sont tous les canards, les b\u00e9cassines et le vanneau hupp\u00e9.<\/p>\n<p>&nbsp;<\/p>\n<table width=\"709\">\n<tbody>\n<tr>\n<td width=\"132\">QUELLE ESP\u00c8CE<\/td>\n<td width=\"170\">QUI<\/td>\n<td width=\"151\">QUAND<\/td>\n<td width=\"255\">COMMENT<\/td>\n<\/tr>\n<tr>\n<td width=\"132\">&nbsp;<\/p>\n<p>B\u00c9CASSINE DES MARAIS<\/p>\n<p>B\u00c9CASSINE SOURDE<\/td>\n<td width=\"170\">&nbsp;<\/p>\n<p>&nbsp;<\/p>\n<p>R\u00e9seau OFB\/FNC\/FDC\/CICB<\/td>\n<td width=\"151\">&nbsp;<\/p>\n<p>&nbsp;<\/p>\n<p>Toute la saison de chasse<\/td>\n<td width=\"255\">Pr\u00e9lever <strong>une aile enti\u00e8re (la moins ab\u00eem\u00e9e) et l\u2019ensemble des plumes de la queue.<\/strong><\/p>\n<p>Indiquer date, lieu de capture et poids.<\/p>\n<p>Conserver de pr\u00e9f\u00e9rence au cong\u00e9lateur.<\/p>\n<p>Enveloppes papier sur demande.<\/td>\n<\/tr>\n<tr>\n<td width=\"132\">&nbsp;<\/p>\n<p>CANARDS, VANNEAU HUPPE<\/td>\n<td width=\"170\">&nbsp;<\/p>\n<p>&nbsp;<\/p>\n<p>FNC\/FDC\/ISNEA\/ANCGE<\/td>\n<td width=\"151\">&nbsp;<\/p>\n<p>&nbsp;<\/p>\n<p>Toute la saison de chasse<\/td>\n<td width=\"255\">Pr\u00e9lever <strong>1 aile enti\u00e8re et les plumes de la queue.<\/strong><\/p>\n<p>Indiquer date, heure, lieu de capture, poids.<\/p>\n<p>Conserver au cong\u00e9lateur.<\/p>\n<p>Enveloppes papier sur demande.<\/td>\n<\/tr>\n<\/tbody>\n<\/table>\n<p>&nbsp;<\/p>\n<p>Pour en savoir plus\u00a0:<\/p>\n<p>&nbsp;<\/p>\n<p><a href=\"https:\/\/www.ancge.fr\/actions\/recolte-ailes#:~:text=Il%20vous%20suffit%20ensuite%20de,de%20la%20lecture%20d'ailes\" target=\"_blank\" rel=\"noopener\"><span style=\"color: #c1246d\"><strong>https:\/\/www.ancge.fr\/actions\/recolte-ailes#:~:text=Il%20vous%20suffit%20ensuite%20de,de%20la%20lecture%20d&rsquo;ailes<\/strong><\/span><\/a><\/p>\n<p>&nbsp;<\/p>\n<p><a href=\"https:\/\/www.ancge.fr\/images\/recoltes-ailes\/Protocole-Recolte-d-ailes2017-2018.pdf\" target=\"_blank\" rel=\"noopener\"><strong><span style=\"color: #c1246d\">https:\/\/www.ancge.fr\/images\/recoltes-ailes\/Protocole-Recolte-d-ailes2017-2018.pdf<\/span><\/strong><\/a><\/p>\n<p>&nbsp;<\/p>\n<p>Pour plus de renseignements, contact : Simon Doucet 06.89.49.68.48 ou <span style=\"color: #c1246d\"><strong>servtech.fdc36@wanadoo.fr<\/strong><\/span>[\/vc_column_text]\t<\/div>\n<\/div>\n<h4 class=\"clearfix qodef-title-holder\" >\n\t<span class=\"qodef-accordion-mark qodef-left-mark\">\n\t\t<span class=\"qodef-accordion-mark-icon\">\n\t\t\t<span class=\"icon_plus\"><\/span>\n\t\t\t<span class=\"icon_minus-06\"><\/span>\n\t\t<\/span>\n\t<\/span>\n\t<span class=\"qodef-tab-title\">\n\t\t<span class=\"qodef-tab-title-inner\">\n\t\t\tAlaudid\u00e9s, colombid\u00e9s et turdid\u00e9s\t\t<\/span>\n\t<\/span>\n<\/h4>\n<div class=\"qodef-accordion-content\">\n\t<div class=\"qodef-accordion-content-inner\">\n\t\t[vc_column_text]Programmes baguage et tourterelle des bois : <a href=\"https:\/\/professionnels.ofb.fr\/fr\/node\/1112\" target=\"_blank\" rel=\"noopener\"><span style=\"color: #c1246d\"><strong>https:\/\/professionnels.ofb.fr\/fr\/node\/1112<\/strong><\/span><\/a>[\/vc_column_text]\t<\/div>\n<\/div>\n<h4 class=\"clearfix qodef-title-holder\" >\n\t<span class=\"qodef-accordion-mark qodef-left-mark\">\n\t\t<span class=\"qodef-accordion-mark-icon\">\n\t\t\t<span class=\"icon_plus\"><\/span>\n\t\t\t<span class=\"icon_minus-06\"><\/span>\n\t\t<\/span>\n\t<\/span>\n\t<span class=\"qodef-tab-title\">\n\t\t<span class=\"qodef-tab-title-inner\">\n\t\t\tB\u00e9casse\t\t<\/span>\n\t<\/span>\n<\/h4>\n<div class=\"qodef-accordion-content\">\n\t<div class=\"qodef-accordion-content-inner\">\n\t\t[vc_column_text]<\/p>\n<ul>\n<li>PMA<\/li>\n<\/ul>\n<p>Le Pr\u00e9l\u00e8vement Maximum Autoris\u00e9 dans l\u2019Indre est de 3 b\u00e9casses par chasseur et par jour, dans la limite du PMA national fix\u00e9 \u00e0 30 b\u00e9casses par saison de chasse.<\/p>\n<p>&nbsp;<\/p>\n<ul>\n<li>CPB<\/li>\n<\/ul>\n<p>La d\u00e9claration des pr\u00e9l\u00e8vements de b\u00e9casses est obligatoire, soit par le biais du Carnet de Pr\u00e9l\u00e8vement B\u00e9casses (\u00e0 retourner \u00e0 la FDC 36 avant le 30 juin) ou par le biais de l\u2019application Chassadapt.<\/p>\n<p>&nbsp;<\/p>\n<p>&nbsp;<\/p>\n<ul>\n<li>Collecte d\u2019ailes<\/li>\n<\/ul>\n<p>&nbsp;<\/p>\n<p>La collecte des ailes et leur analyse permet de mieux conna\u00eetre les populations de b\u00e9casses en migration et en hivernage. On peut facilement distinguer les jeunes des adultes par l\u2019examen du plumage des ailes, ce qui permet d\u2019avoir une id\u00e9e de diff\u00e9rences de comportement et de r\u00e9partition des classes d\u2019\u00e2ge, et accessoirement du succ\u00e8s de la reproduction. Le sexage n\u2019est possible que par autopsie.<\/p>\n<p>&nbsp;<\/p>\n<table width=\"709\">\n<tbody>\n<tr>\n<td width=\"151\">QUELLE ESP\u00c8CE<\/td>\n<td width=\"170\">QUI<\/td>\n<td width=\"151\">QUAND<\/td>\n<td width=\"236\">COMMENT<\/td>\n<\/tr>\n<tr>\n<td width=\"151\">&nbsp;<\/p>\n<p>&nbsp;<\/p>\n<p>B\u00c9CASSE DES BOIS<\/td>\n<td width=\"170\">&nbsp;<\/p>\n<p>&nbsp;<\/p>\n<p>Club National des B\u00e9cassiers<\/td>\n<td width=\"151\">&nbsp;<\/p>\n<p>&nbsp;<\/p>\n<p>Toute la saison de chasse<\/td>\n<td width=\"236\">Pr\u00e9lever une <strong>aile enti\u00e8re<\/strong> au ras du corps (1<sup>\u00e8re<\/sup> articulation).<\/p>\n<p>Indiquer\u00a0: date, lieu de capture, poids, et, dans la mesure du possible, sexer l\u2019oiseau (autopsie). Faire s\u00e9cher l\u2019aile ouverte.<\/p>\n<p>Enveloppes papier sur demande.<\/td>\n<\/tr>\n<\/tbody>\n<\/table>\n<p>&nbsp;<\/p>\n<p>Pour plus de renseignements, contact : David BABIGEON 06 89 30 40 66\u00a0 ou <span style=\"color: #c1246d\"><strong><a style=\"color: #c1246d\" href=\"mailto:servtech.fdc36@wanadoo.fr\">servtech.fdc36@wanadoo.fr<\/a><\/strong><\/span>[\/vc_column_text]\t<\/div>\n<\/div>\n<h4 class=\"clearfix qodef-title-holder\" >\n\t<span class=\"qodef-accordion-mark qodef-left-mark\">\n\t\t<span class=\"qodef-accordion-mark-icon\">\n\t\t\t<span class=\"icon_plus\"><\/span>\n\t\t\t<span class=\"icon_minus-06\"><\/span>\n\t\t<\/span>\n\t<\/span>\n\t<span class=\"qodef-tab-title\">\n\t\t<span class=\"qodef-tab-title-inner\">\n\t\t\tB\u00e9cassine\t\t<\/span>\n\t<\/span>\n<\/h4>\n<div class=\"qodef-accordion-content\">\n\t<div class=\"qodef-accordion-content-inner\">\n\t\t[vc_column_text]<\/p>\n<ul>\n<li>Suivis b\u00e9cassines : <span style=\"color: #c1246d\"><strong><a style=\"color: #c1246d\" href=\"https:\/\/professionnels.ofb.fr\/fr\/node\/910\" target=\"_blank\" rel=\"noopener\">https:\/\/professionnels.ofb.fr\/fr\/node\/910<\/a><\/strong><\/span><\/li>\n<li>R\u00e9seau b\u00e9cassines : <strong><span style=\"color: #c1246d\"><a style=\"color: #c1246d\" href=\"https:\/\/professionnels.ofb.fr\/fr\/reseau-becassines\" target=\"_blank\" rel=\"noopener\">https:\/\/professionnels.ofb.fr\/fr\/reseau-becassines<\/a><\/span><\/strong><\/li>\n<li>Blog : <strong><span style=\"color: #c1246d\"><a style=\"color: #c1246d\" href=\"http:\/\/becassemigration.canalblog.com\/\" target=\"_blank\" rel=\"noopener\">http:\/\/becassemigration.canalblog.com\/<\/a><\/span><\/strong><\/li>\n<\/ul>\n<p>[\/vc_column_text]\t<\/div>\n<\/div>\n<h4 class=\"clearfix qodef-title-holder\" >\n\t<span class=\"qodef-accordion-mark qodef-left-mark\">\n\t\t<span class=\"qodef-accordion-mark-icon\">\n\t\t\t<span class=\"icon_plus\"><\/span>\n\t\t\t<span class=\"icon_minus-06\"><\/span>\n\t\t<\/span>\n\t<\/span>\n\t<span class=\"qodef-tab-title\">\n\t\t<span class=\"qodef-tab-title-inner\">\n\t\t\tR\u00e9seau ACT\t\t<\/span>\n\t<\/span>\n<\/h4>\n<div class=\"qodef-accordion-content\">\n\t<div class=\"qodef-accordion-content-inner\">\n\t\t[vc_column_text]<\/p>\n<ul>\n<li><span style=\"color: #c1246d\"><strong><a style=\"color: #c1246d\" href=\"https:\/\/www.chasseurducentrevaldeloire.fr\/fdc36\/wp-content\/uploads\/sites\/4\/2023\/11\/NOTIFICATION-recours-gracieux-ATTRIBUTION-BICHE-SUPPLEMENTAIRE-2023-2024-02.233.053.pdf\" target=\"_blank\" rel=\"noopener\">Suivi des populations nicheuses (1996&#8212;2017) et hivernantes (2000&#8212;2017)<\/a><\/strong><\/span><\/li>\n<\/ul>\n<p>[\/vc_column_text]\t<\/div>\n<\/div>\n<\/div>[\/vc_column][\/vc_row]<\/p>\n","protected":false},"excerpt":{"rendered":"<p>[vc_row][vc_column][vc_column_text]La connaissance des mouvements des esp\u00e8ces migratrices repose entre autres sur le baguage. Si vous tirez ou trouvez un oiseau bagu\u00e9\u00a0: S\u2019il est mort, faites parvenir la bague d\u00e9roul\u00e9e et aplatie \u00e0 la FDC 36, fix\u00e9e avec du ruban adh\u00e9sif sur une feuille de papier,&#8230;<\/p>\n","protected":false},"author":6,"featured_media":0,"parent":0,"menu_order":0,"comment_status":"closed","ping_status":"closed","template":"","meta":{"_acf_changed":false,"inline_featured_image":false,"_exactmetrics_skip_tracking":false,"_exactmetrics_sitenote_active":false,"_exactmetrics_sitenote_note":"","_exactmetrics_sitenote_category":0,"footnotes":""},"class_list":["post-3104","page","type-page","status-publish","hentry"],"acf":[],"publishpress_future_action":{"enabled":false,"date":"2026-04-21 19:23:38","action":"change-status","newStatus":"draft","terms":[],"taxonomy":"","extraData":[]},"publishpress_future_workflow_manual_trigger":{"enabledWorkflows":[]},"_links":{"self":[{"href":"https:\/\/www.save.chasseurducentrevaldeloire.fr\/fdc36\/wp-json\/wp\/v2\/pages\/3104","targetHints":{"allow":["GET"]}}],"collection":[{"href":"https:\/\/www.save.chasseurducentrevaldeloire.fr\/fdc36\/wp-json\/wp\/v2\/pages"}],"about":[{"href":"https:\/\/www.save.chasseurducentrevaldeloire.fr\/fdc36\/wp-json\/wp\/v2\/types\/page"}],"author":[{"embeddable":true,"href":"https:\/\/www.save.chasseurducentrevaldeloire.fr\/fdc36\/wp-json\/wp\/v2\/users\/6"}],"replies":[{"embeddable":true,"href":"https:\/\/www.save.chasseurducentrevaldeloire.fr\/fdc36\/wp-json\/wp\/v2\/comments?post=3104"}],"version-history":[{"count":25,"href":"https:\/\/www.save.chasseurducentrevaldeloire.fr\/fdc36\/wp-json\/wp\/v2\/pages\/3104\/revisions"}],"predecessor-version":[{"id":7599,"href":"https:\/\/www.save.chasseurducentrevaldeloire.fr\/fdc36\/wp-json\/wp\/v2\/pages\/3104\/revisions\/7599"}],"wp:attachment":[{"href":"https:\/\/www.save.chasseurducentrevaldeloire.fr\/fdc36\/wp-json\/wp\/v2\/media?parent=3104"}],"curies":[{"name":"wp","href":"https:\/\/api.w.org\/{rel}","templated":true}]}}