{"id":5376,"date":"2022-06-27T10:00:38","date_gmt":"2022-06-27T08:00:38","guid":{"rendered":"https:\/\/www.chasseurducentrevaldeloire.fr\/fdc28\/?page_id=5376"},"modified":"2022-06-27T10:00:38","modified_gmt":"2022-06-27T08:00:38","slug":"direction-departementale-des-territoires-deure-et-loir","status":"publish","type":"page","link":"https:\/\/www.save.chasseurducentrevaldeloire.fr\/fdc28\/direction-departementale-des-territoires-deure-et-loir\/","title":{"rendered":"Direction d\u00e9partementale des territoires d\u2019Eure-et-Loir"},"content":{"rendered":"<p>Le service de la gestion des risques, de l\u2019eau et de la biodiversit\u00e9 est un interlocuteur privil\u00e9gi\u00e9 de la F\u00e9d\u00e9ration pour la gestion des dossiers concernant la chasse et la r\u00e9gulation des esp\u00e8ces susceptibles d\u2019occasionner des d\u00e9g\u00e2ts.<\/p>\n<p>Le service est joignable par mail\u00a0: <a href=\"mailto:ddt-chasse@eure-et-loir.gouv.fr\"><span style=\"color: #70b400\"><strong> ddt-chasse@eure-et-loir.gouv.fr<\/strong><\/span><\/a><\/p>\n<p>&nbsp;<\/p>\n","protected":false},"excerpt":{"rendered":"<p>Le service de la gestion des risques, de l\u2019eau et de la biodiversit\u00e9 est un interlocuteur privil\u00e9gi\u00e9 de la F\u00e9d\u00e9ration pour la gestion des dossiers concernant la chasse et la r\u00e9gulation des esp\u00e8ces susceptibles d\u2019occasionner des d\u00e9g\u00e2ts. Le service est joignable par mail\u00a0: ddt-chasse@eure-et-loir.gouv.fr &nbsp;<\/p>\n","protected":false},"author":6,"featured_media":0,"parent":0,"menu_order":0,"comment_status":"closed","ping_status":"closed","template":"","meta":{"_acf_changed":false,"inline_featured_image":false,"_exactmetrics_skip_tracking":false,"_exactmetrics_sitenote_active":false,"_exactmetrics_sitenote_note":"","_exactmetrics_sitenote_category":0,"footnotes":""},"class_list":["post-5376","page","type-page","status-publish","hentry"],"acf":[],"publishpress_future_action":{"enabled":false,"date":"2026-04-18 12:24:38","action":"change-status","newStatus":"draft","terms":[],"taxonomy":"","extraData":[]},"publishpress_future_workflow_manual_trigger":{"enabledWorkflows":[]},"_links":{"self":[{"href":"https:\/\/www.save.chasseurducentrevaldeloire.fr\/fdc28\/wp-json\/wp\/v2\/pages\/5376","targetHints":{"allow":["GET"]}}],"collection":[{"href":"https:\/\/www.save.chasseurducentrevaldeloire.fr\/fdc28\/wp-json\/wp\/v2\/pages"}],"about":[{"href":"https:\/\/www.save.chasseurducentrevaldeloire.fr\/fdc28\/wp-json\/wp\/v2\/types\/page"}],"author":[{"embeddable":true,"href":"https:\/\/www.save.chasseurducentrevaldeloire.fr\/fdc28\/wp-json\/wp\/v2\/users\/6"}],"replies":[{"embeddable":true,"href":"https:\/\/www.save.chasseurducentrevaldeloire.fr\/fdc28\/wp-json\/wp\/v2\/comments?post=5376"}],"version-history":[{"count":1,"href":"https:\/\/www.save.chasseurducentrevaldeloire.fr\/fdc28\/wp-json\/wp\/v2\/pages\/5376\/revisions"}],"predecessor-version":[{"id":5377,"href":"https:\/\/www.save.chasseurducentrevaldeloire.fr\/fdc28\/wp-json\/wp\/v2\/pages\/5376\/revisions\/5377"}],"wp:attachment":[{"href":"https:\/\/www.save.chasseurducentrevaldeloire.fr\/fdc28\/wp-json\/wp\/v2\/media?parent=5376"}],"curies":[{"name":"wp","href":"https:\/\/api.w.org\/{rel}","templated":true}]}}