{"id":3605,"date":"2018-06-21T13:49:54","date_gmt":"2018-06-21T11:49:54","guid":{"rendered":"http:\/\/www.chasseurducentrevaldeloire.fr\/fdc28\/?page_id=3605"},"modified":"2023-08-31T15:14:14","modified_gmt":"2023-08-31T13:14:14","slug":"sanitaire","status":"publish","type":"page","link":"https:\/\/www.save.chasseurducentrevaldeloire.fr\/fdc28\/sanitaire\/","title":{"rendered":"Sanitaire"},"content":{"rendered":"<p>[vc_row][vc_column][\/vc_column][\/vc_row][vc_row][\/vc_row][vc_row][vc_column]<div class=\"qodef-accordion-holder clearfix qodef-toggle qodef-boxed \">\n\t<h4 class=\"clearfix qodef-title-holder\" >\n\t<span class=\"qodef-accordion-mark qodef-left-mark\">\n\t\t<span class=\"qodef-accordion-mark-icon\">\n\t\t\t<span class=\"icon_plus\"><\/span>\n\t\t\t<span class=\"icon_minus-06\"><\/span>\n\t\t<\/span>\n\t<\/span>\n\t<span class=\"qodef-tab-title\">\n\t\t<span class=\"qodef-tab-title-inner\">\n\t\t\tSAGIR\t\t<\/span>\n\t<\/span>\n<\/h4>\n<div class=\"qodef-accordion-content\">\n\t<div class=\"qodef-accordion-content-inner\">\n\t\t[vc_column_text]<b>SAGIR, surveiller les maladies de la faune sauvage pour agir<\/b><\/p>\n<p>SAGIR est un r\u00e9seau de surveillance \u00e9pid\u00e9miologique des oiseaux et des mammif\u00e8res sauvages terrestres en France. Cette surveillance, fond\u00e9e sur un partenariat constant entre les F\u00e9d\u00e9rations des chasseurs et l\u2019Office national de la chasse et de la faune sauvage, s\u2019exerce depuis 1955.<\/p>\n<p>&nbsp;<\/p>\n<p><b>Le r\u00e9seau SAGIR s\u2019est fix\u00e9 trois Objectifs <\/b><\/p>\n<p>1- d\u00e9tecter pr\u00e9cocement l\u2019apparition de maladies nouvelles pour la faune sauvage\u00a0;<\/p>\n<p>2- surveiller les effets aigus non intentionnels de l\u2019utilisation agricole des produits phytopharmaceutiques sur les oiseaux et mammif\u00e8res sauvages\u00a0;<\/p>\n<p>3- caract\u00e9riser dans le temps et dans l\u2019espace les maladies des oiseaux et des mammif\u00e8res sauvages \u00e0 enjeu pour la sant\u00e9 des populations.<\/p>\n<p>Cette surveillance g\u00e9n\u00e9rale et sur le long terme participe \u00e9galement \u00e0 la connaissance des agents pathog\u00e8nes transmissibles \u00e0 l\u2019homme et\/ou partag\u00e9s par la faune sauvage et les animaux domestiques. L\u2019acquisition de ces donn\u00e9es est fondamentale pour les gestionnaires cyn\u00e9g\u00e9tiques ainsi que pour les \u00e9valuateurs et les gestionnaires du risque.<\/p>\n<p>Pour assurer cette surveillance \u00e9pid\u00e9miologique, le r\u00e9seau SAGIR s\u2019appuie sur la d\u00e9tection de la mortalit\u00e9 des oiseaux et des mammif\u00e8res sauvages et la d\u00e9termination de son \u00e9tiologie<\/p>\n<p>&nbsp;<\/p>\n<p><b>Un r\u00e9seau national de surveillance de la sant\u00e9 de la faune<\/b><\/p>\n<p>La surveillance repose sur un r\u00e9seau d\u2019observateurs de terrain, principalement des chasseurs, des techniciens des F\u00e9d\u00e9rations d\u00e9partementales des chasseurs et des agents de l\u2019ONCFS. Ces observateurs sont coordonn\u00e9s par deux interlocuteurs techniques sp\u00e9cialis\u00e9s dans chaque d\u00e9partement, l\u2019un de la F\u00e9d\u00e9ration d\u00e9partementale des chasseurs et l\u2019autre de l\u2019ONCFS.<\/p>\n<p>Les animaux sauvages trouv\u00e9s morts ou malades sont transport\u00e9s par des personnes qui disposent d\u2019une autorisation sp\u00e9ciale du minist\u00e8re en charge de l\u2019environnement jusqu\u2019au laboratoire d\u00e9partemental d\u2019analyses v\u00e9t\u00e9rinaires o\u00f9 est r\u00e9alis\u00e9 le diagnostic. Certaines analyses particuli\u00e8res sont effectu\u00e9es par des laboratoires sp\u00e9cialis\u00e9s qui viennent en appui aux laboratoires de proximit\u00e9. L\u2019ensemble des r\u00e9sultats est int\u00e9gr\u00e9 dans une base de donn\u00e9es nationale.<\/p>\n<p>Les co\u00fbts du r\u00e9seau SAGIR incombent principalement aux\u00a0F\u00e9d\u00e9rations d\u00e9partementales des chasseurs et \u00e0 l\u2019ONCFS.<\/p>\n<p>En Eure-et-Loir, c\u2019est en moyenne une vingtaine de cadavres qui sont r\u00e9colt\u00e9s et envoy\u00e9s au laboratoire d\u2019analyses d\u2019Alen\u00e7on.<\/p>\n<p>Pour toutes informations relatives \u00e0 la mortalit\u00e9 de la faune sauvage contacter\u00a0:<\/p>\n<p>Eric MANGIN 06.60.37.46.81 ou Fr\u00e9d\u00e9ric SAMSON 06.60.38.46.82[\/vc_column_text]\t<\/div>\n<\/div>\n<h4 class=\"clearfix qodef-title-holder\" >\n\t<span class=\"qodef-accordion-mark qodef-left-mark\">\n\t\t<span class=\"qodef-accordion-mark-icon\">\n\t\t\t<span class=\"icon_plus\"><\/span>\n\t\t\t<span class=\"icon_minus-06\"><\/span>\n\t\t<\/span>\n\t<\/span>\n\t<span class=\"qodef-tab-title\">\n\t\t<span class=\"qodef-tab-title-inner\">\n\t\t\tPeste porcine africaine\t\t<\/span>\n\t<\/span>\n<\/h4>\n<div class=\"qodef-accordion-content\">\n\t<div class=\"qodef-accordion-content-inner\">\n\t\t[vc_column_text]Jeudi 13 septembre la Direction G\u00e9n\u00e9rale de l\u2019Alimentation a confirm\u00e9 la pr\u00e9sence d\u2019un cas de peste porcine africaine (PPA) en Belgique, \u00e0 ETALLE, \u00e0 quelques kilom\u00e8tres de la fronti\u00e8re fran\u00e7aise et des d\u00e9partements de la Meuse, des Ardennes, de la Meurthe et Moselle et de la Moselle. Ce cas aura de graves cons\u00e9quences pour les \u00e9leveurs de porcs mais \u00e9galement pour la chasse.<\/p>\n<div class=\"download_line\">\r\n    <div class=\"dl_top\">\r\n        <div>\r\n                        <a class=\"dl_link\" href=\"https:\/\/www.save.chasseurducentrevaldeloire.fr\/fdc28\/download\/3775\/?tmstv=1775903423\" rel=\"nofollow\" target=\"_blank\">\r\n                <i class=\"file_icon fa fa-file-pdf-o\"><\/i>\r\n                <span>Communiqu\u00e9 FNC PPA<\/span>\r\n            <\/a>\r\n        <\/div>\r\n                <p><i class=\"dl_count fa fa-download\" onclick=\"location.href='https:\/\/www.save.chasseurducentrevaldeloire.fr\/fdc28\/download\/3775\/?tmstv=1775903423'\"><\/i> 1227<\/p>\r\n    <\/div>\r\n    <div class=\"dl_bottom\" id=\"dlb3775\">\r\n            <\/div>\r\n<\/div>\n<div class=\"download_line\">\r\n    <div class=\"dl_top\">\r\n        <div>\r\n                        <a class=\"dl_link\" href=\"https:\/\/www.save.chasseurducentrevaldeloire.fr\/fdc28\/download\/3778\/?tmstv=1775903423\" rel=\"nofollow\" target=\"_blank\">\r\n                <i class=\"file_icon fa fa-file-pdf-o\"><\/i>\r\n                <span>Plaquette ANSP<\/span>\r\n            <\/a>\r\n        <\/div>\r\n                <p><i class=\"dl_count fa fa-download\" onclick=\"location.href='https:\/\/www.save.chasseurducentrevaldeloire.fr\/fdc28\/download\/3778\/?tmstv=1775903423'\"><\/i> 1226<\/p>\r\n    <\/div>\r\n    <div class=\"dl_bottom\" id=\"dlb3778\">\r\n            <\/div>\r\n<\/div>[\/vc_column_text]\t<\/div>\n<\/div>\n<h4 class=\"clearfix qodef-title-holder\" >\n\t<span class=\"qodef-accordion-mark qodef-left-mark\">\n\t\t<span class=\"qodef-accordion-mark-icon\">\n\t\t\t<span class=\"icon_plus\"><\/span>\n\t\t\t<span class=\"icon_minus-06\"><\/span>\n\t\t<\/span>\n\t<\/span>\n\t<span class=\"qodef-tab-title\">\n\t\t<span class=\"qodef-tab-title-inner\">\n\t\t\tZoonoses\t\t<\/span>\n\t<\/span>\n<\/h4>\n<div class=\"qodef-accordion-content\">\n\t<div class=\"qodef-accordion-content-inner\">\n\t\t[vc_column_text]T\u00e9l\u00e9charger la <span style=\"color: #70b400\"><a style=\"color: #70b400\" href=\"https:\/\/www.chasseurducentrevaldeloire.fr\/fdc28\/wp-content\/uploads\/sites\/6\/2023\/08\/LivreV_Sanitaire.pdf\" target=\"_blank\" rel=\"noopener\"><strong>plaquette<\/strong><\/a><\/span>[\/vc_column_text]\t<\/div>\n<\/div>\n<\/div>[\/vc_column][\/vc_row]<\/p>\n","protected":false},"excerpt":{"rendered":"<p>[vc_row][vc_column][\/vc_column][\/vc_row][vc_row][\/vc_row][vc_row][vc_column][\/vc_column][\/vc_row]<\/p>\n","protected":false},"author":6,"featured_media":0,"parent":0,"menu_order":0,"comment_status":"closed","ping_status":"closed","template":"","meta":{"_acf_changed":false,"inline_featured_image":false,"_exactmetrics_skip_tracking":false,"_exactmetrics_sitenote_active":false,"_exactmetrics_sitenote_note":"","_exactmetrics_sitenote_category":0,"footnotes":""},"class_list":["post-3605","page","type-page","status-publish","hentry"],"acf":[],"publishpress_future_action":{"enabled":false,"date":"2026-04-18 12:30:23","action":"change-status","newStatus":"draft","terms":[],"taxonomy":"","extraData":[]},"publishpress_future_workflow_manual_trigger":{"enabledWorkflows":[]},"_links":{"self":[{"href":"https:\/\/www.save.chasseurducentrevaldeloire.fr\/fdc28\/wp-json\/wp\/v2\/pages\/3605","targetHints":{"allow":["GET"]}}],"collection":[{"href":"https:\/\/www.save.chasseurducentrevaldeloire.fr\/fdc28\/wp-json\/wp\/v2\/pages"}],"about":[{"href":"https:\/\/www.save.chasseurducentrevaldeloire.fr\/fdc28\/wp-json\/wp\/v2\/types\/page"}],"author":[{"embeddable":true,"href":"https:\/\/www.save.chasseurducentrevaldeloire.fr\/fdc28\/wp-json\/wp\/v2\/users\/6"}],"replies":[{"embeddable":true,"href":"https:\/\/www.save.chasseurducentrevaldeloire.fr\/fdc28\/wp-json\/wp\/v2\/comments?post=3605"}],"version-history":[{"count":9,"href":"https:\/\/www.save.chasseurducentrevaldeloire.fr\/fdc28\/wp-json\/wp\/v2\/pages\/3605\/revisions"}],"predecessor-version":[{"id":5761,"href":"https:\/\/www.save.chasseurducentrevaldeloire.fr\/fdc28\/wp-json\/wp\/v2\/pages\/3605\/revisions\/5761"}],"wp:attachment":[{"href":"https:\/\/www.save.chasseurducentrevaldeloire.fr\/fdc28\/wp-json\/wp\/v2\/media?parent=3605"}],"curies":[{"name":"wp","href":"https:\/\/api.w.org\/{rel}","templated":true}]}}