{"id":3518,"date":"2018-06-01T15:22:13","date_gmt":"2018-06-01T13:22:13","guid":{"rendered":"http:\/\/www.chasseurducentrevaldeloire.fr\/fdc28\/?page_id=3518"},"modified":"2025-11-18T09:56:13","modified_gmt":"2025-11-18T08:56:13","slug":"conseil-dadministration","status":"publish","type":"page","link":"https:\/\/www.save.chasseurducentrevaldeloire.fr\/fdc28\/conseil-dadministration\/","title":{"rendered":"Conseil d&rsquo;administration"},"content":{"rendered":"<p>[vc_row][vc_column][vc_column_text]<\/p>\n<p>&nbsp;<\/p>\n<p>&nbsp;<\/p>\n<table width=\"415\">\n<tbody>\n<tr>\n<td width=\"83\"><span data-olk-copy-source=\"MessageBody\">Civilit\u00e9 long<\/span><\/td>\n<td width=\"83\">NOM<\/td>\n<td width=\"83\">PRENOM<\/td>\n<td width=\"83\">Fonction<\/td>\n<td width=\"83\"><\/td>\n<\/tr>\n<tr>\n<td>Monsieur<\/td>\n<td>MOKTAR<\/td>\n<td>Jean-Paul<\/td>\n<td>le Pr\u00e9sident<\/td>\n<td><img loading=\"lazy\" decoding=\"async\" class=\"alignnone size-medium wp-image-6325\" src=\"https:\/\/www.chasseurducentrevaldeloire.fr\/fdc28\/wp-content\/uploads\/sites\/6\/2025\/05\/JPM-285x300.jpg\" alt=\"\" width=\"285\" height=\"300\" srcset=\"https:\/\/www.save.chasseurducentrevaldeloire.fr\/fdc28\/wp-content\/uploads\/sites\/6\/2025\/05\/JPM-285x300.jpg 285w, https:\/\/www.save.chasseurducentrevaldeloire.fr\/fdc28\/wp-content\/uploads\/sites\/6\/2025\/05\/JPM.jpg 738w\" sizes=\"auto, (max-width: 285px) 100vw, 285px\" \/><\/td>\n<\/tr>\n<tr>\n<td>Monsieur<\/td>\n<td>LE GUILLOUS<\/td>\n<td>Patrick<\/td>\n<td>le Vice-Pr\u00e9sident<\/td>\n<td><img loading=\"lazy\" decoding=\"async\" class=\"alignnone size-medium wp-image-6327\" src=\"https:\/\/www.chasseurducentrevaldeloire.fr\/fdc28\/wp-content\/uploads\/sites\/6\/2025\/05\/patricke-232x300.jpg\" alt=\"\" width=\"232\" height=\"300\" srcset=\"https:\/\/www.save.chasseurducentrevaldeloire.fr\/fdc28\/wp-content\/uploads\/sites\/6\/2025\/05\/patricke-232x300.jpg 232w, https:\/\/www.save.chasseurducentrevaldeloire.fr\/fdc28\/wp-content\/uploads\/sites\/6\/2025\/05\/patricke.jpg 325w\" sizes=\"auto, (max-width: 232px) 100vw, 232px\" \/><\/td>\n<\/tr>\n<tr>\n<td>Monsieur<\/td>\n<td>CAR\u00c9<\/td>\n<td>Fran\u00e7ois<\/td>\n<td>le Vice-Pr\u00e9sident<\/td>\n<td><img loading=\"lazy\" decoding=\"async\" class=\"alignnone size-medium wp-image-6326\" src=\"https:\/\/www.chasseurducentrevaldeloire.fr\/fdc28\/wp-content\/uploads\/sites\/6\/2025\/05\/CARE-Francois-16-10-2020-identite-196x300.jpg\" alt=\"\" width=\"196\" height=\"300\" \/><\/td>\n<\/tr>\n<tr>\n<td>Monsieur<\/td>\n<td>BLIN<\/td>\n<td>Daniel<\/td>\n<td>le Secr\u00e9taire<\/td>\n<td><img loading=\"lazy\" decoding=\"async\" class=\"alignnone size-full wp-image-6328\" src=\"https:\/\/www.chasseurducentrevaldeloire.fr\/fdc28\/wp-content\/uploads\/sites\/6\/2025\/05\/daniel.jpg\" alt=\"\" width=\"197\" height=\"239\" \/><\/td>\n<\/tr>\n<tr>\n<td>Monsieur<\/td>\n<td>GANDIN<\/td>\n<td>Didier<\/td>\n<td>Le Tr\u00e9sorier<\/td>\n<td><img loading=\"lazy\" decoding=\"async\" class=\"alignnone size-full wp-image-6329\" src=\"https:\/\/www.chasseurducentrevaldeloire.fr\/fdc28\/wp-content\/uploads\/sites\/6\/2025\/05\/didier.jpg\" alt=\"\" width=\"153\" height=\"163\" \/><\/td>\n<\/tr>\n<tr>\n<td>Monsieur<\/td>\n<td>MARDELET<\/td>\n<td>Xavier<\/td>\n<td>le Tr\u00e9sorier Adjoint<\/td>\n<td><img loading=\"lazy\" decoding=\"async\" class=\"alignnone size-medium wp-image-6330\" src=\"https:\/\/www.chasseurducentrevaldeloire.fr\/fdc28\/wp-content\/uploads\/sites\/6\/2025\/05\/xavier-M-207x300.jpg\" alt=\"\" width=\"207\" height=\"300\" srcset=\"https:\/\/www.save.chasseurducentrevaldeloire.fr\/fdc28\/wp-content\/uploads\/sites\/6\/2025\/05\/xavier-M-207x300.jpg 207w, https:\/\/www.save.chasseurducentrevaldeloire.fr\/fdc28\/wp-content\/uploads\/sites\/6\/2025\/05\/xavier-M.jpg 235w\" sizes=\"auto, (max-width: 207px) 100vw, 207px\" \/><\/td>\n<\/tr>\n<tr>\n<td>Monsieur<\/td>\n<td>MARAND<\/td>\n<td>Mathieu<\/td>\n<td><\/td>\n<td><img loading=\"lazy\" decoding=\"async\" class=\"alignnone size-full wp-image-6485\" src=\"https:\/\/www.chasseurducentrevaldeloire.fr\/fdc28\/wp-content\/uploads\/sites\/6\/2025\/09\/MARAND-Mathieu.jpg\" alt=\"\" width=\"183\" height=\"244\" \/><\/td>\n<\/tr>\n<tr>\n<td>Madame<\/td>\n<td>MADIOT<\/td>\n<td>Laurence<\/td>\n<td><\/td>\n<td><img loading=\"lazy\" decoding=\"async\" class=\"alignnone size-medium wp-image-6486\" src=\"https:\/\/www.chasseurducentrevaldeloire.fr\/fdc28\/wp-content\/uploads\/sites\/6\/2025\/09\/MADIOT-Laurence-231x300.jpg\" alt=\"\" width=\"231\" height=\"300\" srcset=\"https:\/\/www.save.chasseurducentrevaldeloire.fr\/fdc28\/wp-content\/uploads\/sites\/6\/2025\/09\/MADIOT-Laurence-231x300.jpg 231w, https:\/\/www.save.chasseurducentrevaldeloire.fr\/fdc28\/wp-content\/uploads\/sites\/6\/2025\/09\/MADIOT-Laurence.jpg 239w\" sizes=\"auto, (max-width: 231px) 100vw, 231px\" \/><\/td>\n<\/tr>\n<tr>\n<td>Monsieur<\/td>\n<td>LESAGE<\/td>\n<td>Jacky<\/td>\n<td><\/td>\n<td><img loading=\"lazy\" decoding=\"async\" class=\"alignnone size-full wp-image-6487\" src=\"https:\/\/www.chasseurducentrevaldeloire.fr\/fdc28\/wp-content\/uploads\/sites\/6\/2025\/09\/jackie-LESAGE.jpg\" alt=\"\" width=\"148\" height=\"208\" \/><\/td>\n<\/tr>\n<tr>\n<td>Monsieur<\/td>\n<td>HURBE<\/td>\n<td>Jean-Pierre<\/td>\n<td><\/td>\n<td><img loading=\"lazy\" decoding=\"async\" class=\"alignnone size-full wp-image-6488\" src=\"https:\/\/www.chasseurducentrevaldeloire.fr\/fdc28\/wp-content\/uploads\/sites\/6\/2025\/09\/HURBE-jean-pierre.jpg\" alt=\"\" width=\"127\" height=\"172\" \/><\/td>\n<\/tr>\n<tr>\n<td>Monsieur<\/td>\n<td>DORET<\/td>\n<td>Philippe<\/td>\n<td><\/td>\n<td><img loading=\"lazy\" decoding=\"async\" class=\"alignnone size-full wp-image-6489\" src=\"https:\/\/www.chasseurducentrevaldeloire.fr\/fdc28\/wp-content\/uploads\/sites\/6\/2025\/09\/Philippe-DORET.jpg\" alt=\"\" width=\"229\" height=\"282\" \/><\/td>\n<\/tr>\n<tr>\n<td>Monsieur<\/td>\n<td>LAMBERT<\/td>\n<td>Jean-Matthieu<\/td>\n<td><\/td>\n<td><img loading=\"lazy\" decoding=\"async\" class=\"alignnone size-medium wp-image-6490\" src=\"https:\/\/www.chasseurducentrevaldeloire.fr\/fdc28\/wp-content\/uploads\/sites\/6\/2025\/09\/LAMBERT-Jean-Matthieu-248x300.jpg\" alt=\"\" width=\"248\" height=\"300\" srcset=\"https:\/\/www.save.chasseurducentrevaldeloire.fr\/fdc28\/wp-content\/uploads\/sites\/6\/2025\/09\/LAMBERT-Jean-Matthieu-248x300.jpg 248w, https:\/\/www.save.chasseurducentrevaldeloire.fr\/fdc28\/wp-content\/uploads\/sites\/6\/2025\/09\/LAMBERT-Jean-Matthieu-768x929.jpg 768w, https:\/\/www.save.chasseurducentrevaldeloire.fr\/fdc28\/wp-content\/uploads\/sites\/6\/2025\/09\/LAMBERT-Jean-Matthieu.jpg 775w\" sizes=\"auto, (max-width: 248px) 100vw, 248px\" \/><\/td>\n<\/tr>\n<tr>\n<td>Monsieur<\/td>\n<td>BATAILLE<\/td>\n<td>Fr\u00e9d\u00e9ric<\/td>\n<td><\/td>\n<td><img loading=\"lazy\" decoding=\"async\" class=\"alignnone size-full wp-image-6491\" src=\"https:\/\/www.chasseurducentrevaldeloire.fr\/fdc28\/wp-content\/uploads\/sites\/6\/2025\/09\/frederic-BATAILLE.jpg\" alt=\"\" width=\"147\" height=\"192\" \/><\/td>\n<\/tr>\n<tr>\n<td>Monsieur<\/td>\n<td>COURANT<\/td>\n<td>Philippe<\/td>\n<td><\/td>\n<td><img loading=\"lazy\" decoding=\"async\" class=\"alignnone size-medium wp-image-6492\" src=\"https:\/\/www.chasseurducentrevaldeloire.fr\/fdc28\/wp-content\/uploads\/sites\/6\/2025\/09\/COURANT-Philippe-225x300.jpg\" alt=\"\" width=\"225\" height=\"300\" srcset=\"https:\/\/www.save.chasseurducentrevaldeloire.fr\/fdc28\/wp-content\/uploads\/sites\/6\/2025\/09\/COURANT-Philippe-225x300.jpg 225w, https:\/\/www.save.chasseurducentrevaldeloire.fr\/fdc28\/wp-content\/uploads\/sites\/6\/2025\/09\/COURANT-Philippe-768x1024.jpg 768w, https:\/\/www.save.chasseurducentrevaldeloire.fr\/fdc28\/wp-content\/uploads\/sites\/6\/2025\/09\/COURANT-Philippe-1152x1536.jpg 1152w, https:\/\/www.save.chasseurducentrevaldeloire.fr\/fdc28\/wp-content\/uploads\/sites\/6\/2025\/09\/COURANT-Philippe-600x800.jpg 600w, https:\/\/www.save.chasseurducentrevaldeloire.fr\/fdc28\/wp-content\/uploads\/sites\/6\/2025\/09\/COURANT-Philippe.jpg 1426w\" sizes=\"auto, (max-width: 225px) 100vw, 225px\" \/><\/td>\n<\/tr>\n<tr>\n<td>Monsieur<\/td>\n<td>GARAVANA<\/td>\n<td>Emmanuel<\/td>\n<td><\/td>\n<td><img loading=\"lazy\" decoding=\"async\" class=\"alignnone size-medium wp-image-6493\" src=\"https:\/\/www.chasseurducentrevaldeloire.fr\/fdc28\/wp-content\/uploads\/sites\/6\/2025\/09\/Emmanuel-GARAVANA-221x300.jpg\" alt=\"\" width=\"221\" height=\"300\" srcset=\"https:\/\/www.save.chasseurducentrevaldeloire.fr\/fdc28\/wp-content\/uploads\/sites\/6\/2025\/09\/Emmanuel-GARAVANA-221x300.jpg 221w, https:\/\/www.save.chasseurducentrevaldeloire.fr\/fdc28\/wp-content\/uploads\/sites\/6\/2025\/09\/Emmanuel-GARAVANA.jpg 265w\" sizes=\"auto, (max-width: 221px) 100vw, 221px\" \/><\/td>\n<\/tr>\n<\/tbody>\n<\/table>\n<p>[\/vc_column_text][\/vc_column][\/vc_row][vc_row][vc_column][vc_empty_space height=\u00a0\u00bb64px\u00a0\u00bb][vc_column_text]<\/p>\n<p style=\"text-align: center\"><strong>CARTE DES SECTEURS DES ADMINISTRATEURS<\/strong><\/p>\n<p>[\/vc_column_text][vc_empty_space][vc_single_image image=\u00a0\u00bb6230&Prime; img_size=\u00a0\u00bbfull\u00a0\u00bb alignment=\u00a0\u00bbcenter\u00a0\u00bb][\/vc_column][\/vc_row]<\/p>\n","protected":false},"excerpt":{"rendered":"<p>[vc_row][vc_column][vc_column_text] &nbsp; &nbsp; Civilit\u00e9 long NOM PRENOM Fonction Monsieur MOKTAR Jean-Paul le Pr\u00e9sident Monsieur LE GUILLOUS Patrick le Vice-Pr\u00e9sident Monsieur CAR\u00c9 Fran\u00e7ois le Vice-Pr\u00e9sident Monsieur BLIN Daniel le Secr\u00e9taire Monsieur GANDIN Didier Le Tr\u00e9sorier Monsieur MARDELET Xavier le Tr\u00e9sorier Adjoint Monsieur MARAND Mathieu Madame MADIOT&#8230;<\/p>\n","protected":false},"author":2,"featured_media":0,"parent":0,"menu_order":0,"comment_status":"closed","ping_status":"closed","template":"","meta":{"_acf_changed":false,"inline_featured_image":false,"_exactmetrics_skip_tracking":false,"_exactmetrics_sitenote_active":false,"_exactmetrics_sitenote_note":"","_exactmetrics_sitenote_category":0,"footnotes":""},"class_list":["post-3518","page","type-page","status-publish","hentry"],"acf":[],"publishpress_future_action":{"enabled":false,"date":"2026-04-18 12:24:36","action":"change-status","newStatus":"draft","terms":[],"taxonomy":"","extraData":[]},"publishpress_future_workflow_manual_trigger":{"enabledWorkflows":[]},"_links":{"self":[{"href":"https:\/\/www.save.chasseurducentrevaldeloire.fr\/fdc28\/wp-json\/wp\/v2\/pages\/3518","targetHints":{"allow":["GET"]}}],"collection":[{"href":"https:\/\/www.save.chasseurducentrevaldeloire.fr\/fdc28\/wp-json\/wp\/v2\/pages"}],"about":[{"href":"https:\/\/www.save.chasseurducentrevaldeloire.fr\/fdc28\/wp-json\/wp\/v2\/types\/page"}],"author":[{"embeddable":true,"href":"https:\/\/www.save.chasseurducentrevaldeloire.fr\/fdc28\/wp-json\/wp\/v2\/users\/2"}],"replies":[{"embeddable":true,"href":"https:\/\/www.save.chasseurducentrevaldeloire.fr\/fdc28\/wp-json\/wp\/v2\/comments?post=3518"}],"version-history":[{"count":14,"href":"https:\/\/www.save.chasseurducentrevaldeloire.fr\/fdc28\/wp-json\/wp\/v2\/pages\/3518\/revisions"}],"predecessor-version":[{"id":6566,"href":"https:\/\/www.save.chasseurducentrevaldeloire.fr\/fdc28\/wp-json\/wp\/v2\/pages\/3518\/revisions\/6566"}],"wp:attachment":[{"href":"https:\/\/www.save.chasseurducentrevaldeloire.fr\/fdc28\/wp-json\/wp\/v2\/media?parent=3518"}],"curies":[{"name":"wp","href":"https:\/\/api.w.org\/{rel}","templated":true}]}}