{"id":3429,"date":"2018-05-18T16:24:30","date_gmt":"2018-05-18T14:24:30","guid":{"rendered":"http:\/\/www.chasseurducentrevaldeloire.fr\/fdc28\/?page_id=3429"},"modified":"2025-10-24T11:57:56","modified_gmt":"2025-10-24T09:57:56","slug":"formation-permis-de-chasser","status":"publish","type":"page","link":"https:\/\/www.save.chasseurducentrevaldeloire.fr\/fdc28\/formation-permis-de-chasser\/","title":{"rendered":"Formation permis de chasser"},"content":{"rendered":"<p>[vc_row][\/vc_row][vc_row][vc_column][vc_column_text]<strong><mark>PASSER SON PERMIS DE CHASSER <\/mark><\/strong><\/p>\n<p>&nbsp;<\/p>\n<p><strong><em>Contacts FDC28 <\/em><\/strong><\/p>\n<p><em>Service administratif : Candice Bourdelas <strong>02.37.24.02.44 <\/strong><\/em><\/p>\n<p><em>Service technique : Fr\u00e9d\u00e9ric Samson <strong>06.60.38.46.82<\/strong><\/em><\/p>\n<p>&nbsp;<\/p>\n<p><strong><em><u>Proc\u00e9dure d\u2019inscriptions et les diff\u00e9rentes \u00e9tapes : <\/u><\/em><\/strong><\/p>\n<p>Le candidat imprime le <a href=\"https:\/\/www.chasseurducentrevaldeloire.fr\/fdc28\/wp-content\/uploads\/sites\/6\/2025\/10\/demande-dinscript-format-du-permis.pdf\" target=\"_blank\" rel=\"noopener\"><strong><span style=\"color: #ff0000\">formulaire d\u2019inscription aux formations<\/span><\/strong><\/a> obligatoires et y ajoute le <span style=\"color: #ff0000\"><strong>r\u00e8glement des frais de formations<\/strong><\/span> par ch\u00e8que.<\/p>\n<p>&nbsp;<\/p>\n<p><strong><u>PUIS<\/u><\/strong> il se pr\u00e9inscrit<strong><span style=\"color: #ff0000\"> OBLIGATOIREMENT \u00e0 l\u2019examen, en ligne, sur le site de <a style=\"color: #ff0000\" href=\"https:\/\/permischasser.ofb.fr\/\" target=\"_blank\" rel=\"noopener\">l\u2019OFB<\/a><\/span>*<\/strong><\/p>\n<p>&nbsp;<\/p>\n<p>Il <span style=\"color: #ff0000\"><strong>imprime le Cerfa<\/strong> <strong>OFB <\/strong><\/span>qu\u2019il a <u>re\u00e7u par mail<\/u> apr\u00e8s avoir finaliser son inscription\u00a0; et y ajoute <span style=\"color: #ff0000\"><strong>toutes les pi\u00e8ces demand\u00e9es<\/strong><\/span> (<em>certificat m\u00e9dical au verso du cerfa+ copie pi\u00e8ce d\u2019identit\u00e9 + photo normalis\u00e9e r\u00e9cente + journ\u00e9e d\u2019appel selon \u00e2ge). <\/em><\/p>\n<p>&nbsp;<\/p>\n<p style=\"text-align: center\"><strong><mark>Le candidat renvoi tout <\/mark><\/strong><strong><mark>=&gt; le dossier doit \u00eatre complet<\/mark><\/strong><\/p>\n<p style=\"text-align: center\"><strong><mark>\u00e0 : F\u00e9d\u00e9ration des Chasseurs 12 rue du ch\u00e2teau 28360 Chenonville<\/mark><\/strong><\/p>\n<p>&nbsp;<\/p>\n<p><strong>*site de l\u2019ofb<\/strong> = <a href=\"https:\/\/permischasser.ofb.fr\" target=\"_blank\" rel=\"noopener\"><strong><span style=\"color: #ff0000\">https:\/\/permischasser.ofb.fr<\/span><\/strong><\/a><\/p>\n<p>&nbsp;<\/p>\n<p>&#8211; Le candidat recevra r\u00e9guli\u00e8rement des mails sur l\u2019avanc\u00e9e de son dossier ; et environ 1 mois avant la date de la formation th\u00e9orique, sa convocation officielle \u00e0 la formation th\u00e9orique lui est exp\u00e9di\u00e9e par mail<em>. <\/em><\/p>\n<p>&nbsp;<\/p>\n<p>&#8211; <u>A la formation th\u00e9orique<\/u> :<\/p>\n<p>Le candidat choisit sa date\/heure de formation pratique et d\u2019examen blanc <em>(choix date\/heure selon planning). <\/em>;<\/p>\n<p>Il peut indiquer sa pr\u00e9f\u00e9rence de date d\u2019examen officiel. Il lui est remis des supports techniques.<\/p>\n<p>La convocation r\u00e9capitulant les dates choisies est envoy\u00e9e par mail dans les jours qui suivent.<\/p>\n<p>&nbsp;<\/p>\n<p>&#8211; <u>15 jrs avant la date de l\u2019examen<\/u>, l\u2019OFB lui envoi sa convocation officielle \u00e0 l\u2019examen par mail.<\/p>\n<p>&nbsp;<\/p>\n<p>&#8211; <u>A la formation pratique<\/u> :<\/p>\n<p>Passage du parcours de l\u2019examen et des divers ateliers par groupe de 3 \u00e0 5 candidats.<\/p>\n<p>&nbsp;<\/p>\n<p>&#8211; <u>A l\u2019examen blanc<\/u> :<\/p>\n<p>Le candidat r\u00e9alise le parcours pratique + les questions th\u00e9oriques individuellement comme \u00e0 l\u2019examen.<\/p>\n<p>&nbsp;<\/p>\n<p>&#8211; <u>Le jour de l\u2019examen officiel<\/u> :<\/p>\n<p>Le candidat est \u00e9valu\u00e9 par l\u2019inspecteur de l\u2019OFB sur le parcours du permis de chasser (sur 21 points) puis r\u00e9pond \u00e0 10 questions th\u00e9oriques en salle (sur 10 points). Il faut au minimum 25 sur 31 (sans faute \u00e9liminatoire) pour obtenir le permis.<\/p>\n<p>&nbsp;<\/p>\n<p><strong>Calendrier pr\u00e9visionnel des sessions de 2026 : <\/strong><\/p>\n<p>&nbsp;<\/p>\n<p><img loading=\"lazy\" decoding=\"async\" class=\"alignnone wp-image-6559 size-full\" src=\"https:\/\/www.chasseurducentrevaldeloire.fr\/fdc28\/wp-content\/uploads\/sites\/6\/2025\/10\/Cal2026.png\" alt=\"\" width=\"535\" height=\"595\" srcset=\"https:\/\/www.save.chasseurducentrevaldeloire.fr\/fdc28\/wp-content\/uploads\/sites\/6\/2025\/10\/Cal2026.png 535w, https:\/\/www.save.chasseurducentrevaldeloire.fr\/fdc28\/wp-content\/uploads\/sites\/6\/2025\/10\/Cal2026-270x300.png 270w\" sizes=\"auto, (max-width: 535px) 100vw, 535px\" \/><\/p>\n<p>&nbsp;<\/p>\n<p><strong><mark>Les formations de la fdc28 <\/mark><\/strong><\/p>\n<p>&nbsp;<\/p>\n<p><strong><em>Tarif <\/em><\/strong><em>= pour les r\u00e9sidents du 28 : <strong>25\u20ac <\/strong><\/em><\/p>\n<p><em>et pour les non-r\u00e9sidents du 28 : 50\u20ac (promo mineur) et 150\u20ac si majeur <\/em><\/p>\n<p>&nbsp;<\/p>\n<p><u>La <strong>formation th\u00e9orique<\/strong><\/u> se d\u00e9roule en groupe en salle \u00e0 Chenonville sur \u00bd journ\u00e9e.<\/p>\n<p>&nbsp;<\/p>\n<p>Nous remettons \u00e0 l\u2019arriv\u00e9e du candidat les supports techniques.<\/p>\n<p>&nbsp;<\/p>\n<p><strong>Le candidat s\u2019inscrit sur une date\/heure de formation pratique et d\u2019examen blanc<\/strong>.<\/p>\n<p>&nbsp;<\/p>\n<p>Nous expliquerons le d\u00e9roulement de l\u2019\u00e9preuve, la fa\u00e7on d\u2019appr\u00e9hender les questions, quelles peuvent \u00eatre les pi\u00e8ges possibles et les choses importantes \u00e0 savoir.<\/p>\n<p>&#8211; Connaissance de la chasse en France<\/p>\n<p>&#8211; Armes de chasse \u2013 r\u00e8gles de s\u00e9curit\u00e9<\/p>\n<p>&#8211; Connaissance des esp\u00e8ces et de leur gestion<\/p>\n<p>&#8211; Questions \u00e9liminatoires<\/p>\n<p>&nbsp;<\/p>\n<p><strong><mark>Le candidat doit r\u00e9viser chez lui<\/mark><\/strong> sur le site de la FNC (vid\u00e9os par th\u00e9matiques) : <strong><a href=\"https:\/\/www.chasseurdefrance.com\/reviser-son-permis\/\" target=\"_blank\" rel=\"noopener\"><span style=\"color: #ff0000\">https:\/\/www.chasseurdefrance.com\/reviser-son-permis\/<\/span><\/a><\/strong><\/p>\n<p>&nbsp;<\/p>\n<p>Et <strong><mark>s\u2019entrainer aux questions<\/mark><\/strong> (examens blancs \/ questions par th\u00e8mes) : <a href=\"https:\/\/www.chasseurdefrance.com\/pratiquer\/sentrainer-au-permis-2\/\" target=\"_blank\" rel=\"noopener\"><strong>h<span style=\"color: #ff0000\">ttps:\/\/www.chasseurdefrance.com\/pratiquer\/sentrainer-au-permis-2\/<\/span><\/strong><\/a><\/p>\n<p>&nbsp;<\/p>\n<p><u>La <strong>formation pratique<\/strong><\/u> est r\u00e9serv\u00e9e aux seuls candidats ayant suivis la formation th\u00e9orique.<\/p>\n<p>Cette derni\u00e8re se d\u00e9roule en petit groupe quelques jours avant l\u2019examen sur le terrain Vouzelaud \u00e0 BROU et dure sur \u00bd journ\u00e9e. Il est compos\u00e9 de <em>5 Ateliers <\/em>:<\/p>\n<ol>\n<li>a) maniement individuel des armes en salle<\/li>\n<li>b) \u00e9volution sur le parcours avec franchissement d\u2019obstacles<\/li>\n<li>c) parcours de chasse au tir \u00e0 blanc <em>(3 ateliers) <\/em><\/li>\n<li>d) la fosse <em>(tir r\u00e9el) <\/em><\/li>\n<li>e) tir au sanglier\/battue grand gibier <em>(tir \u00e0 la carabine) <\/em><\/li>\n<\/ol>\n<p>&nbsp;<\/p>\n<p>Vous pouvez <strong><mark>visualiser le parcours <\/mark><\/strong>gr\u00e2ce au lien vid\u00e9o ci-dessous\u00a0:<\/p>\n<p><a href=\"https:\/\/youtu.be\/vrv7k1CUi0M\" target=\"_blank\" rel=\"noopener\"><span style=\"color: #ff0000\">\u00a0<\/span><strong><span style=\"color: #ff0000\">https:\/\/youtu.be\/vrv7k1CUi0M<\/span> <\/strong><\/a><\/p>\n<p>&nbsp;<\/p>\n<p><u>Un <strong>examen blanc<\/strong><\/u> obligatoire de 30min sera r\u00e9alis\u00e9 seul sur une autre journ\u00e9e, quelques jours avant l\u2019examen officiel.<\/p>\n<p><strong>\u00a0<\/strong><\/p>\n<p><strong><mark>L\u2019examen officiel de l\u2019OFB <\/mark><\/strong><\/p>\n<p><strong><em>Tarif <\/em><\/strong><em>= mineurs: <strong>31\u20ac <\/strong>et majeurs <strong>: 46\u20ac <\/strong><\/em><\/p>\n<p>&nbsp;<\/p>\n<p>L\u2019examen d\u00e9bute par des exercices pratiques en ext\u00e9rieur not\u00e9s sur 21 points.<\/p>\n<p>&nbsp;<\/p>\n<p><u>Quatre modules sont pr\u00e9vus<\/u> :<\/p>\n<p>&#8211; Parcours d\u2019obstacles (<em>parcours de chasse simul\u00e9<\/em>) avec tir \u00e0 blanc (<em>fusil \u00e0 canons basculants<\/em>): 7 points, dont 1 de comportement g\u00e9n\u00e9ral<\/p>\n<p>&#8211; \u00c9preuve de transport, d\u00e9montage sommaire et rangement d\u2019une arme de chasse : 1 point<\/p>\n<p>&#8211; \u00c9preuve de tir sur plateaux d\u2019argile avec cartouches \u00e0 grenaille : 7 points, dont 1 de comportement g\u00e9n\u00e9ral<\/p>\n<p>&#8211; \u00c9preuve de tir sur cible symbolisant un sanglier courant : 6 points, dont 1 de comportement g\u00e9n\u00e9ral<\/p>\n<p>&nbsp;<\/p>\n<p><strong>Attention : <em>tout comportement dangereux au cours des exercices est imm\u00e9diatement \u00e9liminatoire et interrompt l\u2019examen du permis de chasser<\/em>. <\/strong><\/p>\n<p>&nbsp;<\/p>\n<p>Une fois la partie pratique termin\u00e9e et si le candidat a une note sup\u00e9rieure ou \u00e9gale \u00e0 15, il doit r\u00e9pondre \u00e0 10 questions th\u00e9oriques (<em>dont 1 \u00e9liminatoire<\/em>) not\u00e9es sur 10 points pour v\u00e9rifier ses connaissances.<\/p>\n<p>&nbsp;<\/p>\n<p>Le candidat devra obtenir la note totale minimale de 25 points sur 31 sur les exercices pratiques et questions th\u00e9oriques sans aucune faute \u00e9liminatoire pour r\u00e9ussir l\u2019examen du permis de chasser.<\/p>\n<p>&nbsp;<\/p>\n<p>En cas de r\u00e9ussite, le candidat repart avec son certificat valant permis de chasser (valable2 mois) qu\u2019il n\u2019aura plus qu\u2019\u00e0 valider aupr\u00e8s de la FDC28 pour chasser. <strong>L\u2019imprimerie nationale enverra le permis permanent dans les jours qui suivent. <\/strong><\/p>\n<p>&nbsp;<\/p>\n<p>En cas d\u2019\u00e9chec, il devra en ligne se r\u00e9inscrire \u00e0 l\u2019examen et r\u00e9gler 16\u20ac ; puis renvoyer \u00e0 la f\u00e9d\u00e9ration le document papier.<\/p>\n<p><strong>la proc\u00e9dure pour <span style=\"color: #70b400\"><a style=\"color: #70b400\" href=\"https:\/\/www.chasseurducentrevaldeloire.fr\/fdc28\/wp-content\/uploads\/sites\/6\/2025\/10\/se-reinscrire-a-lexamen.pdf\" target=\"_blank\" rel=\"noopener\">se r\u00e9inscrire<\/a><\/span><\/strong> \u00e0 l\u2019examen[\/vc_column_text][\/vc_column][\/vc_row]<\/p>\n","protected":false},"excerpt":{"rendered":"<p>[vc_row][\/vc_row][vc_row][vc_column][vc_column_text]PASSER SON PERMIS DE CHASSER &nbsp; Contacts FDC28 Service administratif : Candice Bourdelas 02.37.24.02.44 Service technique : Fr\u00e9d\u00e9ric Samson 06.60.38.46.82 &nbsp; Proc\u00e9dure d\u2019inscriptions et les diff\u00e9rentes \u00e9tapes : Le candidat imprime le formulaire d\u2019inscription aux formations obligatoires et y ajoute le r\u00e8glement des frais de&#8230;<\/p>\n","protected":false},"author":2,"featured_media":0,"parent":0,"menu_order":0,"comment_status":"closed","ping_status":"closed","template":"","meta":{"_acf_changed":false,"inline_featured_image":false,"_exactmetrics_skip_tracking":false,"_exactmetrics_sitenote_active":false,"_exactmetrics_sitenote_note":"","_exactmetrics_sitenote_category":0,"footnotes":""},"class_list":["post-3429","page","type-page","status-publish","hentry"],"acf":[],"publishpress_future_action":{"enabled":false,"date":"2026-04-18 12:16:40","action":"change-status","newStatus":"draft","terms":[],"taxonomy":"","extraData":[]},"publishpress_future_workflow_manual_trigger":{"enabledWorkflows":[]},"_links":{"self":[{"href":"https:\/\/www.save.chasseurducentrevaldeloire.fr\/fdc28\/wp-json\/wp\/v2\/pages\/3429","targetHints":{"allow":["GET"]}}],"collection":[{"href":"https:\/\/www.save.chasseurducentrevaldeloire.fr\/fdc28\/wp-json\/wp\/v2\/pages"}],"about":[{"href":"https:\/\/www.save.chasseurducentrevaldeloire.fr\/fdc28\/wp-json\/wp\/v2\/types\/page"}],"author":[{"embeddable":true,"href":"https:\/\/www.save.chasseurducentrevaldeloire.fr\/fdc28\/wp-json\/wp\/v2\/users\/2"}],"replies":[{"embeddable":true,"href":"https:\/\/www.save.chasseurducentrevaldeloire.fr\/fdc28\/wp-json\/wp\/v2\/comments?post=3429"}],"version-history":[{"count":74,"href":"https:\/\/www.save.chasseurducentrevaldeloire.fr\/fdc28\/wp-json\/wp\/v2\/pages\/3429\/revisions"}],"predecessor-version":[{"id":6560,"href":"https:\/\/www.save.chasseurducentrevaldeloire.fr\/fdc28\/wp-json\/wp\/v2\/pages\/3429\/revisions\/6560"}],"wp:attachment":[{"href":"https:\/\/www.save.chasseurducentrevaldeloire.fr\/fdc28\/wp-json\/wp\/v2\/media?parent=3429"}],"curies":[{"name":"wp","href":"https:\/\/api.w.org\/{rel}","templated":true}]}}