{"id":3421,"date":"2018-05-18T16:00:05","date_gmt":"2018-05-18T14:00:05","guid":{"rendered":"http:\/\/www.chasseurducentrevaldeloire.fr\/fdc28\/?page_id=3421"},"modified":"2025-11-03T14:08:49","modified_gmt":"2025-11-03T13:08:49","slug":"hygiene-et-venaison","status":"publish","type":"page","link":"https:\/\/www.save.chasseurducentrevaldeloire.fr\/fdc28\/hygiene-et-venaison\/","title":{"rendered":"Hygi\u00e8ne et venaison"},"content":{"rendered":"<p>[vc_row][vc_column css_animation=\u00a0\u00bbfadeInRight\u00a0\u00bb width=\u00a0\u00bb2\/3&Prime;][vc_column_text]La formation venaison comprend aborde les sujets suivants :<\/p>\n<ul>\n<li>Nouvelle r\u00e9glementation : le \u00ab paquet hygi\u00e8ne \u00bb<\/li>\n<li>Quelques chiffres cl\u00e9s sur le gibier sauvage<\/li>\n<li>Modalit\u00e9s de commercialisation du gibier sauvage<\/li>\n<li>Principaux points relatifs \u00e0 l&rsquo;hygi\u00e8ne<\/li>\n<\/ul>\n<p>&nbsp;<\/p>\n<p>Un fascicule de 80 pages du contenu de la formation initiale \u00e0 l&rsquo;examen sanitaire des venaisons est d\u00e9sormais disponible.<\/p>\n<p>&nbsp;<\/p>\n<p><img loading=\"lazy\" decoding=\"async\" class=\"alignnone size-full wp-image-3416\" src=\"https:\/\/www.chasseurducentrevaldeloire.fr\/fdc28\/wp-content\/uploads\/sites\/6\/2018\/05\/agenda.jpg\" alt=\"\" width=\"57\" height=\"66\" \/> Prochaine formation :<\/p>\n<p><strong>&#8211; samedi 13 d\u00e9cembre 2025<\/strong><\/p>\n<p><strong>\u00a0<\/strong><\/p>\n<p>&nbsp;<\/p>\n<p><b>\u00a0<\/b><\/p>\n<p>&nbsp;<\/p>\n<p><strong><u>Date et horaires<\/u><\/strong>\u00a0: 2 fois par an, de 8h30 \u00e0 12h30 (1 samedi et 1 jour en semaine (souvent le mardi))<\/p>\n<p>&nbsp;<\/p>\n<p><strong><u>Lieu :<\/u><\/strong> Chenonville<\/p>\n<p>&nbsp;<\/p>\n<p><strong><u>Public :<\/u><\/strong>\u00a0organisateurs de chasse et responsables de battues.<\/p>\n<p>&nbsp;<\/p>\n<p><strong><u>Nombre de places :<\/u><\/strong>\u00a030 places maximum<\/p>\n<p>&nbsp;<\/p>\n<p>&nbsp;<\/p>\n<p><strong><u>Formalit\u00e9s d\u2019inscriptions et co\u00fbt <\/u><\/strong><strong>: <\/strong>\u00a020 \u20ac<\/p>\n<p>&nbsp;<\/p>\n<p>&nbsp;<\/p>\n<p>&nbsp;<\/p>\n<p>Pour vous inscrire, connectez-vous \u00e0 votre espace adh\u00e9rent en <b>acc\u00e8s \u00ab\u00a0chasseur\u00a0\u00bb (identifiant guichet unique \u00e0 14 chiffres + date de naissance)<\/b> :\u00a0<a href=\"https:\/\/fdc28-2.retriever-ea.fr\/html\/Connexion.aspx\" target=\"_blank\" rel=\"noopener\"><span style=\"color: #70b400\"><strong>https:\/\/fdc28-2.retriever-ea.fr\/html\/Connexion.aspx<\/strong><\/span><\/a><span style=\"color: #70b400\"><strong>\u00a0<\/strong><\/span>puis bouton \u00ab\u00a0formation\u00a0\u00bb<\/p>\n<p>&nbsp;<\/p>\n<p><strong><u><img loading=\"lazy\" decoding=\"async\" class=\"alignnone size-full wp-image-4141\" src=\"https:\/\/www.chasseurducentrevaldeloire.fr\/fdc28\/wp-content\/uploads\/sites\/6\/2019\/02\/programme.jpg\" alt=\"\" width=\"178\" height=\"156\" \/>PROGRAMME\u00a0<\/u><\/strong><strong>:<\/strong><\/p>\n<p>La formation venaison comprend aborde les sujets suivants :<\/p>\n<ul>\n<li>Nouvelle r\u00e9glementation : le \u00ab paquet hygi\u00e8ne \u00bb<\/li>\n<li>Quelques chiffres cl\u00e9s sur le gibier sauvage<\/li>\n<li>Modalit\u00e9s de commercialisation du gibier sauvage<\/li>\n<li>Principaux points relatifs \u00e0 l\u2019hygi\u00e8ne<\/li>\n<\/ul>\n<p>&nbsp;<\/p>\n<p><strong><u><br \/>\n<\/u><\/strong><strong><u><img loading=\"lazy\" decoding=\"async\" class=\"alignnone size-full wp-image-4140\" src=\"https:\/\/www.chasseurducentrevaldeloire.fr\/fdc28\/wp-content\/uploads\/sites\/6\/2019\/02\/logform.jpg\" alt=\"\" width=\"57\" height=\"75\" \/>A l\u2019issue de la formation<\/u><\/strong>\u00a0:<\/p>\n<p>Il vous sera remis \u00e0 la fin de la formation\u00a0:<\/p>\n<p>&#8211; 1 manuel venaison<\/p>\n<p>&#8211; 1 cahier de fiches d\u2019examen initial grand gibier<\/p>\n<p>&#8211; 1 cahier de fiches d\u2019examen initial petit gibier<\/p>\n<p>&#8211; 1 carte d\u2019attestation de formation avec n\u00b0 d\u2019agr\u00e9ment (envoy\u00e9e par courrier)<\/p>\n<p>&nbsp;<\/p>\n<p><strong><em><u><br \/>\n<\/u><\/em><\/strong><em><strong><u><img loading=\"lazy\" decoding=\"async\" class=\"alignnone size-full wp-image-4139\" src=\"https:\/\/www.chasseurducentrevaldeloire.fr\/fdc28\/wp-content\/uploads\/sites\/6\/2019\/02\/intervenant.jpg\" alt=\"\" width=\"84\" height=\"119\" \/>Intervenants :<\/u><\/strong><\/em><\/p>\n<p>&#8211; FDC 28[\/vc_column_text][\/vc_column][vc_column width=\u00a0\u00bb1\/3&Prime;][vc_single_image image=\u00a0\u00bb3426&Prime; img_size=\u00a0\u00bbfull\u00a0\u00bb style=\u00a0\u00bbvc_box_shadow_border\u00a0\u00bb el_class=\u00a0\u00bbmirrorImg\u00a0\u00bb][\/vc_column][\/vc_row]<\/p>\n","protected":false},"excerpt":{"rendered":"<p>[vc_row][vc_column css_animation=\u00a0\u00bbfadeInRight\u00a0\u00bb width=\u00a0\u00bb2\/3&Prime;][vc_column_text]La formation venaison comprend aborde les sujets suivants : Nouvelle r\u00e9glementation : le \u00ab paquet hygi\u00e8ne \u00bb Quelques chiffres cl\u00e9s sur le gibier sauvage Modalit\u00e9s de commercialisation du gibier sauvage Principaux points relatifs \u00e0 l&rsquo;hygi\u00e8ne &nbsp; Un fascicule de 80 pages du contenu&#8230;<\/p>\n","protected":false},"author":2,"featured_media":0,"parent":0,"menu_order":0,"comment_status":"closed","ping_status":"closed","template":"","meta":{"_acf_changed":false,"inline_featured_image":false,"_exactmetrics_skip_tracking":false,"_exactmetrics_sitenote_active":false,"_exactmetrics_sitenote_note":"","_exactmetrics_sitenote_category":0,"footnotes":""},"class_list":["post-3421","page","type-page","status-publish","hentry"],"acf":[],"publishpress_future_action":{"enabled":false,"date":"2026-04-18 12:23:29","action":"change-status","newStatus":"draft","terms":[],"taxonomy":"","extraData":[]},"publishpress_future_workflow_manual_trigger":{"enabledWorkflows":[]},"_links":{"self":[{"href":"https:\/\/www.save.chasseurducentrevaldeloire.fr\/fdc28\/wp-json\/wp\/v2\/pages\/3421","targetHints":{"allow":["GET"]}}],"collection":[{"href":"https:\/\/www.save.chasseurducentrevaldeloire.fr\/fdc28\/wp-json\/wp\/v2\/pages"}],"about":[{"href":"https:\/\/www.save.chasseurducentrevaldeloire.fr\/fdc28\/wp-json\/wp\/v2\/types\/page"}],"author":[{"embeddable":true,"href":"https:\/\/www.save.chasseurducentrevaldeloire.fr\/fdc28\/wp-json\/wp\/v2\/users\/2"}],"replies":[{"embeddable":true,"href":"https:\/\/www.save.chasseurducentrevaldeloire.fr\/fdc28\/wp-json\/wp\/v2\/comments?post=3421"}],"version-history":[{"count":24,"href":"https:\/\/www.save.chasseurducentrevaldeloire.fr\/fdc28\/wp-json\/wp\/v2\/pages\/3421\/revisions"}],"predecessor-version":[{"id":6563,"href":"https:\/\/www.save.chasseurducentrevaldeloire.fr\/fdc28\/wp-json\/wp\/v2\/pages\/3421\/revisions\/6563"}],"wp:attachment":[{"href":"https:\/\/www.save.chasseurducentrevaldeloire.fr\/fdc28\/wp-json\/wp\/v2\/media?parent=3421"}],"curies":[{"name":"wp","href":"https:\/\/api.w.org\/{rel}","templated":true}]}}