{"id":3406,"date":"2018-05-18T15:49:13","date_gmt":"2018-05-18T13:49:13","guid":{"rendered":"http:\/\/www.chasseurducentrevaldeloire.fr\/fdc28\/?page_id=3406"},"modified":"2025-10-24T11:58:28","modified_gmt":"2025-10-24T09:58:28","slug":"chasse-accompagnee","status":"publish","type":"page","link":"https:\/\/www.save.chasseurducentrevaldeloire.fr\/fdc28\/chasse-accompagnee\/","title":{"rendered":"Chasse accompagn\u00e9e"},"content":{"rendered":"<p>[vc_row][vc_column][vc_column_text]<\/p>\n<h2 style=\"text-align: center\">La Chasse Accompagn\u00e9e<\/h2>\n<p>&nbsp;<\/p>\n<p>Cette formule permet de s\u2019initier \u00e0 la chasse aux c\u00f4t\u00e9s d\u2019un parrain qui veille \u00e0 l\u2019acquisition des bons r\u00e9flexes.<\/p>\n<p>&nbsp;<\/p>\n<p>Pour pratiquer en chasse accompagn\u00e9e, le nouveau chasseur doit<\/p>\n<p><em>\u00a0<\/em><\/p>\n<ul>\n<li>avoir au moins <strong>15 ans<\/strong>,<\/li>\n<li>avoir un <strong>accompagnant <\/strong>(<em>ou plusieurs<\/em>) qui<\/li>\n<li><strong>valid\u00e9 son permis de chasser depuis les <\/strong><\/li>\n<li><strong>5 derni\u00e8res ann\u00e9es<\/strong> et n\u2019ayant eu <strong>aucune <\/strong><strong>condamnation<\/strong> relative \u00e0 la chasse et qui a <strong><u>pass\u00e9 la formation accompagnateur<\/u><\/strong>.<\/li>\n<\/ul>\n<p><em>\u00a0<\/em><\/p>\n<p>Pour accompagner un nouveau chasseur, l\u2019accompagnateur doit\u00a0:<\/p>\n<ul>\n<li>Etre titulaire du permis de chasser valid\u00e9 au cours des cinq derni\u00e8res ann\u00e9es.<\/li>\n<li>Compl\u00e9ter et signer l\u2019imprim\u00e9 de demande de chasser accompagn\u00e9 du candidat et attester qu\u2019il n\u2019a jamais \u00e9t\u00e9 priv\u00e9 du droit d\u2019obtenir ou de d\u00e9tenir un permis de chasser.<\/li>\n<li>Participer \u00e0 la formation accompagnateur (qui se d\u00e9roule en m\u00eame temps que celle du candidat)<\/li>\n<li>Pr\u00e9ciser la police d\u2019assurance en vigueur et pr\u00e9venir l\u2019assureur de sa fonction d\u2019accompagnateur.<\/li>\n<\/ul>\n<p>&nbsp;<\/p>\n<p><strong><em><u>Dossier \u00e0 remplir et \u00e0 retourner <\/u><u>complet <\/u><u>\u00e0 la F\u00e9d\u00e9ration des Chasseurs<\/u><\/em><\/strong><em>\u00a0:<\/em><\/p>\n<p><em>\u00a0<\/em><\/p>\n<ul>\n<li>un <a href=\"https:\/\/www.chasseurducentrevaldeloire.fr\/fdc28\/wp-content\/uploads\/sites\/6\/2025\/10\/chass-acc-FDC_inscri-2.pdf\" target=\"_blank\" rel=\"noopener\"><span style=\"color: #70b400\"><strong>formulaire<\/strong> <\/span><\/a>d\u2019inscription \u00e0 la Formation chasse accompagn\u00e9e<\/li>\n<li>un <span style=\"color: #70b400\"><a style=\"color: #70b400\" href=\"https:\/\/www.chasseurducentrevaldeloire.fr\/fdc28\/wp-content\/uploads\/sites\/6\/2025\/10\/cerfa-chass-accomp-FNC.pdf\" target=\"_blank\" rel=\"noopener\"><strong>imprim\u00e9<\/strong> <\/a><\/span>de demande d\u2019autorisation \u00a0de chasser accompagn\u00e9<\/li>\n<li>une <span style=\"color: #70b400\"><a style=\"color: #70b400\" href=\"https:\/\/www.chasseurducentrevaldeloire.fr\/fdc28\/wp-content\/uploads\/sites\/6\/2021\/12\/chass-accomp_explic.pdf\" target=\"_blank\" rel=\"noopener\"><strong>note explicative<\/strong><\/a><\/span> Chasse accompagn\u00e9e<\/li>\n<\/ul>\n<p>&nbsp;<\/p>\n<p><strong><u>Fournir avec<\/u><\/strong>\u00a0:<\/p>\n<ul>\n<li>une photocopie de la <strong>pi\u00e8ce d\u2019identit\u00e9<\/strong> du candidat,<\/li>\n<li>une autorisation parentale pour les mineurs <em>(sur l\u2019imprim\u00e9 )<\/em><\/li>\n<li>une d\u00e9claration sur l\u2019honneur des personnes accompagnatrices <strong>certifiant qu\u2019elles satisfont aux conditions requises<\/strong>,(<em>permis de chasser <u>valid\u00e9 pendant les 5 derni\u00e8res ann\u00e9es<\/u>, pas de condamnation relative \u00e0 l\u2019exercice de la chasse et <u>formation accompagnateur faite<\/u> <\/em>)<em> (au dos de l\u2019imprim\u00e9)<\/em><\/li>\n<li>une d\u00e9claration sur l\u2019honneur du repr\u00e9sentant l\u00e9gal ou du demandeur <strong>attestant qu\u2019il ne se trouve pas dans l\u2019un des cas d\u2019incapacit\u00e9 ou d\u2019interdiction<\/strong> pouvant faire obstacle \u00e0 la d\u00e9livrance de l\u2019autorisation de chasser accompagn\u00e9.<\/li>\n<\/ul>\n<p><em>(sur l\u2019imprim\u00e9)<\/em><\/p>\n<p>&nbsp;<\/p>\n<p><strong>Le dossier complet est \u00e0 <u>exp\u00e9dier \u00e0 la FDC 28 <\/u>\u00a0<\/strong><\/p>\n<p><strong>Les candidats recevront leur attestation chasse accompagn\u00e9e ainsi que leurs parrains quelques jours apr\u00e8s leur formation. <\/strong>[\/vc_column_text][\/vc_column][\/vc_row]<\/p>\n","protected":false},"excerpt":{"rendered":"<p>[vc_row][vc_column][vc_column_text] La Chasse Accompagn\u00e9e &nbsp; Cette formule permet de s\u2019initier \u00e0 la chasse aux c\u00f4t\u00e9s d\u2019un parrain qui veille \u00e0 l\u2019acquisition des bons r\u00e9flexes. &nbsp; Pour pratiquer en chasse accompagn\u00e9e, le nouveau chasseur doit \u00a0 avoir au moins 15 ans, avoir un accompagnant (ou plusieurs)&#8230;<\/p>\n","protected":false},"author":2,"featured_media":0,"parent":0,"menu_order":0,"comment_status":"closed","ping_status":"closed","template":"","meta":{"_acf_changed":false,"inline_featured_image":false,"_exactmetrics_skip_tracking":false,"_exactmetrics_sitenote_active":false,"_exactmetrics_sitenote_note":"","_exactmetrics_sitenote_category":0,"footnotes":""},"class_list":["post-3406","page","type-page","status-publish","hentry"],"acf":[],"publishpress_future_action":{"enabled":false,"date":"2026-04-28 14:12:28","action":"change-status","newStatus":"draft","terms":[],"taxonomy":"","extraData":[]},"publishpress_future_workflow_manual_trigger":{"enabledWorkflows":[]},"_links":{"self":[{"href":"https:\/\/www.save.chasseurducentrevaldeloire.fr\/fdc28\/wp-json\/wp\/v2\/pages\/3406","targetHints":{"allow":["GET"]}}],"collection":[{"href":"https:\/\/www.save.chasseurducentrevaldeloire.fr\/fdc28\/wp-json\/wp\/v2\/pages"}],"about":[{"href":"https:\/\/www.save.chasseurducentrevaldeloire.fr\/fdc28\/wp-json\/wp\/v2\/types\/page"}],"author":[{"embeddable":true,"href":"https:\/\/www.save.chasseurducentrevaldeloire.fr\/fdc28\/wp-json\/wp\/v2\/users\/2"}],"replies":[{"embeddable":true,"href":"https:\/\/www.save.chasseurducentrevaldeloire.fr\/fdc28\/wp-json\/wp\/v2\/comments?post=3406"}],"version-history":[{"count":21,"href":"https:\/\/www.save.chasseurducentrevaldeloire.fr\/fdc28\/wp-json\/wp\/v2\/pages\/3406\/revisions"}],"predecessor-version":[{"id":6561,"href":"https:\/\/www.save.chasseurducentrevaldeloire.fr\/fdc28\/wp-json\/wp\/v2\/pages\/3406\/revisions\/6561"}],"wp:attachment":[{"href":"https:\/\/www.save.chasseurducentrevaldeloire.fr\/fdc28\/wp-json\/wp\/v2\/media?parent=3406"}],"curies":[{"name":"wp","href":"https:\/\/api.w.org\/{rel}","templated":true}]}}