{"id":6640,"date":"2024-12-18T17:02:08","date_gmt":"2024-12-18T16:02:08","guid":{"rendered":"https:\/\/www.chasseurducentrevaldeloire.fr\/fdc18\/?page_id=6640"},"modified":"2025-08-07T11:00:54","modified_gmt":"2025-08-07T09:00:54","slug":"formation-piegeage-du-sanglier","status":"publish","type":"page","link":"https:\/\/www.save.chasseurducentrevaldeloire.fr\/fdc18\/formation-piegeage-du-sanglier\/","title":{"rendered":"Formation pi\u00e9geage du sanglier"},"content":{"rendered":"<p class=\"x_MsoNormal\" data-olk-copy-source=\"MessageBody\">Devant la prolif\u00e9ration des sangliers et les pr\u00e9visions des d\u00e9g\u00e2ts agricoles tr\u00e8s importants que les chasseurs auront \u00e0 financer, les sangliers peuvent faire l\u2019objet d\u2019un pi\u00e9geage sur autorisation administrative. Cette formation est ouverte aux pi\u00e9geurs agr\u00e9\u00e9s du Cher.<\/p>\n<p class=\"x_MsoNormal\"><b>\u00a0<\/b><\/p>\n<p class=\"x_MsoNormal\"><b>AU PROGRAMMME<\/b><\/p>\n<p class=\"x_MsoNormal\">\u2022 Contexte d\u00e9partemental sur la population de sangliers.<\/p>\n<p class=\"x_MsoNormal\">\u2022 \u00a0La r\u00e9glementation g\u00e9n\u00e9rale sur le pi\u00e9geage et sp\u00e9cifique sur celui du sanglier.<\/p>\n<p class=\"x_MsoNormal\">\u2022 Les moyens techniques r\u00e9glementaires.<\/p>\n<p class=\"x_MsoNormal\">\u2022 L\u2019arme et la s\u00e9curit\u00e9 pour la mise \u00e0 mort.<\/p>\n<p class=\"x_MsoNormal\"><b>\u00a0<\/b><\/p>\n<p class=\"x_MsoNormal\"><b>SESSIONS\u00a02025<\/b><\/p>\n<ul type=\"disc\">\n<li class=\"x_MsoNormal\"><del><b>Lundi 7 Avril \u00e0 CHATEAUMEILLANT<\/b><\/del><\/li>\n<li class=\"x_MsoNormal\"><del><b>Lundi 12 Mai \u00e0 SAINT CAPRAIS<\/b><\/del><\/li>\n<li class=\"x_MsoNormal\"><del><b>Lundi 16 Juin \u00e0 MORNAY BERRY<\/b><\/del><\/li>\n<li class=\"x_MsoNormal\"><b>Jeudi 4 Septembre au Centre de Formation des Places \u00e0 MOROGUES<\/b><\/li>\n<\/ul>\n<p class=\"x_MsoNormal\"><b>\u00a0<\/b><\/p>\n<p class=\"x_MsoNormal\">La formation dure 3 heures.<\/p>\n<p class=\"x_MsoNormal\">Pour que votre inscription soit enregistr\u00e9e, merci de r\u00e9gler directement en ligne 20 \u20ac (disponible sur votre espace adh\u00e9rent chasseur\u00a0\u00e0 ce lien\u00a0: <span style=\"color: #71beb8\"><strong><a style=\"color: #71beb8\" title=\"https:\/\/fdc18-2.retriever-ea.fr\/html\/Connexion.aspx\" href=\"https:\/\/fdc18-2.retriever-ea.fr\/html\/Connexion.aspx\" target=\"_blank\" rel=\"noopener noreferrer\" data-auth=\"NotApplicable\" data-linkindex=\"2\">https:\/\/fdc18-2.retriever-ea.fr\/html\/Connexion.aspx<\/a><\/strong><\/span>).<\/p>\n<p>&nbsp;<\/p>\n<p class=\"x_MsoNormal\">Si vous validez votre permis dans le Cher ou si vous \u00eates mineur et si vous n\u2019\u00eates pas chasseur, veuillez prendre contact avec la F\u00e9d\u00e9ration des Chasseurs <a name=\"x__Hlk181864902\"><\/a>pour vous faire connaitre.<\/p>\n<p class=\"x_MsoNormal\"><b>Pour plus de renseignements, contacter J\u00e9r\u00f4me RACLIN, technicien de la F\u00e9d\u00e9ration en charge de cette formation au 06.28.30.81.88<\/b><\/p>\n","protected":false},"excerpt":{"rendered":"<p>Devant la prolif\u00e9ration des sangliers et les pr\u00e9visions des d\u00e9g\u00e2ts agricoles tr\u00e8s importants que les chasseurs auront \u00e0 financer, les sangliers peuvent faire l\u2019objet d\u2019un pi\u00e9geage sur autorisation administrative. Cette formation est ouverte aux pi\u00e9geurs agr\u00e9\u00e9s du Cher. \u00a0 AU PROGRAMMME \u2022 Contexte d\u00e9partemental sur&#8230;<\/p>\n","protected":false},"author":6,"featured_media":0,"parent":0,"menu_order":0,"comment_status":"closed","ping_status":"closed","template":"","meta":{"_acf_changed":false,"inline_featured_image":false,"_exactmetrics_skip_tracking":false,"_exactmetrics_sitenote_active":false,"_exactmetrics_sitenote_note":"","_exactmetrics_sitenote_category":0,"footnotes":""},"class_list":["post-6640","page","type-page","status-publish","hentry"],"acf":[],"publishpress_future_action":{"enabled":false,"date":"2026-04-18 12:23:28","action":"change-status","newStatus":"draft","terms":[],"taxonomy":"","extraData":[]},"publishpress_future_workflow_manual_trigger":{"enabledWorkflows":[]},"_links":{"self":[{"href":"https:\/\/www.save.chasseurducentrevaldeloire.fr\/fdc18\/wp-json\/wp\/v2\/pages\/6640","targetHints":{"allow":["GET"]}}],"collection":[{"href":"https:\/\/www.save.chasseurducentrevaldeloire.fr\/fdc18\/wp-json\/wp\/v2\/pages"}],"about":[{"href":"https:\/\/www.save.chasseurducentrevaldeloire.fr\/fdc18\/wp-json\/wp\/v2\/types\/page"}],"author":[{"embeddable":true,"href":"https:\/\/www.save.chasseurducentrevaldeloire.fr\/fdc18\/wp-json\/wp\/v2\/users\/6"}],"replies":[{"embeddable":true,"href":"https:\/\/www.save.chasseurducentrevaldeloire.fr\/fdc18\/wp-json\/wp\/v2\/comments?post=6640"}],"version-history":[{"count":3,"href":"https:\/\/www.save.chasseurducentrevaldeloire.fr\/fdc18\/wp-json\/wp\/v2\/pages\/6640\/revisions"}],"predecessor-version":[{"id":6930,"href":"https:\/\/www.save.chasseurducentrevaldeloire.fr\/fdc18\/wp-json\/wp\/v2\/pages\/6640\/revisions\/6930"}],"wp:attachment":[{"href":"https:\/\/www.save.chasseurducentrevaldeloire.fr\/fdc18\/wp-json\/wp\/v2\/media?parent=6640"}],"curies":[{"name":"wp","href":"https:\/\/api.w.org\/{rel}","templated":true}]}}