{"id":5456,"date":"2022-03-11T10:14:15","date_gmt":"2022-03-11T09:14:15","guid":{"rendered":"https:\/\/www.chasseurducentrevaldeloire.fr\/fdc18\/?page_id=5456"},"modified":"2022-06-20T12:05:49","modified_gmt":"2022-06-20T10:05:49","slug":"cocagne","status":"publish","type":"page","link":"https:\/\/www.save.chasseurducentrevaldeloire.fr\/fdc18\/cocagne\/","title":{"rendered":"Cocagne"},"content":{"rendered":"<p><img loading=\"lazy\" decoding=\"async\" class=\"size-medium wp-image-5457 aligncenter\" src=\"https:\/\/www.chasseurducentrevaldeloire.fr\/fdc18\/wp-content\/uploads\/sites\/5\/2022\/03\/Cocagne-300x300.png\" alt=\"\" width=\"300\" height=\"300\" srcset=\"https:\/\/www.save.chasseurducentrevaldeloire.fr\/fdc18\/wp-content\/uploads\/sites\/5\/2022\/03\/Cocagne-300x300.png 300w, https:\/\/www.save.chasseurducentrevaldeloire.fr\/fdc18\/wp-content\/uploads\/sites\/5\/2022\/03\/Cocagne-150x150.png 150w, https:\/\/www.save.chasseurducentrevaldeloire.fr\/fdc18\/wp-content\/uploads\/sites\/5\/2022\/03\/Cocagne.png 432w\" sizes=\"auto, (max-width: 300px) 100vw, 300px\" \/><\/p>\n<p>&nbsp;<\/p>\n<p><strong>Votre F\u00e9d\u00e9ration d\u00e9partementale des chasseurs des du Cher vous donne acc\u00e8s \u00e0 la premi\u00e8re plateforme nationale d\u2019offres de chasse cocagne.fr <\/strong><\/p>\n<p>&nbsp;<\/p>\n<p>&nbsp;<\/p>\n<p><strong>Pr\u00e9sident de chasse, vous cherchez le meilleur moyen pour trouver des chasseurs, mettre en avant votre territoire et partager votre passion ?<\/strong><\/p>\n<p><strong>\u00a0<\/strong><\/p>\n<p>&nbsp;<\/p>\n<p><a href=\"https:\/\/www.youtube.com\/watch?v=GSL9vOMEvwg\" target=\"_blank\" rel=\"noopener\"><img loading=\"lazy\" decoding=\"async\" class=\"aligncenter wp-image-5458 size-medium\" src=\"https:\/\/www.chasseurducentrevaldeloire.fr\/fdc18\/wp-content\/uploads\/sites\/5\/2022\/03\/AccueilCocagne-300x207.png\" alt=\"\" width=\"300\" height=\"207\" srcset=\"https:\/\/www.save.chasseurducentrevaldeloire.fr\/fdc18\/wp-content\/uploads\/sites\/5\/2022\/03\/AccueilCocagne-300x207.png 300w, https:\/\/www.save.chasseurducentrevaldeloire.fr\/fdc18\/wp-content\/uploads\/sites\/5\/2022\/03\/AccueilCocagne.png 310w\" sizes=\"auto, (max-width: 300px) 100vw, 300px\" \/><\/a><\/p>\n<p>&nbsp;<\/p>\n<p style=\"text-align: center\">Cr\u00e9ez votre offre tr\u00e8s simplement depuis www.cocagne.fr ou d\u00e9poser votre annonce par t\u00e9l\u00e9phone au 05 35\u00a065 65 (num\u00e9ro gratuit).<\/p>\n<p>&nbsp;<\/p>\n<p><img loading=\"lazy\" decoding=\"async\" class=\"aligncenter wp-image-5461 size-full\" src=\"https:\/\/www.chasseurducentrevaldeloire.fr\/fdc18\/wp-content\/uploads\/sites\/5\/2022\/03\/BandeauCocagne.png\" alt=\"\" width=\"853\" height=\"213\" srcset=\"https:\/\/www.save.chasseurducentrevaldeloire.fr\/fdc18\/wp-content\/uploads\/sites\/5\/2022\/03\/BandeauCocagne.png 853w, https:\/\/www.save.chasseurducentrevaldeloire.fr\/fdc18\/wp-content\/uploads\/sites\/5\/2022\/03\/BandeauCocagne-300x75.png 300w, https:\/\/www.save.chasseurducentrevaldeloire.fr\/fdc18\/wp-content\/uploads\/sites\/5\/2022\/03\/BandeauCocagne-768x192.png 768w\" sizes=\"auto, (max-width: 853px) 100vw, 853px\" \/><\/p>\n<p>&nbsp;<\/p>\n<ul>\n<li>D\u00e9cidez librement du tarif de votre offre de chasse. <strong>Aucune marge n\u2019est appliqu\u00e9e sur vos prix par Cocagne. <\/strong>Le prix demand\u00e9 sera celui pay\u00e9 par le chasseur.<\/li>\n<li><strong>Les chasseurs<\/strong> int\u00e9ress\u00e9s par votre offre <strong>vous soumettent une demande de r\u00e9servation que vous recevrez par SMS ou e-mail.<\/strong><\/li>\n<li><strong>Vous choisissez en un simple clic le chasseur<\/strong> que vous souhaitez recevoir en fonction de son profil et des commentaires qu\u2019il a re\u00e7u.<\/li>\n<li>Cocagne est un service <strong>enti\u00e8rement gratuit<\/strong> pour les Pr\u00e9sidents de territoire.<\/li>\n<\/ul>\n<p>&nbsp;<\/p>\n<p>&nbsp;<\/p>\n<p><strong>Chasseurs, vous souhaitez trouver les meilleures offres de chasse au bon prix, sans perdre du temps sur internet ou les petites annonces ?<\/strong><\/p>\n<p>&nbsp;<\/p>\n<p><a href=\"https:\/\/www.youtube.com\/watch?v=8Njprk01pp8\" target=\"_blank\" rel=\"noopener\"><img loading=\"lazy\" decoding=\"async\" class=\"size-medium wp-image-5462 aligncenter\" src=\"https:\/\/www.chasseurducentrevaldeloire.fr\/fdc18\/wp-content\/uploads\/sites\/5\/2022\/03\/Image5-300x212.png\" alt=\"\" width=\"300\" height=\"212\" srcset=\"https:\/\/www.save.chasseurducentrevaldeloire.fr\/fdc18\/wp-content\/uploads\/sites\/5\/2022\/03\/Image5-300x212.png 300w, https:\/\/www.save.chasseurducentrevaldeloire.fr\/fdc18\/wp-content\/uploads\/sites\/5\/2022\/03\/Image5.png 370w\" sizes=\"auto, (max-width: 300px) 100vw, 300px\" \/><\/a><\/p>\n<p>&nbsp;<\/p>\n<p>Cocagne est la seule plateforme nationale de chasse op\u00e9r\u00e9e en collaboration avec nous, les F\u00e9d\u00e9rations d\u00e9partementales partenaires.<\/p>\n<ul>\n<li><strong>Les offres de chasse Cocagne sont<\/strong> exclusives et propos\u00e9es au meilleur prix, voire gratuitement, elles sont <strong>toutes propos\u00e9es \u00e0 prix coutant<\/strong>.<\/li>\n<li>Toutes les offres sont valid\u00e9es en termes de : <strong>qualit\u00e9, s\u00e9curit\u00e9, pr\u00e9sence de gibier sur le territoire.<\/strong><\/li>\n<li>Que ce soit par <strong>budget<\/strong>, par <strong>r\u00e9gion<\/strong>, par <strong>mode de chasse<\/strong>, <strong>\u00e0 la journ\u00e9e ou \u00e0 la saison<\/strong>, Cocagne \u0153uvre pour offrir <strong>le plus large choix possible<\/strong>.<\/li>\n<\/ul>\n<p>Ne chassez plus par hasard, cr\u00e9ez votre espace chasseur sur\u00a0<span style=\"color: #71beb8\"><strong><a style=\"color: #71beb8\" href=\"https:\/\/www.cocagne.fr\/?gclid=EAIaIQobChMI26zqso6s9AIV6ZBoCR2FlwrqEAAYASAAEgKaQ_D_BwE\" target=\"_blank\" rel=\"noopener\">www.cocagne.fr<\/a><\/strong><\/span>\u00a0!<\/p>\n<p>&nbsp;<\/p>\n<p><img loading=\"lazy\" decoding=\"async\" class=\"aligncenter wp-image-5464 size-full\" src=\"https:\/\/www.chasseurducentrevaldeloire.fr\/fdc18\/wp-content\/uploads\/sites\/5\/2022\/03\/Image6.jpg\" alt=\"\" width=\"604\" height=\"204\" srcset=\"https:\/\/www.save.chasseurducentrevaldeloire.fr\/fdc18\/wp-content\/uploads\/sites\/5\/2022\/03\/Image6.jpg 604w, https:\/\/www.save.chasseurducentrevaldeloire.fr\/fdc18\/wp-content\/uploads\/sites\/5\/2022\/03\/Image6-300x101.jpg 300w, https:\/\/www.save.chasseurducentrevaldeloire.fr\/fdc18\/wp-content\/uploads\/sites\/5\/2022\/03\/Image6-600x204.jpg 600w\" sizes=\"auto, (max-width: 604px) 100vw, 604px\" \/><\/p>\n<p>&nbsp;<\/p>\n<p><img loading=\"lazy\" decoding=\"async\" class=\"aligncenter wp-image-5463 size-medium\" src=\"https:\/\/www.chasseurducentrevaldeloire.fr\/fdc18\/wp-content\/uploads\/sites\/5\/2022\/03\/Image7-300x115.png\" alt=\"\" width=\"300\" height=\"115\" srcset=\"https:\/\/www.save.chasseurducentrevaldeloire.fr\/fdc18\/wp-content\/uploads\/sites\/5\/2022\/03\/Image7-300x115.png 300w, https:\/\/www.save.chasseurducentrevaldeloire.fr\/fdc18\/wp-content\/uploads\/sites\/5\/2022\/03\/Image7-1024x392.png 1024w, https:\/\/www.save.chasseurducentrevaldeloire.fr\/fdc18\/wp-content\/uploads\/sites\/5\/2022\/03\/Image7-768x294.png 768w, https:\/\/www.save.chasseurducentrevaldeloire.fr\/fdc18\/wp-content\/uploads\/sites\/5\/2022\/03\/Image7.png 1384w\" sizes=\"auto, (max-width: 300px) 100vw, 300px\" \/><\/p>\n<p>&nbsp;<\/p>\n<p><strong>Vous \u00eates nouveaux titulaires du permis de chasser, vous souhaitez b\u00e9n\u00e9ficier de 2 ans d\u2019acc\u00e8s gratuit \u00e0 la plateforme Cocagne sur toutes les offres Nouveaux Permis\u00a0? <\/strong><\/p>\n<p>&nbsp;<\/p>\n<p>Demandez votre acc\u00e8s gratuit par email \u00e0 votre r\u00e9f\u00e9rent Cocagne de la F\u00e9d\u00e9ration D\u00e9partementale des chasseurs du Cher.<\/p>\n<p>&nbsp;<\/p>\n<p>Rejoignez des milliers de chasseurs et pr\u00e9sidents de chasse d\u00e9j\u00e0 pr\u00e9sents sur <a href=\"http:\/\/www.cocagne.fr\" target=\"_blank\" rel=\"noopener\"><span style=\"color: #71beb8\"><strong>www.cocagne.fr<\/strong><\/span><\/a><\/p>\n<p>&nbsp;<\/p>\n<p style=\"text-align: left\"><u><img loading=\"lazy\" decoding=\"async\" class=\"size-medium wp-image-5465 alignright\" src=\"https:\/\/www.chasseurducentrevaldeloire.fr\/fdc18\/wp-content\/uploads\/sites\/5\/2022\/03\/brochureCocagne-300x193.png\" alt=\"\" width=\"300\" height=\"193\" srcset=\"https:\/\/www.save.chasseurducentrevaldeloire.fr\/fdc18\/wp-content\/uploads\/sites\/5\/2022\/03\/brochureCocagne-300x193.png 300w, https:\/\/www.save.chasseurducentrevaldeloire.fr\/fdc18\/wp-content\/uploads\/sites\/5\/2022\/03\/brochureCocagne.png 744w\" sizes=\"auto, (max-width: 300px) 100vw, 300px\" \/><span style=\"color: #71beb8\"><strong><a style=\"color: #71beb8\" href=\"https:\/\/www.chasseurducentrevaldeloire.fr\/fdc18\/wp-content\/uploads\/sites\/5\/2022\/03\/Flyer-Cocagne-2021.pdf\" target=\"_blank\" rel=\"noopener\">T\u00e9l\u00e9charger la brochure<\/a><\/strong><\/span><\/u><\/p>\n<p>&nbsp;<\/p>\n<p>Contacter votre r\u00e9f\u00e9rent Cocagne \u00e0 la FDC 18\u00a0:<\/p>\n<p>fdc18@chasseurdefrance.com<\/p>\n<p>&nbsp;<\/p>\n","protected":false},"excerpt":{"rendered":"<p>&nbsp; Votre F\u00e9d\u00e9ration d\u00e9partementale des chasseurs des du Cher vous donne acc\u00e8s \u00e0 la premi\u00e8re plateforme nationale d\u2019offres de chasse cocagne.fr &nbsp; &nbsp; Pr\u00e9sident de chasse, vous cherchez le meilleur moyen pour trouver des chasseurs, mettre en avant votre territoire et partager votre passion ?&#8230;<\/p>\n","protected":false},"author":6,"featured_media":0,"parent":0,"menu_order":0,"comment_status":"closed","ping_status":"closed","template":"","meta":{"_acf_changed":false,"inline_featured_image":false,"_exactmetrics_skip_tracking":false,"_exactmetrics_sitenote_active":false,"_exactmetrics_sitenote_note":"","_exactmetrics_sitenote_category":0,"footnotes":""},"class_list":["post-5456","page","type-page","status-publish","hentry"],"acf":[],"publishpress_future_action":{"enabled":false,"date":"2026-04-15 03:01:34","action":"change-status","newStatus":"draft","terms":[],"taxonomy":"","extraData":[]},"publishpress_future_workflow_manual_trigger":{"enabledWorkflows":[]},"_links":{"self":[{"href":"https:\/\/www.save.chasseurducentrevaldeloire.fr\/fdc18\/wp-json\/wp\/v2\/pages\/5456","targetHints":{"allow":["GET"]}}],"collection":[{"href":"https:\/\/www.save.chasseurducentrevaldeloire.fr\/fdc18\/wp-json\/wp\/v2\/pages"}],"about":[{"href":"https:\/\/www.save.chasseurducentrevaldeloire.fr\/fdc18\/wp-json\/wp\/v2\/types\/page"}],"author":[{"embeddable":true,"href":"https:\/\/www.save.chasseurducentrevaldeloire.fr\/fdc18\/wp-json\/wp\/v2\/users\/6"}],"replies":[{"embeddable":true,"href":"https:\/\/www.save.chasseurducentrevaldeloire.fr\/fdc18\/wp-json\/wp\/v2\/comments?post=5456"}],"version-history":[{"count":5,"href":"https:\/\/www.save.chasseurducentrevaldeloire.fr\/fdc18\/wp-json\/wp\/v2\/pages\/5456\/revisions"}],"predecessor-version":[{"id":5635,"href":"https:\/\/www.save.chasseurducentrevaldeloire.fr\/fdc18\/wp-json\/wp\/v2\/pages\/5456\/revisions\/5635"}],"wp:attachment":[{"href":"https:\/\/www.save.chasseurducentrevaldeloire.fr\/fdc18\/wp-json\/wp\/v2\/media?parent=5456"}],"curies":[{"name":"wp","href":"https:\/\/api.w.org\/{rel}","templated":true}]}}