{"id":5265,"date":"2021-12-17T10:39:22","date_gmt":"2021-12-17T09:39:22","guid":{"rendered":"https:\/\/www.chasseurducentrevaldeloire.fr\/fdc18\/?page_id=5265"},"modified":"2023-08-07T08:53:12","modified_gmt":"2023-08-07T06:53:12","slug":"espace-naturel-sensible-de-morogues","status":"publish","type":"page","link":"https:\/\/www.save.chasseurducentrevaldeloire.fr\/fdc18\/espace-naturel-sensible-de-morogues\/","title":{"rendered":"Espace Naturel Sensible de Morogues"},"content":{"rendered":"<p>[vc_row][vc_column][vc_column_text]<strong><u>L\u2019Espace Naturel Sensible du \u00ab\u00a0Territoire des Places\u00a0\u00bb<\/u><\/strong><\/p>\n<p>&nbsp;<\/p>\n<p>&nbsp;<\/p>\n<p><strong><u><img loading=\"lazy\" decoding=\"async\" class=\" wp-image-3824 alignleft\" src=\"https:\/\/www.chasseurducentrevaldeloire.fr\/fdc18\/wp-content\/uploads\/sites\/5\/2019\/03\/LogoENS-300x298.jpg\" alt=\"\" width=\"154\" height=\"153\" srcset=\"https:\/\/www.save.chasseurducentrevaldeloire.fr\/fdc18\/wp-content\/uploads\/sites\/5\/2019\/03\/LogoENS-300x298.jpg 300w, https:\/\/www.save.chasseurducentrevaldeloire.fr\/fdc18\/wp-content\/uploads\/sites\/5\/2019\/03\/LogoENS-150x150.jpg 150w, https:\/\/www.save.chasseurducentrevaldeloire.fr\/fdc18\/wp-content\/uploads\/sites\/5\/2019\/03\/LogoENS-768x764.jpg 768w, https:\/\/www.save.chasseurducentrevaldeloire.fr\/fdc18\/wp-content\/uploads\/sites\/5\/2019\/03\/LogoENS-1024x1018.jpg 1024w, https:\/\/www.save.chasseurducentrevaldeloire.fr\/fdc18\/wp-content\/uploads\/sites\/5\/2019\/03\/LogoENS-550x550.jpg 550w, https:\/\/www.save.chasseurducentrevaldeloire.fr\/fdc18\/wp-content\/uploads\/sites\/5\/2019\/03\/LogoENS-1000x1000.jpg 1000w, https:\/\/www.save.chasseurducentrevaldeloire.fr\/fdc18\/wp-content\/uploads\/sites\/5\/2019\/03\/LogoENS.jpg 1654w\" sizes=\"auto, (max-width: 154px) 100vw, 154px\" \/>Qu\u2019est ce qu\u2019un Espace Naturel Sensible ?<\/u><\/strong><\/p>\n<p>Un ENS est un \u00ab site naturel remarquable reconnu pour ces caract\u00e9ristiques \u00e9cologiques et\/ou paysag\u00e8res qu\u2019il est n\u00e9cessaire de pr\u00e9server et de valoriser aupr\u00e8s du public \u00bb.[\/vc_column_text][\/vc_column][\/vc_row][vc_row][vc_column][vc_raw_html]JTNDaWZyYW1lJTIwd2lkdGglM0QlMjI1NjAlMjIlMjBoZWlnaHQlM0QlMjIzMTUlMjIlMjBzcmMlM0QlMjJodHRwcyUzQSUyRiUyRnd3dy55b3V0dWJlLmNvbSUyRmVtYmVkJTJGcDg4c3VNWnp6eG8lMjIlMjBmcmFtZWJvcmRlciUzRCUyMjAlMjIlMjBhbGxvdyUzRCUyMmFjY2VsZXJvbWV0ZXIlM0IlMjBhdXRvcGxheSUzQiUyMGVuY3J5cHRlZC1tZWRpYSUzQiUyMGd5cm9zY29wZSUzQiUyMHBpY3R1cmUtaW4tcGljdHVyZSUyMiUyMGFsbG93ZnVsbHNjcmVlbiUzRSUzQyUyRmlmcmFtZSUzRQ==[\/vc_raw_html][vc_empty_space][\/vc_column][\/vc_row][vc_row][vc_column][vc_column_text]Situ\u00e9 sur la commune de Morogues, l&rsquo;ENS du Territoire des Places a \u00e9t\u00e9 acquis par la F\u00e9d\u00e9ration D\u00e9partementale des Chasseurs du Cher et La fondation pour La Protection des habitats de la Faune Sauvage entre 2001 et 2007.<\/p>\n<p>Il couvre une surface de 108 hectares compos\u00e9e de boisements (58 ha), de prairies naturelles et de cultures (40 ha), d\u2019un \u00e9tang (4 ha) et de landes (2 ha).<\/p>\n<p>Le site permet des actions de formation, d\u2019information, d\u2019\u00e9ducation et d\u2019appui technique \u00e0 l\u2019intention des gestionnaires de territoires, des chasseurs et des utilisateurs de la nature conduites par la F\u00e9d\u00e9ration D\u00e9partementale des Chasseurs du Cher et les associations cyn\u00e9g\u00e9tiques.<\/p>\n<p>Le 28 juin 2012, le territoire des Places est labellis\u00e9 Espace Naturel Sensible par le Conseil D\u00e9partemental du Cher. Le Conseil D\u00e9partemental du Cher \u00e0 l\u2019initiative de la F\u00e9d\u00e9ration des Chasseurs finance largement les op\u00e9rations de l\u2019ENS du Territoire des Places.<\/p>\n<p>&nbsp;<\/p>\n<p>Aser\u00a0:<\/p>\n<p><img loading=\"lazy\" decoding=\"async\" class=\"size-medium wp-image-5445 alignright\" src=\"https:\/\/www.chasseurducentrevaldeloire.fr\/fdc18\/wp-content\/uploads\/sites\/5\/2022\/03\/aser-300x212.png\" alt=\"\" width=\"300\" height=\"212\" srcset=\"https:\/\/www.save.chasseurducentrevaldeloire.fr\/fdc18\/wp-content\/uploads\/sites\/5\/2022\/03\/aser-300x212.png 300w, https:\/\/www.save.chasseurducentrevaldeloire.fr\/fdc18\/wp-content\/uploads\/sites\/5\/2022\/03\/aser.png 317w\" sizes=\"auto, (max-width: 300px) 100vw, 300px\" \/>R\u00e9alis\u00e9 depuis sa labellisation par un technicien de la F\u00e9d\u00e9ration D\u00e9partementale des chasseurs du Cher, l\u2019entretien paysager du territoire des Places est aujourd\u2019hui principalement assur\u00e9 par une association bas\u00e9e \u00e0 Bourges\u00a0: <strong><em><u>ASER<\/u><\/em><\/strong>\u00a0: <strong>A<\/strong>ssociation <strong>S<\/strong>olidarit\u00e9s <strong>E<\/strong>mplois <strong>R<\/strong>uraux.<\/p>\n<p>&nbsp;<\/p>\n<p>Cette association a \u00e9t\u00e9 cr\u00e9\u00e9e en 1994 par la Mutualit\u00e9 Sociale Agricole (MSA). Elle a pour but de contribuer \u00e0 l\u2019int\u00e9gration professionnelle de demandeurs d\u2019emploi et de r\u00e9pondre au besoin de main d\u2019\u0153uvre.<\/p>\n<p>&nbsp;<\/p>\n<p>En utilisant les services d\u2019ASER, la FDC18 devient acteur de l\u2019Economie Sociale et Solidaire en soutenant les parcours vers l\u2019emploi durable des salari\u00e9s inscrits volontairement dans ces dispositifs.<\/p>\n<p>&nbsp;<\/p>\n<p>Sur le territoire des Places, ASER prend en charge l\u2019entretien des parcelles autour des installations pour le permis de chasser, l\u2019entretien des cheminements des sentiers de l\u2019Espace Naturel Sensible ainsi que divers travaux en lien avec le plan de gestion de l\u2019ENS.<\/p>\n<p>&nbsp;<\/p>\n<p>T\u00e9l\u00e9charger le <a href=\"https:\/\/www.chasseurducentrevaldeloire.fr\/fdc18\/wp-content\/uploads\/sites\/5\/2020\/07\/2019_ENS_fiche_touris_11_places_VF-valid\u00e9.pdf\" target=\"_blank\" rel=\"noopener noreferrer\"><strong><span style=\"color: #71beb8\">d\u00e9pliant de l\u2019Espace Naturel Sensible<\/span><\/strong><\/a><\/p>\n<p>&nbsp;<\/p>\n<p><strong><u>Les raisons de son classement en ENS sont<\/u><\/strong><strong>\u00a0:<\/strong>[\/vc_column_text][\/vc_column][\/vc_row][vc_row][vc_column][vc_empty_space][vc_single_image image=\u00a0\u00bb5321&Prime; img_size=\u00a0\u00bbfull\u00a0\u00bb alignment=\u00a0\u00bbcenter\u00a0\u00bb][\/vc_column][\/vc_row][vc_row][vc_column][vc_empty_space][vc_column_text]<\/p>\n<ul>\n<li><em><u>L\u2019int\u00e9r\u00eat paysager<\/u><\/em><em>\u00a0<\/em>: vue sur l\u2019\u00e9tang et le bocage typique du Pays Fort,<\/li>\n<li><em><u>L\u2019int\u00e9r\u00eat \u00e9cologique<\/u><\/em>\u00a0: Pr\u00e9sence d\u2019habitats menac\u00e9s\u00a0comme la prairie humide \u00e0 Molinie, la Ch\u00eanaie p\u00e9doncul\u00e9e acidiphile \u00e0 molinie bleu, la lande humide \u00e0 bruy\u00e8re \u00e0 quatre angles et la m\u00e9gaphorbiaie, communaut\u00e9 \u00e0 reine des pr\u00e9s.<\/li>\n<\/ul>\n<p>[\/vc_column_text][vc_empty_space][\/vc_column][\/vc_row][vc_row][vc_column width=\u00a0\u00bb1\/3&Prime;][vc_single_image image=\u00a0\u00bb5315&Prime; img_size=\u00a0\u00bbfull\u00a0\u00bb alignment=\u00a0\u00bbcenter\u00a0\u00bb][vc_column_text]<\/p>\n<p style=\"text-align: center\">Prairie \u00e0 molinie et sa ch\u00eanaie p\u00e9doncul\u00e9e acidiphile<\/p>\n<p>[\/vc_column_text][\/vc_column][vc_column width=\u00a0\u00bb1\/3&Prime;][vc_single_image image=\u00a0\u00bb5316&Prime; img_size=\u00a0\u00bbfull\u00a0\u00bb alignment=\u00a0\u00bbcenter\u00a0\u00bb][vc_column_text]<\/p>\n<p style=\"text-align: center\">Prairie \u00e0 molinie<\/p>\n<p>[\/vc_column_text][\/vc_column][vc_column width=\u00a0\u00bb1\/3&Prime;][vc_single_image image=\u00a0\u00bb5317&Prime; img_size=\u00a0\u00bbfull\u00a0\u00bb alignment=\u00a0\u00bbcenter\u00a0\u00bb][vc_column_text]<\/p>\n<p style=\"text-align: center\">La lande humide \u00e0 bruy\u00e8re \u00e0 quatre angles<\/p>\n<p>[\/vc_column_text][\/vc_column][\/vc_row][vc_row][vc_column][vc_empty_space][vc_single_image image=\u00a0\u00bb5315&Prime; img_size=\u00a0\u00bbfull\u00a0\u00bb alignment=\u00a0\u00bbcenter\u00a0\u00bb][vc_empty_space][vc_column_text]<\/p>\n<ul>\n<li>Pr\u00e9sence d\u2019esp\u00e8ces v\u00e9g\u00e9tales prot\u00e9g\u00e9es comme le saule rampant (<em>Salix repens<\/em>), la gentiane pneumonanthe (<em>Gentiana pneumonanthe<\/em>), la pilulaire \u00e0 globules (<em>Pilularia globulifera<\/em>), la bruy\u00e8re \u00e0 quatre angles (<em>Erica tetralix<\/em>), l\u2019orchis l\u00e2che (<em>Orchis laxiflora<\/em>) et l\u2019orchis de mai (<em>Dactylorhiza majalis<\/em>).\u00a0: Pr\u00e9sence d\u2019habitats menac\u00e9s\u00a0comme la prairie humide \u00e0 Molinie, la Ch\u00eanaie p\u00e9doncul\u00e9e acidiphile \u00e0 molinie bleu, la lande humide \u00e0 bruy\u00e8re \u00e0 quatre angles et la m\u00e9gaphorbiaie, communaut\u00e9 \u00e0 reine des pr\u00e9s.<\/li>\n<\/ul>\n<p>[\/vc_column_text][vc_empty_space][\/vc_column][\/vc_row][vc_row][vc_column width=\u00a0\u00bb1\/3&Prime;][vc_single_image image=\u00a0\u00bb5323&Prime; img_size=\u00a0\u00bbfull\u00a0\u00bb alignment=\u00a0\u00bbcenter\u00a0\u00bb][vc_column_text]<\/p>\n<p style=\"text-align: center\">Reine des pr\u00e9s<\/p>\n<p>[\/vc_column_text][vc_empty_space][\/vc_column][vc_column width=\u00a0\u00bb1\/3&Prime;][vc_single_image image=\u00a0\u00bb5324&Prime; img_size=\u00a0\u00bbfull\u00a0\u00bb alignment=\u00a0\u00bbcenter\u00a0\u00bb][vc_column_text]<\/p>\n<p style=\"text-align: center\">Orchis de mai<\/p>\n<p>[\/vc_column_text][vc_empty_space][\/vc_column][vc_column width=\u00a0\u00bb1\/3&Prime;][vc_single_image image=\u00a0\u00bb5325&Prime; img_size=\u00a0\u00bbfull\u00a0\u00bb alignment=\u00a0\u00bbcenter\u00a0\u00bb][vc_column_text]<\/p>\n<p style=\"text-align: center\">Orchis l\u00e2che<\/p>\n<p>[\/vc_column_text][vc_empty_space][\/vc_column][\/vc_row][vc_row][vc_column width=\u00a0\u00bb1\/2&Prime;][vc_single_image image=\u00a0\u00bb5326&Prime; img_size=\u00a0\u00bbfull\u00a0\u00bb alignment=\u00a0\u00bbcenter\u00a0\u00bb][vc_column_text]<\/p>\n<p style=\"text-align: center\">Bruy\u00e8re \u00e0 4 angles<\/p>\n<p>[\/vc_column_text][\/vc_column][vc_column width=\u00a0\u00bb1\/2&Prime;][vc_single_image image=\u00a0\u00bb5327&Prime; img_size=\u00a0\u00bbfull\u00a0\u00bb alignment=\u00a0\u00bbcenter\u00a0\u00bb][vc_column_text]<\/p>\n<p style=\"text-align: center\">Saule rampant<\/p>\n<p>[\/vc_column_text][\/vc_column][\/vc_row][vc_row][vc_column][vc_empty_space][vc_column_text]Pr\u00e9sence d\u2019une faune remarquable et prot\u00e9g\u00e9e comme le crapaud sonneur \u00e0 ventre jaune (<em>Bombina variegata<\/em>), le cuivr\u00e9 des marais (<em>Lycanea dispar<\/em>), le criquet ensanglant\u00e9 (<em>Stetophyma grossum<\/em>), le conoc\u00e9phale des roseaux (<em>Conocephalus dorsalis<\/em>), le <em>Mycetophagus popul<\/em>i (Insecte myc\u00e9tophage : qui se nourrit de champignons) et le <em>Pinthaeus sanguinipes<\/em> (famille des punaises).[\/vc_column_text][vc_empty_space][\/vc_column][\/vc_row][vc_row][vc_column width=\u00a0\u00bb1\/2&Prime;][vc_single_image image=\u00a0\u00bb5329&Prime; img_size=\u00a0\u00bbfull\u00a0\u00bb alignment=\u00a0\u00bbcenter\u00a0\u00bb][vc_column_text]<\/p>\n<p style=\"text-align: center\">Le sonneur \u00e0 ventre jaune, vu de dessus<\/p>\n<p>[\/vc_column_text][vc_empty_space][\/vc_column][vc_column width=\u00a0\u00bb1\/2&Prime;][vc_single_image image=\u00a0\u00bb5330&Prime; img_size=\u00a0\u00bbfull\u00a0\u00bb alignment=\u00a0\u00bbcenter\u00a0\u00bb][vc_column_text]<\/p>\n<p style=\"text-align: center\">Le sonneur \u00e0 ventre jaune, vu de dessous<\/p>\n<p>[\/vc_column_text][vc_empty_space][\/vc_column][\/vc_row][vc_row][vc_column width=\u00a0\u00bb1\/2&Prime;][vc_single_image image=\u00a0\u00bb5331&Prime; img_size=\u00a0\u00bbfull\u00a0\u00bb alignment=\u00a0\u00bbcenter\u00a0\u00bb][vc_column_text]<\/p>\n<p style=\"text-align: center\">Conoc\u00e9phale des roseaux<\/p>\n<p>[\/vc_column_text][vc_empty_space][\/vc_column][vc_column width=\u00a0\u00bb1\/2&Prime;][vc_single_image image=\u00a0\u00bb5332&Prime; img_size=\u00a0\u00bbfull\u00a0\u00bb alignment=\u00a0\u00bbcenter\u00a0\u00bb][vc_column_text]<\/p>\n<p style=\"text-align: center\">Criquet ensanglant\u00e9e<\/p>\n<p>[\/vc_column_text][vc_empty_space][\/vc_column][\/vc_row][vc_row][vc_column][vc_column_text][\/vc_column_text][vc_column_text][\/vc_column_text][vc_column_text][\/vc_column_text][vc_empty_space][vc_column_text]\u2013 <em><u>La volont\u00e9 commune<\/u><\/em> de la F\u00e9d\u00e9ration D\u00e9partementale des Chasseurs du Cher et du Conseil D\u00e9partemental du Cher est de d\u00e9velopper la vocation p\u00e9dagogique et l\u2019accueil du public.<\/p>\n<p>&nbsp;<\/p>\n<p>&nbsp;<\/p>\n<p><strong><u>L\u2019int\u00e9r\u00eat de ce classement\u00a0:<\/u><\/strong><\/p>\n<p>Le classement du Territoire des Places en ENS est une opportunit\u00e9 pour la F\u00e9d\u00e9ration D\u00e9partementale des Chasseurs du Cher pour\u00a0:<\/p>\n<p>&nbsp;<\/p>\n<p>\u2013 Am\u00e9nager le site et d\u00e9velopper sa vocation p\u00e9dagogique,<\/p>\n<p>\u2013 Sensibiliser le public \u00e0 la biodiversit\u00e9,<\/p>\n<p>\u2013 Faire conna\u00eetre l\u2019action des chasseurs sur la gestion des habitats.<\/p>\n<p>&nbsp;<\/p>\n<p><strong><u><img loading=\"lazy\" decoding=\"async\" class=\"size-full wp-image-5292 alignright\" src=\"https:\/\/www.chasseurducentrevaldeloire.fr\/fdc18\/wp-content\/uploads\/sites\/5\/2021\/12\/20160126_165251-169x300-1.jpg\" alt=\"\" width=\"169\" height=\"300\" \/>Sentier de d\u00e9couverte pour tous<\/u><\/strong>\u00a0:<\/p>\n<p>Un sentier de d\u00e9couverte des zones humides a \u00e9t\u00e9 cr\u00e9\u00e9, faisant deux boucles de 1,5 km chacune. Son objectif est de sensibiliser le public \u00e0\u00a0:<\/p>\n<p>\u2013 La richesse \u00e9cologique des milieux humides,<\/p>\n<p>\u2013 La pr\u00e9servation des richesses naturelles existantes,<\/p>\n<p>\u2013 La gestion durable des biotopes n\u00e9cessaires aux esp\u00e8ces inf\u00e9od\u00e9es.<\/p>\n<p>Le sentier th\u00e9matique a \u00e9t\u00e9 inaugur\u00e9 le 20 mai 2016, en pr\u00e9sence de Michel Autissier, pr\u00e9sident du Conseil D\u00e9partemental du Cher, de Jean-Claude Morin, vice-pr\u00e9sident charg\u00e9 de l\u2019agriculture et de l\u2019environnement et de Fran\u00e7ois-Hugues de Champs, pr\u00e9sident de la F\u00e9d\u00e9ration d\u00e9partementale des chasseurs du Cher.<\/p>\n<p>&nbsp;<\/p>\n<p><img loading=\"lazy\" decoding=\"async\" class=\"size-full wp-image-5293 aligncenter\" src=\"https:\/\/www.chasseurducentrevaldeloire.fr\/fdc18\/wp-content\/uploads\/sites\/5\/2021\/12\/Photo047-300x200-1.jpg\" alt=\"\" width=\"300\" height=\"200\" \/><\/p>\n<p style=\"text-align: center\">Cr\u00e9dit : CD18<\/p>\n<div class=\"vc_row wpb_row vc_row-fluid qodef-section qodef-content-aligment-left\">\n<div class=\"clearfix qodef-full-section-inner\">\n<div class=\"wpb_column vc_column_container vc_col-sm-12\">\n<div class=\"vc_column-inner\">\n<div class=\"wpb_wrapper\">\n<div class=\"wpb_text_column wpb_content_element \">\n<div class=\"wpb_wrapper\"><\/div>\n<\/div>\n<\/div>\n<\/div>\n<\/div>\n<\/div>\n<\/div>\n<p>[\/vc_column_text][vc_empty_space][vc_single_image image=\u00a0\u00bb5275&Prime; img_size=\u00a0\u00bbfull\u00a0\u00bb alignment=\u00a0\u00bbcenter\u00a0\u00bb][\/vc_column][\/vc_row][vc_row][vc_column][vc_empty_space][vc_column_text]<\/p>\n<div>\n<div class=\"vc_row wpb_row vc_row-fluid qodef-section qodef-content-aligment-left\">\n<div class=\"clearfix qodef-full-section-inner\">\n<div class=\"wpb_column vc_column_container vc_col-sm-12\">\n<div class=\"vc_column-inner\">\n<div class=\"wpb_wrapper\">\n<div class=\"wpb_text_column wpb_content_element \">\n<div class=\"wpb_wrapper\">\n<p><strong>Le site est ouvert au public depuis le 3 juillet 2016<br \/>\n<\/strong><\/p>\n<p>&nbsp;<\/p>\n<p>Un topoguide, livret disponible \u00e0 l\u2019accueil du site, permettra de d\u00e9couvrir, station par station \u00e0 l\u2019aide de bornes num\u00e9rot\u00e9es, toute la richesse des zones humides.<\/p>\n<p>&nbsp;<\/p>\n<p>T\u00e9l\u00e9chargez le <strong><a href=\"https:\/\/www.calameo.com\/read\/004480701c4508e27d1b9\" target=\"_blank\" rel=\"noopener noreferrer\"><u><span style=\"color: #71beb8\">topoguide<\/span><\/u><\/a><\/strong><u><\/u><\/p>\n<\/div>\n<\/div>\n<\/div>\n<\/div>\n<\/div>\n<\/div>\n<\/div>\n<div class=\"vc_empty_space\"><\/div>\n<p>&nbsp;<\/p>\n<p>&nbsp;<\/p>\n<\/div>\n<div>\n<div class=\"wpb_column vc_column_container vc_col-sm-12\">\n<div class=\"vc_column-inner\">\n<div class=\"wpb_wrapper\">\n<div class=\"wpb_text_column wpb_content_element \">\n<div class=\"wpb_wrapper\">\n<p><img loading=\"lazy\" decoding=\"async\" class=\"wp-image-5294 alignright\" src=\"https:\/\/www.chasseurducentrevaldeloire.fr\/fdc18\/wp-content\/uploads\/sites\/5\/2021\/12\/Mascotte-300x219-1.jpg\" alt=\"\" width=\"168\" height=\"123\" \/>La b\u00e9casse des bois, esp\u00e8ce pr\u00e9sente sur le site de novembre \u00e0 mars, a \u00e9t\u00e9 choisie pour repr\u00e9senter l\u2019ENS du Territoire des Places. Elle guide le visiteur le long du sentier de d\u00e9couverte.<\/p>\n<\/div>\n<\/div>\n<\/div>\n<\/div>\n<\/div>\n<\/div>\n<p>[\/vc_column_text][vc_empty_space][vc_column_text]<img loading=\"lazy\" decoding=\"async\" class=\"size-full wp-image-5295 alignleft\" src=\"https:\/\/www.chasseurducentrevaldeloire.fr\/fdc18\/wp-content\/uploads\/sites\/5\/2021\/12\/sortie-300x200-1.jpg\" alt=\"\" width=\"300\" height=\"200\" \/>\u00a0Retrouvez toutes nos animations propos\u00e9es sur l\u2019Espace Naturel Sensible du Territoire des Places sur le site internet \u00ab\u00a0Que faire sur les ENS\u00a0?\u00a0\u00bb du Conseil D\u00e9partemental du Cher\u00a0:<\/p>\n<ul>\n<li><a href=\"https:\/\/www.departement18.fr\/Que-faire-sur-les-ENS\" target=\"_blank\" rel=\"noopener\">https:\/\/www.departement18.fr\/Que-faire-sur-les-ENS<\/a><\/li>\n<\/ul>\n<p>Ou bien contactez la F\u00e9d\u00e9ration D\u00e9partementale des Chasseurs du Cher pour une visite guid\u00e9e du site. Visites pour des scolaires ou des groupes, seulement sur r\u00e9servation :<\/p>\n<p>Mail : <a href=\"mailto:fdc18@chasseurdefrance.com\">fdc18@chasseurdefrance.com<\/a><\/p>\n<p>T\u00e9l. : 02 48 50 05 29[\/vc_column_text][\/vc_column][\/vc_row]<\/p>\n","protected":false},"excerpt":{"rendered":"<p>[vc_row][vc_column][vc_column_text]L\u2019Espace Naturel Sensible du \u00ab\u00a0Territoire des Places\u00a0\u00bb &nbsp; &nbsp; Qu\u2019est ce qu\u2019un Espace Naturel Sensible ? Un ENS est un \u00ab site naturel remarquable reconnu pour ces caract\u00e9ristiques \u00e9cologiques et\/ou paysag\u00e8res qu\u2019il est n\u00e9cessaire de pr\u00e9server et de valoriser aupr\u00e8s du public \u00bb.[\/vc_column_text][\/vc_column][\/vc_row][vc_row][vc_column][vc_raw_html]JTNDaWZyYW1lJTIwd2lkdGglM0QlMjI1NjAlMjIlMjBoZWlnaHQlM0QlMjIzMTUlMjIlMjBzcmMlM0QlMjJodHRwcyUzQSUyRiUyRnd3dy55b3V0dWJlLmNvbSUyRmVtYmVkJTJGcDg4c3VNWnp6eG8lMjIlMjBmcmFtZWJvcmRlciUzRCUyMjAlMjIlMjBhbGxvdyUzRCUyMmFjY2VsZXJvbWV0ZXIlM0IlMjBhdXRvcGxheSUzQiUyMGVuY3J5cHRlZC1tZWRpYSUzQiUyMGd5cm9zY29wZSUzQiUyMHBpY3R1cmUtaW4tcGljdHVyZSUyMiUyMGFsbG93ZnVsbHNjcmVlbiUzRSUzQyUyRmlmcmFtZSUzRQ==[\/vc_raw_html][vc_empty_space][\/vc_column][\/vc_row][vc_row][vc_column][vc_column_text]Situ\u00e9 sur la&#8230;<\/p>\n","protected":false},"author":6,"featured_media":0,"parent":0,"menu_order":0,"comment_status":"closed","ping_status":"closed","template":"","meta":{"_acf_changed":false,"inline_featured_image":false,"_exactmetrics_skip_tracking":false,"_exactmetrics_sitenote_active":false,"_exactmetrics_sitenote_note":"","_exactmetrics_sitenote_category":0,"footnotes":""},"class_list":["post-5265","page","type-page","status-publish","hentry"],"acf":[],"publishpress_future_action":{"enabled":false,"date":"2026-04-18 13:16:16","action":"change-status","newStatus":"draft","terms":[],"taxonomy":"","extraData":[]},"publishpress_future_workflow_manual_trigger":{"enabledWorkflows":[]},"_links":{"self":[{"href":"https:\/\/www.save.chasseurducentrevaldeloire.fr\/fdc18\/wp-json\/wp\/v2\/pages\/5265","targetHints":{"allow":["GET"]}}],"collection":[{"href":"https:\/\/www.save.chasseurducentrevaldeloire.fr\/fdc18\/wp-json\/wp\/v2\/pages"}],"about":[{"href":"https:\/\/www.save.chasseurducentrevaldeloire.fr\/fdc18\/wp-json\/wp\/v2\/types\/page"}],"author":[{"embeddable":true,"href":"https:\/\/www.save.chasseurducentrevaldeloire.fr\/fdc18\/wp-json\/wp\/v2\/users\/6"}],"replies":[{"embeddable":true,"href":"https:\/\/www.save.chasseurducentrevaldeloire.fr\/fdc18\/wp-json\/wp\/v2\/comments?post=5265"}],"version-history":[{"count":21,"href":"https:\/\/www.save.chasseurducentrevaldeloire.fr\/fdc18\/wp-json\/wp\/v2\/pages\/5265\/revisions"}],"predecessor-version":[{"id":6174,"href":"https:\/\/www.save.chasseurducentrevaldeloire.fr\/fdc18\/wp-json\/wp\/v2\/pages\/5265\/revisions\/6174"}],"wp:attachment":[{"href":"https:\/\/www.save.chasseurducentrevaldeloire.fr\/fdc18\/wp-json\/wp\/v2\/media?parent=5265"}],"curies":[{"name":"wp","href":"https:\/\/api.w.org\/{rel}","templated":true}]}}