{"id":3581,"date":"2018-10-16T15:22:32","date_gmt":"2018-10-16T13:22:32","guid":{"rendered":"https:\/\/www.chasseurducentrevaldeloire.fr\/fdc18\/?page_id=3581"},"modified":"2023-04-21T10:09:36","modified_gmt":"2023-04-21T08:09:36","slug":"site-de-morogues-2","status":"publish","type":"page","link":"https:\/\/www.save.chasseurducentrevaldeloire.fr\/fdc18\/site-de-morogues-2\/","title":{"rendered":"Site de Morogues et ses formations"},"content":{"rendered":"<p>[vc_row][vc_column][vc_column_text]<strong><u>Espace Naturel Sensible du Territoire des Places<\/u><\/strong><\/p>\n<p>&nbsp;<\/p>\n<p><strong><u><img loading=\"lazy\" decoding=\"async\" class=\"alignleft wp-image-5996 size-medium\" src=\"https:\/\/www.chasseurducentrevaldeloire.fr\/fdc18\/wp-content\/uploads\/sites\/5\/2023\/04\/2023_03_pma_ENS_charte_logo_escapades_nature_blc_vert-300x185.png\" alt=\"\" width=\"300\" height=\"185\" srcset=\"https:\/\/www.save.chasseurducentrevaldeloire.fr\/fdc18\/wp-content\/uploads\/sites\/5\/2023\/04\/2023_03_pma_ENS_charte_logo_escapades_nature_blc_vert-300x185.png 300w, https:\/\/www.save.chasseurducentrevaldeloire.fr\/fdc18\/wp-content\/uploads\/sites\/5\/2023\/04\/2023_03_pma_ENS_charte_logo_escapades_nature_blc_vert-1024x631.png 1024w, https:\/\/www.save.chasseurducentrevaldeloire.fr\/fdc18\/wp-content\/uploads\/sites\/5\/2023\/04\/2023_03_pma_ENS_charte_logo_escapades_nature_blc_vert-768x473.png 768w, https:\/\/www.save.chasseurducentrevaldeloire.fr\/fdc18\/wp-content\/uploads\/sites\/5\/2023\/04\/2023_03_pma_ENS_charte_logo_escapades_nature_blc_vert-1536x947.png 1536w, https:\/\/www.save.chasseurducentrevaldeloire.fr\/fdc18\/wp-content\/uploads\/sites\/5\/2023\/04\/2023_03_pma_ENS_charte_logo_escapades_nature_blc_vert-2048x1262.png 2048w\" sizes=\"auto, (max-width: 300px) 100vw, 300px\" \/>Qu\u2019est ce qu\u2019un Espace Naturel Sensible ?<\/u><\/strong><\/p>\n<p>Un ENS est un \u00ab site naturel remarquable reconnu pour ces caract\u00e9ristiques \u00e9cologiques et\/ou paysag\u00e8res qu\u2019il est n\u00e9cessaire de pr\u00e9server et de valoriser aupr\u00e8s du public \u00bb.<\/p>\n<p>&nbsp;<\/p>\n<p>Sur cet espace naturel sensible, (FDC18 qui est le gestionnaire), une zone est d\u00e9di\u00e9e \u00e0 la formation et \u00e0 l\u2019examen du permis de chasser. Il y a \u00e9galement une zone o\u00f9 se situe un sentier de pi\u00e9geage qui sert de d\u00e9monstration lors des formations pi\u00e9geages. Le cumul des deux zones correspond \u00e0 3 Hectares sur les 108 de l\u2019Espace Naturel Sensible.<\/p>\n<p>Pour visualiser et connaitre notre Espace Naturel Sensible et d\u00e9couvrir ses sentiers p\u00e9dagogiques continuer vers ce <a href=\"https:\/\/www.chasseurducentrevaldeloire.fr\/fdc18\/espace-naturel-sensible-de-morogues\/\" target=\"_blank\" rel=\"noopener\"><strong>lien<\/strong> <\/a><\/p>\n<p>&nbsp;<\/p>\n<p>&nbsp;<\/p>\n<p><img loading=\"lazy\" decoding=\"async\" class=\"aligncenter wp-image-5262 size-large\" src=\"https:\/\/www.chasseurducentrevaldeloire.fr\/fdc18\/wp-content\/uploads\/sites\/5\/2021\/12\/ENS-1024x714.png\" alt=\"\" width=\"1024\" height=\"714\" srcset=\"https:\/\/www.save.chasseurducentrevaldeloire.fr\/fdc18\/wp-content\/uploads\/sites\/5\/2021\/12\/ENS-1024x714.png 1024w, https:\/\/www.save.chasseurducentrevaldeloire.fr\/fdc18\/wp-content\/uploads\/sites\/5\/2021\/12\/ENS-300x209.png 300w, https:\/\/www.save.chasseurducentrevaldeloire.fr\/fdc18\/wp-content\/uploads\/sites\/5\/2021\/12\/ENS-768x535.png 768w, https:\/\/www.save.chasseurducentrevaldeloire.fr\/fdc18\/wp-content\/uploads\/sites\/5\/2021\/12\/ENS.png 1443w\" sizes=\"auto, (max-width: 1024px) 100vw, 1024px\" \/><\/p>\n<p>&nbsp;<\/p>\n<p>&nbsp;<\/p>\n<p>Les Formations (o\u00f9 la FDC18 est gestionnaire) se d\u00e9roulant sur le territoire des places \u00e0 Morogues sont :<\/p>\n<p>&nbsp;<\/p>\n<ul>\n<li>Chasse \u00e0 l\u2019arc (<a href=\"https:\/\/www.chasseurducentrevaldeloire.fr\/fdc18\/chasse-a-larc\/\" target=\"_blank\" rel=\"noopener\"><span style=\"color: #71beb8\"><strong>https:\/\/www.chasseurducentrevaldeloire.fr\/fdc18\/chasse-a-larc\/<\/strong><\/span><\/a>)<\/li>\n<li>Chasse accompagn\u00e9e (<span style=\"color: #71beb8\"><strong><a style=\"color: #71beb8\" href=\"https:\/\/www.chasseurducentrevaldeloire.fr\/fdc18\/chasse-accompagnee\/\" target=\"_blank\" rel=\"noopener\">https:\/\/www.chasseurducentrevaldeloire.fr\/fdc18\/chasse-accompagnee\/<\/a><\/strong><\/span>)<\/li>\n<li>Gardes (<a href=\"https:\/\/www.chasseurducentrevaldeloire.fr\/fdc18\/gardes\/\" target=\"_blank\" rel=\"noopener\"><span style=\"color: #71beb8\"><strong>https:\/\/www.chasseurducentrevaldeloire.fr\/fdc18\/gardes\/<\/strong><\/span><\/a>)<\/li>\n<li>Permis de chasser (<span style=\"color: #71beb8\"><strong><a style=\"color: #71beb8\" href=\"https:\/\/www.chasseurducentrevaldeloire.fr\/fdc18\/permis-de-chasser-a-0-e\/\" target=\"_blank\" rel=\"noopener\">https:\/\/www.chasseurducentrevaldeloire.fr\/fdc18\/permis-de-chasser-a-0-e\/<\/a><\/strong><\/span>)<\/li>\n<li>Pi\u00e9geage\u00a0: agr\u00e9ment (<a href=\"https:\/\/www.chasseurducentrevaldeloire.fr\/fdc18\/agrement-des-piegeurs\/\" target=\"_blank\" rel=\"noopener\"><strong><span style=\"color: #71beb8\">https:\/\/www.chasseurducentrevaldeloire.fr\/fdc18\/agrement-des-piegeurs\/<\/span><\/strong><\/a>) \/ Recyclage (<a href=\"https:\/\/www.chasseurducentrevaldeloire.fr\/fdc18\/recyclage-de-piegeage\/\" target=\"_blank\" rel=\"noopener\"><span style=\"color: #71beb8\"><strong>https:\/\/www.chasseurducentrevaldeloire.fr\/fdc18\/recyclage-de-piegeage\/<\/strong><\/span><\/a>)<\/li>\n<li>S\u00e9curit\u00e9 (<strong><span style=\"color: #71beb8\"><a style=\"color: #71beb8\" href=\"https:\/\/www.chasseurducentrevaldeloire.fr\/fdc18\/formation-securite-a-la-chasse\/\" target=\"_blank\" rel=\"noopener\">https:\/\/www.chasseurducentrevaldeloire.fr\/fdc18\/formation-securite-a-la-chasse\/<\/a><\/span><\/strong>)<\/li>\n<li>Formation chasse et destruction \u00e0 tir des corvid\u00e9s (<span style=\"color: #71beb8\"><strong><a style=\"color: #71beb8\" href=\"https:\/\/www.chasseurducentrevaldeloire.fr\/fdc18\/formation-chasse-et-destruction-a-tir-des-corvides\/\" target=\"_blank\" rel=\"noopener\">https:\/\/www.chasseurducentrevaldeloire.fr\/fdc18\/formation-chasse-et-destruction-a-tir-des-corvides\/<\/a><\/strong><\/span>)<\/li>\n<\/ul>\n<p>&nbsp;<\/p>\n<p>Les autres formations ne se d\u00e9roulant pas sur le site de Morogues sont \u00e0 d\u00e9couvrir via ces liens\u00a0:<\/p>\n<p>&nbsp;<\/p>\n<ul>\n<li>Venaison (<span style=\"color: #71beb8\"><strong><a style=\"color: #71beb8\" href=\"https:\/\/www.chasseurducentrevaldeloire.fr\/fdc18\/formation-venaison\/\" target=\"_blank\" rel=\"noopener\">https:\/\/www.chasseurducentrevaldeloire.fr\/fdc18\/formation-venaison\/<\/a><\/strong><\/span>)<\/li>\n<li>S\u00e9curit\u00e9 (<strong><span style=\"color: #71beb8\"><a style=\"color: #71beb8\" href=\"https:\/\/www.chasseurducentrevaldeloire.fr\/fdc18\/formation-securite-a-la-chasse\/\" target=\"_blank\" rel=\"noopener\">https:\/\/www.chasseurducentrevaldeloire.fr\/fdc18\/formation-securite-a-la-chasse\/<\/a><\/span><\/strong>)<\/li>\n<\/ul>\n<p>&nbsp;<\/p>\n<p>Autres formations\u00a0: (<span style=\"color: #71beb8\"><strong><a style=\"color: #71beb8\" href=\"https:\/\/www.chasseurducentrevaldeloire.fr\/fdc18\/autres-formations\/\" target=\"_blank\" rel=\"noopener\">https:\/\/www.chasseurducentrevaldeloire.fr\/fdc18\/autres-formations\/<\/a><\/strong><\/span>)[\/vc_column_text][\/vc_column][\/vc_row]<\/p>\n","protected":false},"excerpt":{"rendered":"<p>[vc_row][vc_column][vc_column_text]Espace Naturel Sensible du Territoire des Places &nbsp; Qu\u2019est ce qu\u2019un Espace Naturel Sensible ? Un ENS est un \u00ab site naturel remarquable reconnu pour ces caract\u00e9ristiques \u00e9cologiques et\/ou paysag\u00e8res qu\u2019il est n\u00e9cessaire de pr\u00e9server et de valoriser aupr\u00e8s du public \u00bb. &nbsp; Sur cet&#8230;<\/p>\n","protected":false},"author":6,"featured_media":0,"parent":0,"menu_order":0,"comment_status":"closed","ping_status":"closed","template":"","meta":{"_acf_changed":false,"inline_featured_image":false,"_exactmetrics_skip_tracking":false,"_exactmetrics_sitenote_active":false,"_exactmetrics_sitenote_note":"","_exactmetrics_sitenote_category":0,"footnotes":""},"class_list":["post-3581","page","type-page","status-publish","hentry"],"acf":[],"publishpress_future_action":{"enabled":false,"date":"2026-04-18 12:16:32","action":"change-status","newStatus":"draft","terms":[],"taxonomy":"","extraData":[]},"publishpress_future_workflow_manual_trigger":{"enabledWorkflows":[]},"_links":{"self":[{"href":"https:\/\/www.save.chasseurducentrevaldeloire.fr\/fdc18\/wp-json\/wp\/v2\/pages\/3581","targetHints":{"allow":["GET"]}}],"collection":[{"href":"https:\/\/www.save.chasseurducentrevaldeloire.fr\/fdc18\/wp-json\/wp\/v2\/pages"}],"about":[{"href":"https:\/\/www.save.chasseurducentrevaldeloire.fr\/fdc18\/wp-json\/wp\/v2\/types\/page"}],"author":[{"embeddable":true,"href":"https:\/\/www.save.chasseurducentrevaldeloire.fr\/fdc18\/wp-json\/wp\/v2\/users\/6"}],"replies":[{"embeddable":true,"href":"https:\/\/www.save.chasseurducentrevaldeloire.fr\/fdc18\/wp-json\/wp\/v2\/comments?post=3581"}],"version-history":[{"count":29,"href":"https:\/\/www.save.chasseurducentrevaldeloire.fr\/fdc18\/wp-json\/wp\/v2\/pages\/3581\/revisions"}],"predecessor-version":[{"id":5998,"href":"https:\/\/www.save.chasseurducentrevaldeloire.fr\/fdc18\/wp-json\/wp\/v2\/pages\/3581\/revisions\/5998"}],"wp:attachment":[{"href":"https:\/\/www.save.chasseurducentrevaldeloire.fr\/fdc18\/wp-json\/wp\/v2\/media?parent=3581"}],"curies":[{"name":"wp","href":"https:\/\/api.w.org\/{rel}","templated":true}]}}