{"id":3280,"date":"2018-06-01T10:55:48","date_gmt":"2018-06-01T08:55:48","guid":{"rendered":"https:\/\/www.chasseurducentrevaldeloire.fr\/fdc18\/?page_id=3280"},"modified":"2023-04-21T10:10:59","modified_gmt":"2023-04-21T08:10:59","slug":"site-de-morogues","status":"publish","type":"page","link":"https:\/\/www.save.chasseurducentrevaldeloire.fr\/fdc18\/site-de-morogues\/","title":{"rendered":"ENS"},"content":{"rendered":"<p>[vc_row][vc_column][vc_column_text]<\/p>\n<p style=\"text-align: center\"><strong><u>Espace Naturel Sensible du Territoire des Places \u00e0 Morogues<br \/>\n<\/u><\/strong><\/p>\n<p>&nbsp;<\/p>\n<p><img loading=\"lazy\" decoding=\"async\" class=\"size-medium wp-image-5996 aligncenter\" src=\"https:\/\/www.chasseurducentrevaldeloire.fr\/fdc18\/wp-content\/uploads\/sites\/5\/2023\/04\/2023_03_pma_ENS_charte_logo_escapades_nature_blc_vert-300x185.png\" alt=\"\" width=\"300\" height=\"185\" srcset=\"https:\/\/www.save.chasseurducentrevaldeloire.fr\/fdc18\/wp-content\/uploads\/sites\/5\/2023\/04\/2023_03_pma_ENS_charte_logo_escapades_nature_blc_vert-300x185.png 300w, https:\/\/www.save.chasseurducentrevaldeloire.fr\/fdc18\/wp-content\/uploads\/sites\/5\/2023\/04\/2023_03_pma_ENS_charte_logo_escapades_nature_blc_vert-1024x631.png 1024w, https:\/\/www.save.chasseurducentrevaldeloire.fr\/fdc18\/wp-content\/uploads\/sites\/5\/2023\/04\/2023_03_pma_ENS_charte_logo_escapades_nature_blc_vert-768x473.png 768w, https:\/\/www.save.chasseurducentrevaldeloire.fr\/fdc18\/wp-content\/uploads\/sites\/5\/2023\/04\/2023_03_pma_ENS_charte_logo_escapades_nature_blc_vert-1536x947.png 1536w, https:\/\/www.save.chasseurducentrevaldeloire.fr\/fdc18\/wp-content\/uploads\/sites\/5\/2023\/04\/2023_03_pma_ENS_charte_logo_escapades_nature_blc_vert-2048x1262.png 2048w\" sizes=\"auto, (max-width: 300px) 100vw, 300px\" \/>[\/vc_column_text][vc_empty_space][vc_raw_html]JTNDaWZyYW1lJTIwd2lkdGglM0QlMjI1NjAlMjIlMjBoZWlnaHQlM0QlMjIzMTUlMjIlMjBzcmMlM0QlMjJodHRwcyUzQSUyRiUyRnd3dy55b3V0dWJlLmNvbSUyRmVtYmVkJTJGcDg4c3VNWnp6eG8lMjIlMjBmcmFtZWJvcmRlciUzRCUyMjAlMjIlMjBhbGxvdyUzRCUyMmFjY2VsZXJvbWV0ZXIlM0IlMjBhdXRvcGxheSUzQiUyMGVuY3J5cHRlZC1tZWRpYSUzQiUyMGd5cm9zY29wZSUzQiUyMHBpY3R1cmUtaW4tcGljdHVyZSUyMiUyMGFsbG93ZnVsbHNjcmVlbiUzRSUzQyUyRmlmcmFtZSUzRQ==[\/vc_raw_html][vc_empty_space][vc_column_text]<strong><u>Qu\u2019est ce qu\u2019un Espace Naturel Sensible ?<\/u><\/strong><\/p>\n<p>&nbsp;<\/p>\n<p>Un ENS est un \u00ab site naturel remarquable reconnu pour ces caract\u00e9ristiques \u00e9cologiques et\/ou paysag\u00e8res qu\u2019il est n\u00e9cessaire de pr\u00e9server et de valoriser aupr\u00e8s du public \u00bb.<\/p>\n<p>&nbsp;<\/p>\n<p>&nbsp;<\/p>\n<p>&nbsp;<\/p>\n<p><strong>L\u2019<a href=\"https:\/\/www.chasseurducentrevaldeloire.fr\/fdc18\/espace-naturel-sensible-de-morogues\/\" target=\"_blank\" rel=\"noopener\"><span style=\"color: #71beb8\">Espace Naturel Sensible du \u00ab\u00a0Territoire des Places\u00a0\u00bb<\/span><\/a><\/strong><\/p>\n<p>&nbsp;<\/p>\n<p>Situ\u00e9 sur la commune de Morogues, l\u2019ENS du Territoire des Places a \u00e9t\u00e9 acquis par la F\u00e9d\u00e9ration D\u00e9partementale des Chasseurs du Cher et La fondation pour la Protection des habitats de la Faune Sauvage en 2000.<\/p>\n<p>&nbsp;<\/p>\n<p>La F\u00e9d\u00e9ration des Chasseurs du Cher assure des journ\u00e9es p\u00e9dagogiques. C\u2019est \u00e0 bien diff\u00e9rencier avec les sentiers p\u00e9dagogiques qui sont \u00e0 parcourir en autonomie les dimanches et jours f\u00e9ri\u00e9s. (Voir \u00e0 Qui sommes-nous ? &#8211;&gt; <span style=\"color: #71beb8\"><a style=\"color: #71beb8\" href=\"https:\/\/www.chasseurducentrevaldeloire.fr\/fdc18\/espace-naturel-sensible-de-morogues\/\" target=\"_blank\" rel=\"noopener\"><strong>Espace Naturel Sensible de Morogues \u00e0 Sentier p\u00e9dagogique pour tous<\/strong><\/a><\/span>.<\/p>\n<p>&nbsp;<\/p>\n<p>Education \u00e0 la nature sur le site ENS de Morogues\u00a0:<\/p>\n<p>&nbsp;<\/p>\n<p>Nous accompagnons les scolaires et \u00e9tudiants du d\u00e9partement \u00e0 la d\u00e9couverte de la nature sur le Site ENS de Morogues. Les groupes vont de la maternelle jusqu\u2019au lyc\u00e9e.<\/p>\n<p>&nbsp;<\/p>\n<p>Nous leur faisons d\u00e9couvrir la faune et la flore pr\u00e9sentes, tout en mettant en valeur les habitats naturels pr\u00e9sents sur l\u2019ENS, que ce soit nos for\u00eats, nos prairies, nos landes ainsi que nos zones humides.<\/p>\n<p>&nbsp;<\/p>\n<p>Nous sommes \u00e0 leur \u00e9coute pour r\u00e9pondre \u00e0 leurs nombreuses et diverses questions lors de nos sorties terrains.<\/p>\n<p>&nbsp;<\/p>\n<p>La FDC18 est donc un des acteurs de la sensibilisation et de la transmission de savoir dans le domaine de l\u2019environnement dans notre d\u00e9partement.<\/p>\n<p>&nbsp;<\/p>\n<p>De 2004 \u00e0 2021 c\u2019est plus de <strong>3\u00a0000 \u00e9l\u00e8ves<\/strong>, (toute classe confondue du d\u00e9partement) qui ont pu visiter le Territoire des Places. Depuis la cr\u00e9ation de l\u2019Espace Naturel Sensible et l\u2019installation de sentiers p\u00e9dagogique nous accueillons davantage de scolaires, entre 15 \u00e0 20 classes, <strong>de mi-mars \u00e0 d\u00e9but d\u00e9cembre<\/strong>.<\/p>\n<p>&nbsp;<\/p>\n<p>Ces journ\u00e9es p\u00e9dagogiques ont des th\u00e8mes pr\u00e9cis. Ce sont les r\u00e9f\u00e9rents scolaires qui peuvent choisir les th\u00e8mes que nous aborderons, sachant que notre technicien en charge de l\u2019animation a aussi ses propres th\u00e8mes \u00e0 faire d\u00e9couvrir.<\/p>\n<p>&nbsp;<\/p>\n<p>\u00c9galement des chantiers-\u00e9coles peuvent \u00eatre propos\u00e9s, notamment avec le lyc\u00e9e agricole du d\u00e9partement.<\/p>\n<p>&nbsp;<\/p>\n<p>De plus, nous organisons en lien ou non avec le Conseil D\u00e9partemental <strong>des sorties grand public<\/strong> qui sont \u00e0 destination de tous. Exemple de sortie grand public\u00a0:<\/p>\n<ul>\n<li>Stage de photographie avec un photographe professionnel.<\/li>\n<li>Sortie inventaire avifaune et amphibiens.<\/li>\n<li>Sortie avec probl\u00e9matiques d\u00e9finies\u00a0: Comment la flore s\u2019adapte au changement climatique\u00a0? par exemple ect..<\/li>\n<li>Sortie chiropt\u00e8res (chauve-souris).<\/li>\n<li>Inventaire fonge (champignons) en partenariat avec une association mycologique.<\/li>\n<\/ul>\n<p><strong>Les annonces paraissent g\u00e9n\u00e9ralement dans le Berry r\u00e9publicain<\/strong>.[\/vc_column_text][\/vc_column][\/vc_row][vc_row][vc_column][vc_empty_space][\/vc_column][\/vc_row][vc_row][vc_column width=\u00a0\u00bb1\/2&Prime;][vc_single_image image=\u00a0\u00bb5280&Prime; img_size=\u00a0\u00bbmedium\u00a0\u00bb alignment=\u00a0\u00bbcenter\u00a0\u00bb][vc_column_text]<\/p>\n<p style=\"text-align: center\">Stage photo \u00e0 destination du grand public lors de l\u2019ann\u00e9e 2019, dans les locaux de Morogues.<\/p>\n<p>[\/vc_column_text][\/vc_column][vc_column width=\u00a0\u00bb1\/2&Prime;][vc_single_image image=\u00a0\u00bb5281&Prime; img_size=\u00a0\u00bbmedium\u00a0\u00bb alignment=\u00a0\u00bbcenter\u00a0\u00bb][vc_column_text]<\/p>\n<p style=\"text-align: center\">Chantier-\u00e9cole sur un foss\u00e9 envahi de ligneux, avec une classe du lyc\u00e9e agricole du Cher en 2018.<\/p>\n<p>[\/vc_column_text][\/vc_column][\/vc_row]<\/p>\n","protected":false},"excerpt":{"rendered":"<p>[vc_row][vc_column][vc_column_text] Espace Naturel Sensible du Territoire des Places \u00e0 Morogues &nbsp; [\/vc_column_text][vc_empty_space][vc_raw_html]JTNDaWZyYW1lJTIwd2lkdGglM0QlMjI1NjAlMjIlMjBoZWlnaHQlM0QlMjIzMTUlMjIlMjBzcmMlM0QlMjJodHRwcyUzQSUyRiUyRnd3dy55b3V0dWJlLmNvbSUyRmVtYmVkJTJGcDg4c3VNWnp6eG8lMjIlMjBmcmFtZWJvcmRlciUzRCUyMjAlMjIlMjBhbGxvdyUzRCUyMmFjY2VsZXJvbWV0ZXIlM0IlMjBhdXRvcGxheSUzQiUyMGVuY3J5cHRlZC1tZWRpYSUzQiUyMGd5cm9zY29wZSUzQiUyMHBpY3R1cmUtaW4tcGljdHVyZSUyMiUyMGFsbG93ZnVsbHNjcmVlbiUzRSUzQyUyRmlmcmFtZSUzRQ==[\/vc_raw_html][vc_empty_space][vc_column_text]Qu\u2019est ce qu\u2019un Espace Naturel Sensible ? &nbsp; Un ENS est un \u00ab site naturel remarquable reconnu pour ces caract\u00e9ristiques \u00e9cologiques et\/ou paysag\u00e8res qu\u2019il est n\u00e9cessaire de pr\u00e9server et de valoriser aupr\u00e8s du public&#8230;<\/p>\n","protected":false},"author":2,"featured_media":0,"parent":0,"menu_order":0,"comment_status":"closed","ping_status":"closed","template":"","meta":{"_acf_changed":false,"inline_featured_image":false,"_exactmetrics_skip_tracking":false,"_exactmetrics_sitenote_active":false,"_exactmetrics_sitenote_note":"","_exactmetrics_sitenote_category":0,"footnotes":""},"class_list":["post-3280","page","type-page","status-publish","hentry"],"acf":[],"publishpress_future_action":{"enabled":false,"date":"2026-04-18 12:24:39","action":"change-status","newStatus":"draft","terms":[],"taxonomy":"","extraData":[]},"publishpress_future_workflow_manual_trigger":{"enabledWorkflows":[]},"_links":{"self":[{"href":"https:\/\/www.save.chasseurducentrevaldeloire.fr\/fdc18\/wp-json\/wp\/v2\/pages\/3280","targetHints":{"allow":["GET"]}}],"collection":[{"href":"https:\/\/www.save.chasseurducentrevaldeloire.fr\/fdc18\/wp-json\/wp\/v2\/pages"}],"about":[{"href":"https:\/\/www.save.chasseurducentrevaldeloire.fr\/fdc18\/wp-json\/wp\/v2\/types\/page"}],"author":[{"embeddable":true,"href":"https:\/\/www.save.chasseurducentrevaldeloire.fr\/fdc18\/wp-json\/wp\/v2\/users\/2"}],"replies":[{"embeddable":true,"href":"https:\/\/www.save.chasseurducentrevaldeloire.fr\/fdc18\/wp-json\/wp\/v2\/comments?post=3280"}],"version-history":[{"count":32,"href":"https:\/\/www.save.chasseurducentrevaldeloire.fr\/fdc18\/wp-json\/wp\/v2\/pages\/3280\/revisions"}],"predecessor-version":[{"id":5999,"href":"https:\/\/www.save.chasseurducentrevaldeloire.fr\/fdc18\/wp-json\/wp\/v2\/pages\/3280\/revisions\/5999"}],"wp:attachment":[{"href":"https:\/\/www.save.chasseurducentrevaldeloire.fr\/fdc18\/wp-json\/wp\/v2\/media?parent=3280"}],"curies":[{"name":"wp","href":"https:\/\/api.w.org\/{rel}","templated":true}]}}