{"id":3247,"date":"2018-05-29T09:54:33","date_gmt":"2018-05-29T07:54:33","guid":{"rendered":"https:\/\/www.chasseurducentrevaldeloire.fr\/fdc18\/?page_id=3247"},"modified":"2025-08-07T11:05:04","modified_gmt":"2025-08-07T09:05:04","slug":"conseil-dadministration","status":"publish","type":"page","link":"https:\/\/www.save.chasseurducentrevaldeloire.fr\/fdc18\/conseil-dadministration\/","title":{"rendered":"Conseil d\u2019Administration"},"content":{"rendered":"<p>[vc_row][vc_column][vc_column_text]CONSEIL D\u2019ADMINISTRATION DE LA FEDERATION DES CHASSEURS DU CHER<\/p>\n<table width=\"831\">\n<tbody>\n<tr>\n<td width=\"245\">COTINEAU Jean-Claude<\/p>\n<p>Pr\u00e9sident<\/td>\n<\/tr>\n<tr>\n<td>AGENY Philippe<\/p>\n<p>Vice-Pr\u00e9sident<\/td>\n<\/tr>\n<tr>\n<td>de BUHREN Antoine<\/p>\n<p>Vice-Pr\u00e9sident<\/td>\n<\/tr>\n<tr>\n<td>DUBOIN Hugues<\/p>\n<p>Secr\u00e9taire<\/td>\n<\/tr>\n<tr>\n<td>RENIAUT Thomas<\/p>\n<p>Tr\u00e9sorier<\/td>\n<\/tr>\n<tr>\n<td>PICQ Laurent<\/p>\n<p>Tr\u00e9sorier Adjoint<\/td>\n<\/tr>\n<tr>\n<td>LUTREAU Jean-Pierre<\/td>\n<\/tr>\n<tr>\n<td>DUDRAGNE Alain<\/td>\n<\/tr>\n<tr>\n<td width=\"245\">COSSON Fabien<\/td>\n<\/tr>\n<tr>\n<td>EVEZARD Fr\u00e9d\u00e9ric<\/td>\n<\/tr>\n<tr>\n<td>LE BARILLIER Marceau<\/td>\n<\/tr>\n<tr>\n<td>AGIER Christelle<\/td>\n<\/tr>\n<tr>\n<td width=\"245\">VARENNE Jean-Marc<\/td>\n<\/tr>\n<tr>\n<td width=\"245\">SOURDILLE Paul<\/td>\n<\/tr>\n<\/tbody>\n<\/table>\n<p>[\/vc_column_text][\/vc_column][\/vc_row][vc_row][vc_column][vc_empty_space height=\u00a0\u00bb64px\u00a0\u00bb][\/vc_column][\/vc_row][vc_row][vc_column][vc_empty_space][\/vc_column][\/vc_row][vc_row][vc_column][\/vc_column][\/vc_row]<\/p>\n","protected":false},"excerpt":{"rendered":"<p>[vc_row][vc_column][vc_column_text]CONSEIL D\u2019ADMINISTRATION DE LA FEDERATION DES CHASSEURS DU CHER COTINEAU Jean-Claude Pr\u00e9sident AGENY Philippe Vice-Pr\u00e9sident de BUHREN Antoine Vice-Pr\u00e9sident DUBOIN Hugues Secr\u00e9taire RENIAUT Thomas Tr\u00e9sorier PICQ Laurent Tr\u00e9sorier Adjoint LUTREAU Jean-Pierre DUDRAGNE Alain COSSON Fabien EVEZARD Fr\u00e9d\u00e9ric LE BARILLIER Marceau AGIER Christelle VARENNE Jean-Marc SOURDILLE&#8230;<\/p>\n","protected":false},"author":2,"featured_media":0,"parent":0,"menu_order":0,"comment_status":"closed","ping_status":"closed","template":"","meta":{"_acf_changed":false,"inline_featured_image":false,"_exactmetrics_skip_tracking":false,"_exactmetrics_sitenote_active":false,"_exactmetrics_sitenote_note":"","_exactmetrics_sitenote_category":0,"footnotes":""},"class_list":["post-3247","page","type-page","status-publish","hentry"],"acf":[],"publishpress_future_action":{"enabled":false,"date":"2026-04-18 12:16:36","action":"change-status","newStatus":"draft","terms":[],"taxonomy":"","extraData":[]},"publishpress_future_workflow_manual_trigger":{"enabledWorkflows":[]},"_links":{"self":[{"href":"https:\/\/www.save.chasseurducentrevaldeloire.fr\/fdc18\/wp-json\/wp\/v2\/pages\/3247","targetHints":{"allow":["GET"]}}],"collection":[{"href":"https:\/\/www.save.chasseurducentrevaldeloire.fr\/fdc18\/wp-json\/wp\/v2\/pages"}],"about":[{"href":"https:\/\/www.save.chasseurducentrevaldeloire.fr\/fdc18\/wp-json\/wp\/v2\/types\/page"}],"author":[{"embeddable":true,"href":"https:\/\/www.save.chasseurducentrevaldeloire.fr\/fdc18\/wp-json\/wp\/v2\/users\/2"}],"replies":[{"embeddable":true,"href":"https:\/\/www.save.chasseurducentrevaldeloire.fr\/fdc18\/wp-json\/wp\/v2\/comments?post=3247"}],"version-history":[{"count":33,"href":"https:\/\/www.save.chasseurducentrevaldeloire.fr\/fdc18\/wp-json\/wp\/v2\/pages\/3247\/revisions"}],"predecessor-version":[{"id":6932,"href":"https:\/\/www.save.chasseurducentrevaldeloire.fr\/fdc18\/wp-json\/wp\/v2\/pages\/3247\/revisions\/6932"}],"wp:attachment":[{"href":"https:\/\/www.save.chasseurducentrevaldeloire.fr\/fdc18\/wp-json\/wp\/v2\/media?parent=3247"}],"curies":[{"name":"wp","href":"https:\/\/api.w.org\/{rel}","templated":true}]}}