{"id":3171,"date":"2018-05-18T11:52:43","date_gmt":"2018-05-18T09:52:43","guid":{"rendered":"https:\/\/www.chasseurducentrevaldeloire.fr\/fdc18\/?page_id=3171"},"modified":"2025-01-29T17:05:11","modified_gmt":"2025-01-29T16:05:11","slug":"formation-venaison","status":"publish","type":"page","link":"https:\/\/www.save.chasseurducentrevaldeloire.fr\/fdc18\/formation-venaison\/","title":{"rendered":"Formation \u00e0 l\u2019examen initial de la venaison"},"content":{"rendered":"<p>[vc_row][vc_column][vc_column_text]<\/p>\n<p class=\"x_MsoNormal\" data-olk-copy-source=\"MessageBody\">L\u2019examen initial de la venaison est obligatoire pour les chasseurs\u00a0qui commercialisent leur gibier sur le march\u00e9 local\u00a0; vendent leur gibier \u00e0 des n\u00e9gociants ou ateliers de traitement\u00a0; c\u00e8dent le gibier pour un repas de chasse ou un repas associatif. Cet \u00ab\u00a0examen initial\u00a0\u00bb du gibier doit \u00eatre assur\u00e9 par une personne du groupe de chasse form\u00e9e par la FDC 18. Il suffit d\u2019un responsable form\u00e9 par \u00e9quipe de chasseurs. Le partage convivial du gibier entre les chasseurs et leurs proches n\u2019est pas concern\u00e9.<\/p>\n<p class=\"x_MsoNormal\"><b>\u00a0<\/b><\/p>\n<p class=\"x_MsoNormal\"><b>AU PROGRAMME<\/b><\/p>\n<p class=\"x_MsoNormal\">\u2022 L\u2019examen initial de la venaison.<\/p>\n<p class=\"x_MsoNormal\">\u2022 Le risque trichine et le contr\u00f4le de la viande de sanglier.<\/p>\n<p class=\"x_MsoNormal\">\u2022 La r\u00e9alisation d\u2019une \u00e9visc\u00e9ration \u00ab\u00a0dans les r\u00e8gles de l\u2019art\u00a0\u00bb.<\/p>\n<p class=\"x_MsoNormal\">\u2022 Les recommandations en mati\u00e8re de bonnes pratiques d\u2019hygi\u00e8ne \u00ab\u00a0apr\u00e8s le coup de feu\u00a0\u00bb.<\/p>\n<p class=\"x_MsoNormal\">\u2022 La mise en \u0153uvre de la tra\u00e7abilit\u00e9.<\/p>\n<p class=\"x_MsoNormal\"><b>\u00a0<\/b><\/p>\n<p class=\"x_MsoNormal\"><b>SESSIONS\u00a02025<\/b><\/p>\n<p>&nbsp;<\/p>\n<p class=\"x_MsoNormal\">Vendredi 20 juin et vendredi 24 octobre apr\u00e8s-midi, au si\u00e8ge de la FDC\u00a018 (22 rue Charles Durand \u00e0 Bourges).<\/p>\n<p>&nbsp;<\/p>\n<p class=\"x_MsoNormal\">Pour que votre inscription soit enregistr\u00e9e, merci de r\u00e9gler directement en ligne 20 \u20ac (disponible sur votre espace adh\u00e9rent chasseur\u00a0\u00e0 ce lien\u00a0: <span style=\"color: #71beb8\"><strong><a style=\"color: #71beb8\" title=\"https:\/\/fdc18-2.retriever-ea.fr\/html\/Connexion.aspx\" href=\"https:\/\/fdc18-2.retriever-ea.fr\/html\/Connexion.aspx\" target=\"_blank\" rel=\"noopener noreferrer\" data-auth=\"NotApplicable\" data-linkindex=\"7\">https:\/\/fdc18-2.retriever-ea.fr\/html\/Connexion.aspx<\/a><\/strong><\/span>).<\/p>\n<p>&nbsp;<\/p>\n<p class=\"x_MsoNormal\"><b>Pour plus de renseignements, n\u2019h\u00e9sitez pas \u00e0 contacter Christophe BOUILLY, technicien de la F\u00e9d\u00e9ration en charge de cette formation au 06.87.68.78.11<\/b><\/p>\n<p>[\/vc_column_text][\/vc_column][\/vc_row]<\/p>\n","protected":false},"excerpt":{"rendered":"<p>[vc_row][vc_column][vc_column_text] L\u2019examen initial de la venaison est obligatoire pour les chasseurs\u00a0qui commercialisent leur gibier sur le march\u00e9 local\u00a0; vendent leur gibier \u00e0 des n\u00e9gociants ou ateliers de traitement\u00a0; c\u00e8dent le gibier pour un repas de chasse ou un repas associatif. Cet \u00ab\u00a0examen initial\u00a0\u00bb du gibier&#8230;<\/p>\n","protected":false},"author":2,"featured_media":0,"parent":0,"menu_order":0,"comment_status":"closed","ping_status":"closed","template":"","meta":{"_acf_changed":false,"inline_featured_image":false,"_exactmetrics_skip_tracking":false,"_exactmetrics_sitenote_active":false,"_exactmetrics_sitenote_note":"","_exactmetrics_sitenote_category":0,"footnotes":""},"class_list":["post-3171","page","type-page","status-publish","hentry"],"acf":[],"publishpress_future_action":{"enabled":false,"date":"2026-04-18 12:16:32","action":"change-status","newStatus":"draft","terms":[],"taxonomy":"","extraData":[]},"publishpress_future_workflow_manual_trigger":{"enabledWorkflows":[]},"_links":{"self":[{"href":"https:\/\/www.save.chasseurducentrevaldeloire.fr\/fdc18\/wp-json\/wp\/v2\/pages\/3171","targetHints":{"allow":["GET"]}}],"collection":[{"href":"https:\/\/www.save.chasseurducentrevaldeloire.fr\/fdc18\/wp-json\/wp\/v2\/pages"}],"about":[{"href":"https:\/\/www.save.chasseurducentrevaldeloire.fr\/fdc18\/wp-json\/wp\/v2\/types\/page"}],"author":[{"embeddable":true,"href":"https:\/\/www.save.chasseurducentrevaldeloire.fr\/fdc18\/wp-json\/wp\/v2\/users\/2"}],"replies":[{"embeddable":true,"href":"https:\/\/www.save.chasseurducentrevaldeloire.fr\/fdc18\/wp-json\/wp\/v2\/comments?post=3171"}],"version-history":[{"count":36,"href":"https:\/\/www.save.chasseurducentrevaldeloire.fr\/fdc18\/wp-json\/wp\/v2\/pages\/3171\/revisions"}],"predecessor-version":[{"id":6683,"href":"https:\/\/www.save.chasseurducentrevaldeloire.fr\/fdc18\/wp-json\/wp\/v2\/pages\/3171\/revisions\/6683"}],"wp:attachment":[{"href":"https:\/\/www.save.chasseurducentrevaldeloire.fr\/fdc18\/wp-json\/wp\/v2\/media?parent=3171"}],"curies":[{"name":"wp","href":"https:\/\/api.w.org\/{rel}","templated":true}]}}